{"id":2614,"date":"2025-12-30T10:25:24","date_gmt":"2025-12-30T10:25:24","guid":{"rendered":"https:\/\/eventkit.ch\/?post_type=resource&#038;p=2614"},"modified":"2026-03-23T16:47:46","modified_gmt":"2026-03-23T15:47:46","slug":"bezug-von-strom-aus-erneuerbaren-energien","status":"publish","type":"resource","link":"https:\/\/eventkit.ch\/?resource=bezug-von-strom-aus-erneuerbaren-energien","title":{"rendered":"Bezug von Strom aus erneuerbaren Energien\u00a0"},"content":{"rendered":"<p>Der Bezug von Strom aus erneuerbaren Energiequellen tr\u00e4gt wesentlich dazu bei, die Umweltbelastung der Veranstaltung zu reduzieren und gleichzeitig die Entwicklung nachhaltiger Energien zu f\u00f6rdern. So wird nicht nur der \u00f6kologische Fussabdruck der Veranstaltung verringert, sondern auch ein sichtbares Zeichen f\u00fcr verantwortungsbewusstes Handeln gesetzt.<\/p><h2 class=\"wp-block-heading\">Vor der Veranstaltung<\/h2><ul class=\"wp-block-list\"><li>Den\u00a0<strong>regionalen Stromanbieter kontaktieren<\/strong>\u00a0und sich \u00fcber verf\u00fcgbare \u00d6kostromangebote informieren.<\/li>\n\n<li>Die verschiedenen\u00a0<strong>Tarife und Optionen vergleichen<\/strong>\u00a0(z. B. 100% Wasserkraft, Solarstrom, Windenergie).<\/li>\n\n<li>Die\u00a0<strong>Kostenunterschiede<\/strong>\u00a0gegen\u00fcber herk\u00f6mmlichem Strom kalkulieren und deren Einfluss auf das Gesamtbudget einsch\u00e4tzen.<\/li>\n\n<li>Pr\u00fcfen, ob der\u00a0<strong>gesamte Strombedarf<\/strong>\u00a0der Veranstaltung mit erneuerbarer Energie gedeckt werden kann \u2013 oder gegebenenfalls nur ein Teil davon.<\/li>\n\n<li>Die\u00a0<strong>M\u00f6glichkeit pr\u00fcfen, Solarpanels zu mieten<\/strong>\u00a0oder tempor\u00e4r zu installieren (z. B. \u00fcber lokale Energieversorger oder spezialisierte Anbieter).<\/li>\n\n<li><strong>Sponsoring- oder Partnerschaftsoptionen<\/strong>\u00a0mit Energieversorgern pr\u00fcfen, die erneuerbare Energie anbieten (z. B. Sichtbarkeit auf Kommunikationsmitteln im Austausch f\u00fcr Unterst\u00fctzung).\u00a0<\/li><\/ul><h2 class=\"wp-block-heading\">Nach der Veranstaltung<\/h2><ul class=\"wp-block-list\"><li>Eine<strong>\u00a0Bilanz<\/strong>\u00a0der getroffenen Massnahmen erstellen: Herkunft des Stroms, Deckungsanteil durch erneuerbare Energien, finanzielle Auswirkungen und Kommunikationswirkung.<\/li>\n\n<li>Die Ergebnisse dokumentieren, um sie als Referenz f\u00fcr k\u00fcnftige Ausgaben zu nutzen.<\/li><\/ul><p><\/p>","protected":false},"excerpt":{"rendered":"<p>Der Bezug von Strom aus erneuerbaren Energiequellen tr\u00e4gt wesentlich dazu bei, die Umweltbelastung der Veranstaltung zu reduzieren und gleichzeitig die Entwicklung nachhaltiger Energien zu f\u00f6rdern. So wird nicht nur der \u00f6kologische Fussabdruck der Veranstaltung verringert, sondern auch ein sichtbares Zeichen f\u00fcr verantwortungsbewusstes Handeln gesetzt. Vor der Veranstaltung Nach der Veranstaltung<\/p>\n","protected":false},"featured_media":2615,"parent":0,"template":"","format":"standard","meta":{"_sitemap_exclude":false,"_sitemap_priority":"","_sitemap_frequency":"","_eventkit_link":"https:\/\/eventkit.ch\/wp-content\/uploads\/2025\/12\/4.10_Bezug_von_Strom_aus_erneuerbaren_Energien_EVENTKIT_FINAL.pdf"},"resource_category":[194],"audience":[],"contenttype":[104],"class_list":["post-2614","resource","type-resource","status-publish","format-standard","has-post-thumbnail","hentry","resource_category-energie-infrastruktur","contenttype-merkblatt"],"yoast_head":"<!-- This site is optimized with the Yoast SEO plugin v27.3 - https:\/\/yoast.com\/product\/yoast-seo-wordpress\/ -->\n<title>Bezug von Strom aus erneuerbaren Energien\u00a0 - EventKit<\/title>\n<meta name=\"robots\" content=\"index, follow, max-snippet:-1, max-image-preview:large, max-video-preview:-1\" \/>\n<link rel=\"canonical\" href=\"https:\/\/eventkit.ch\/?resource=bezug-von-strom-aus-erneuerbaren-energien\" \/>\n<meta property=\"og:locale\" content=\"de_DE\" \/>\n<meta property=\"og:type\" content=\"article\" \/>\n<meta property=\"og:title\" content=\"Bezug von Strom aus erneuerbaren Energien\u00a0 - EventKit\" \/>\n<meta property=\"og:description\" content=\"Der Bezug von Strom aus erneuerbaren Energiequellen tr\u00e4gt wesentlich dazu bei, die Umweltbelastung der Veranstaltung zu reduzieren und gleichzeitig die Entwicklung nachhaltiger Energien zu f\u00f6rdern. So wird nicht nur der \u00f6kologische Fussabdruck der Veranstaltung verringert, sondern auch ein sichtbares Zeichen f\u00fcr verantwortungsbewusstes Handeln gesetzt. Vor der Veranstaltung Nach der Veranstaltung\" \/>\n<meta property=\"og:url\" content=\"https:\/\/eventkit.ch\/?resource=bezug-von-strom-aus-erneuerbaren-energien\" \/>\n<meta property=\"og:site_name\" content=\"EventKit\" \/>\n<meta property=\"article:modified_time\" content=\"2026-03-23T15:47:46+00:00\" \/>\n<meta property=\"og:image\" content=\"https:\/\/eventkit.ch\/wp-content\/uploads\/2025\/12\/windrad-haldenstein.jpg\" \/>\n\t<meta property=\"og:image:width\" content=\"480\" \/>\n\t<meta property=\"og:image:height\" content=\"300\" \/>\n\t<meta property=\"og:image:type\" content=\"image\/jpeg\" \/>\n<meta name=\"twitter:card\" content=\"summary_large_image\" \/>\n<meta name=\"twitter:label1\" content=\"Gesch\u00e4tzte Lesezeit\" \/>\n\t<meta name=\"twitter:data1\" content=\"2\u00a0Minuten\" \/>\n<script type=\"application\/ld+json\" class=\"yoast-schema-graph\">{\"@context\":\"https:\\\/\\\/schema.org\",\"@graph\":[{\"@type\":\"WebPage\",\"@id\":\"https:\\\/\\\/eventkit.ch\\\/?resource=bezug-von-strom-aus-erneuerbaren-energien\",\"url\":\"https:\\\/\\\/eventkit.ch\\\/?resource=bezug-von-strom-aus-erneuerbaren-energien\",\"name\":\"Bezug von Strom aus erneuerbaren Energien\u00a0 - EventKit\",\"isPartOf\":{\"@id\":\"https:\\\/\\\/eventkit.ch\\\/#website\"},\"primaryImageOfPage\":{\"@id\":\"https:\\\/\\\/eventkit.ch\\\/?resource=bezug-von-strom-aus-erneuerbaren-energien#primaryimage\"},\"image\":{\"@id\":\"https:\\\/\\\/eventkit.ch\\\/?resource=bezug-von-strom-aus-erneuerbaren-energien#primaryimage\"},\"thumbnailUrl\":\"https:\\\/\\\/eventkit.ch\\\/wp-content\\\/uploads\\\/2025\\\/12\\\/windrad-haldenstein.jpg\",\"datePublished\":\"2025-12-30T10:25:24+00:00\",\"dateModified\":\"2026-03-23T15:47:46+00:00\",\"breadcrumb\":{\"@id\":\"https:\\\/\\\/eventkit.ch\\\/?resource=bezug-von-strom-aus-erneuerbaren-energien#breadcrumb\"},\"inLanguage\":\"de\",\"potentialAction\":[{\"@type\":\"ReadAction\",\"target\":[\"https:\\\/\\\/eventkit.ch\\\/?resource=bezug-von-strom-aus-erneuerbaren-energien\"]}]},{\"@type\":\"ImageObject\",\"inLanguage\":\"de\",\"@id\":\"https:\\\/\\\/eventkit.ch\\\/?resource=bezug-von-strom-aus-erneuerbaren-energien#primaryimage\",\"url\":\"https:\\\/\\\/eventkit.ch\\\/wp-content\\\/uploads\\\/2025\\\/12\\\/windrad-haldenstein.jpg\",\"contentUrl\":\"https:\\\/\\\/eventkit.ch\\\/wp-content\\\/uploads\\\/2025\\\/12\\\/windrad-haldenstein.jpg\",\"width\":480,\"height\":300},{\"@type\":\"BreadcrumbList\",\"@id\":\"https:\\\/\\\/eventkit.ch\\\/?resource=bezug-von-strom-aus-erneuerbaren-energien#breadcrumb\",\"itemListElement\":[{\"@type\":\"ListItem\",\"position\":1,\"name\":\"Home\",\"item\":\"https:\\\/\\\/eventkit.ch\\\/\"},{\"@type\":\"ListItem\",\"position\":2,\"name\":\"Merkbl\u00e4tter\",\"item\":\"https:\\\/\\\/eventkit.ch\\\/?post_type=resource&lang=fr\"},{\"@type\":\"ListItem\",\"position\":3,\"name\":\"Bezug von Strom aus erneuerbaren Energien\u00a0\"}]},{\"@type\":\"WebSite\",\"@id\":\"https:\\\/\\\/eventkit.ch\\\/#website\",\"url\":\"https:\\\/\\\/eventkit.ch\\\/\",\"name\":\"EventKit\",\"description\":\"Nachhaltigkeit, die wirkt: Dein Event im Check.\",\"publisher\":{\"@id\":\"https:\\\/\\\/eventkit.ch\\\/#organization\"},\"potentialAction\":[{\"@type\":\"SearchAction\",\"target\":{\"@type\":\"EntryPoint\",\"urlTemplate\":\"https:\\\/\\\/eventkit.ch\\\/?s={search_term_string}\"},\"query-input\":{\"@type\":\"PropertyValueSpecification\",\"valueRequired\":true,\"valueName\":\"search_term_string\"}}],\"inLanguage\":\"de\"},{\"@type\":\"Organization\",\"@id\":\"https:\\\/\\\/eventkit.ch\\\/#organization\",\"name\":\"EventKit\",\"url\":\"https:\\\/\\\/eventkit.ch\\\/\",\"logo\":{\"@type\":\"ImageObject\",\"inLanguage\":\"de\",\"@id\":\"https:\\\/\\\/eventkit.ch\\\/#\\\/schema\\\/logo\\\/image\\\/\",\"url\":\"https:\\\/\\\/eventkit.ch\\\/wp-content\\\/uploads\\\/2025\\\/11\\\/android-icon-144x144-1.png\",\"contentUrl\":\"https:\\\/\\\/eventkit.ch\\\/wp-content\\\/uploads\\\/2025\\\/11\\\/android-icon-144x144-1.png\",\"width\":144,\"height\":144,\"caption\":\"EventKit\"},\"image\":{\"@id\":\"https:\\\/\\\/eventkit.ch\\\/#\\\/schema\\\/logo\\\/image\\\/\"}}]}<\/script>\n<!-- \/ Yoast SEO plugin. -->","yoast_head_json":{"title":"Bezug von Strom aus erneuerbaren Energien\u00a0 - EventKit","robots":{"index":"index","follow":"follow","max-snippet":"max-snippet:-1","max-image-preview":"max-image-preview:large","max-video-preview":"max-video-preview:-1"},"canonical":"https:\/\/eventkit.ch\/?resource=bezug-von-strom-aus-erneuerbaren-energien","og_locale":"de_DE","og_type":"article","og_title":"Bezug von Strom aus erneuerbaren Energien\u00a0 - EventKit","og_description":"Der Bezug von Strom aus erneuerbaren Energiequellen tr\u00e4gt wesentlich dazu bei, die Umweltbelastung der Veranstaltung zu reduzieren und gleichzeitig die Entwicklung nachhaltiger Energien zu f\u00f6rdern. So wird nicht nur der \u00f6kologische Fussabdruck der Veranstaltung verringert, sondern auch ein sichtbares Zeichen f\u00fcr verantwortungsbewusstes Handeln gesetzt. Vor der Veranstaltung Nach der Veranstaltung","og_url":"https:\/\/eventkit.ch\/?resource=bezug-von-strom-aus-erneuerbaren-energien","og_site_name":"EventKit","article_modified_time":"2026-03-23T15:47:46+00:00","og_image":[{"width":480,"height":300,"url":"https:\/\/eventkit.ch\/wp-content\/uploads\/2025\/12\/windrad-haldenstein.jpg","type":"image\/jpeg"}],"twitter_card":"summary_large_image","twitter_misc":{"Gesch\u00e4tzte Lesezeit":"2\u00a0Minuten"},"schema":{"@context":"https:\/\/schema.org","@graph":[{"@type":"WebPage","@id":"https:\/\/eventkit.ch\/?resource=bezug-von-strom-aus-erneuerbaren-energien","url":"https:\/\/eventkit.ch\/?resource=bezug-von-strom-aus-erneuerbaren-energien","name":"Bezug von Strom aus erneuerbaren Energien\u00a0 - EventKit","isPartOf":{"@id":"https:\/\/eventkit.ch\/#website"},"primaryImageOfPage":{"@id":"https:\/\/eventkit.ch\/?resource=bezug-von-strom-aus-erneuerbaren-energien#primaryimage"},"image":{"@id":"https:\/\/eventkit.ch\/?resource=bezug-von-strom-aus-erneuerbaren-energien#primaryimage"},"thumbnailUrl":"https:\/\/eventkit.ch\/wp-content\/uploads\/2025\/12\/windrad-haldenstein.jpg","datePublished":"2025-12-30T10:25:24+00:00","dateModified":"2026-03-23T15:47:46+00:00","breadcrumb":{"@id":"https:\/\/eventkit.ch\/?resource=bezug-von-strom-aus-erneuerbaren-energien#breadcrumb"},"inLanguage":"de","potentialAction":[{"@type":"ReadAction","target":["https:\/\/eventkit.ch\/?resource=bezug-von-strom-aus-erneuerbaren-energien"]}]},{"@type":"ImageObject","inLanguage":"de","@id":"https:\/\/eventkit.ch\/?resource=bezug-von-strom-aus-erneuerbaren-energien#primaryimage","url":"https:\/\/eventkit.ch\/wp-content\/uploads\/2025\/12\/windrad-haldenstein.jpg","contentUrl":"https:\/\/eventkit.ch\/wp-content\/uploads\/2025\/12\/windrad-haldenstein.jpg","width":480,"height":300},{"@type":"BreadcrumbList","@id":"https:\/\/eventkit.ch\/?resource=bezug-von-strom-aus-erneuerbaren-energien#breadcrumb","itemListElement":[{"@type":"ListItem","position":1,"name":"Home","item":"https:\/\/eventkit.ch\/"},{"@type":"ListItem","position":2,"name":"Merkbl\u00e4tter","item":"https:\/\/eventkit.ch\/?post_type=resource&lang=fr"},{"@type":"ListItem","position":3,"name":"Bezug von Strom aus erneuerbaren Energien\u00a0"}]},{"@type":"WebSite","@id":"https:\/\/eventkit.ch\/#website","url":"https:\/\/eventkit.ch\/","name":"EventKit","description":"Nachhaltigkeit, die wirkt: Dein Event im Check.","publisher":{"@id":"https:\/\/eventkit.ch\/#organization"},"potentialAction":[{"@type":"SearchAction","target":{"@type":"EntryPoint","urlTemplate":"https:\/\/eventkit.ch\/?s={search_term_string}"},"query-input":{"@type":"PropertyValueSpecification","valueRequired":true,"valueName":"search_term_string"}}],"inLanguage":"de"},{"@type":"Organization","@id":"https:\/\/eventkit.ch\/#organization","name":"EventKit","url":"https:\/\/eventkit.ch\/","logo":{"@type":"ImageObject","inLanguage":"de","@id":"https:\/\/eventkit.ch\/#\/schema\/logo\/image\/","url":"https:\/\/eventkit.ch\/wp-content\/uploads\/2025\/11\/android-icon-144x144-1.png","contentUrl":"https:\/\/eventkit.ch\/wp-content\/uploads\/2025\/11\/android-icon-144x144-1.png","width":144,"height":144,"caption":"EventKit"},"image":{"@id":"https:\/\/eventkit.ch\/#\/schema\/logo\/image\/"}}]}},"_links":{"self":[{"href":"https:\/\/eventkit.ch\/index.php?rest_route=\/wp\/v2\/resource\/2614","targetHints":{"allow":["GET"]}}],"collection":[{"href":"https:\/\/eventkit.ch\/index.php?rest_route=\/wp\/v2\/resource"}],"about":[{"href":"https:\/\/eventkit.ch\/index.php?rest_route=\/wp\/v2\/types\/resource"}],"wp:featuredmedia":[{"embeddable":true,"href":"https:\/\/eventkit.ch\/index.php?rest_route=\/wp\/v2\/media\/2615"}],"wp:attachment":[{"href":"https:\/\/eventkit.ch\/index.php?rest_route=%2Fwp%2Fv2%2Fmedia&parent=2614"}],"wp:term":[{"taxonomy":"resource_category","embeddable":true,"href":"https:\/\/eventkit.ch\/index.php?rest_route=%2Fwp%2Fv2%2Fresource_category&post=2614"},{"taxonomy":"audience","embeddable":true,"href":"https:\/\/eventkit.ch\/index.php?rest_route=%2Fwp%2Fv2%2Faudience&post=2614"},{"taxonomy":"contenttype","embeddable":true,"href":"https:\/\/eventkit.ch\/index.php?rest_route=%2Fwp%2Fv2%2Fcontenttype&post=2614"}],"curies":[{"name":"wp","href":"https:\/\/api.w.org\/{rel}","templated":true}]}}

<p>Der Bezug von Strom aus erneuerbaren Energiequellen trägt wesentlich dazu bei, die Umweltbelastung der Veranstaltung zu reduzieren und gleichzeitig die Entwicklung nachhaltiger Energien zu fördern. So wird nicht nur der ökologische Fussabdruck der Veranstaltung verringert, sondern auch ein sichtbares Zeichen für verantwortungsbewusstes Handeln gesetzt.</p><h2 class="wp-block-heading">Vor der Veranstaltung</h2><ul class="wp-block-list"><li>Den <strong>regionalen Stromanbieter kontaktieren</strong> und sich über verfügbare Ökostromangebote informieren.</li>

<li>Die verschiedenen <strong>Tarife und Optionen vergleichen</strong> (z. B. 100% Wasserkraft, Solarstrom, Windenergie).</li>

<li>Die <strong>Kostenunterschiede</strong> gegenüber herkömmlichem Strom kalkulieren und deren Einfluss auf das Gesamtbudget einschätzen.</li>

<li>Prüfen, ob der <strong>gesamte Strombedarf</strong> der Veranstaltung mit erneuerbarer Energie gedeckt werden kann – oder gegebenenfalls nur ein Teil davon.</li>

<li>Die <strong>Möglichkeit prüfen, Solarpanels zu mieten</strong> oder temporär zu installieren (z. B. über lokale Energieversorger oder spezialisierte Anbieter).</li>

<li><strong>Sponsoring- oder Partnerschaftsoptionen</strong> mit Energieversorgern prüfen, die erneuerbare Energie anbieten (z. B. Sichtbarkeit auf Kommunikationsmitteln im Austausch für Unterstützung). </li></ul><h2 class="wp-block-heading">Nach der Veranstaltung</h2><ul class="wp-block-list"><li>Eine<strong> Bilanz</strong> der getroffenen Massnahmen erstellen: Herkunft des Stroms, Deckungsanteil durch erneuerbare Energien, finanzielle Auswirkungen und Kommunikationswirkung.</li>

<li>Die Ergebnisse dokumentieren, um sie als Referenz für künftige Ausgaben zu nutzen.</li></ul><p></p>

<p>Der Bezug von Strom aus erneuerbaren Energiequellen trägt wesentlich dazu bei, die Umweltbelastung der Veranstaltung zu reduzieren und gleichzeitig die Entwicklung nachhaltiger Energien zu fördern. So wird nicht nur der ökologische Fussabdruck der Veranstaltung verringert, sondern auch ein sichtbares Zeichen für verantwortungsbewusstes Handeln gesetzt. Vor der Veranstaltung Nach der Veranstaltung</p>

<!-- This site is optimized with the Yoast SEO plugin v27.3 - https://yoast.com/product/yoast-seo-wordpress/ -->
<title>Bezug von Strom aus erneuerbaren Energien  - EventKit</title>
<meta name="robots" content="index, follow, max-snippet:-1, max-image-preview:large, max-video-preview:-1" />
<link rel="canonical" href="https://eventkit.ch/?resource=bezug-von-strom-aus-erneuerbaren-energien" />
<meta property="og:locale" content="de_DE" />
<meta property="og:type" content="article" />
<meta property="og:title" content="Bezug von Strom aus erneuerbaren Energien  - EventKit" />
<meta property="og:description" content="Der Bezug von Strom aus erneuerbaren Energiequellen trägt wesentlich dazu bei, die Umweltbelastung der Veranstaltung zu reduzieren und gleichzeitig die Entwicklung nachhaltiger Energien zu fördern. So wird nicht nur der ökologische Fussabdruck der Veranstaltung verringert, sondern auch ein sichtbares Zeichen für verantwortungsbewusstes Handeln gesetzt. Vor der Veranstaltung Nach der Veranstaltung" />
<meta property="og:url" content="https://eventkit.ch/?resource=bezug-von-strom-aus-erneuerbaren-energien" />
<meta property="og:site_name" content="EventKit" />
<meta property="article:modified_time" content="2026-03-23T15:47:46+00:00" />
<meta property="og:image" content="https://eventkit.ch/wp-content/uploads/2025/12/windrad-haldenstein.jpg" />
	<meta property="og:image:width" content="480" />
	<meta property="og:image:height" content="300" />
	<meta property="og:image:type" content="image/jpeg" />
<meta name="twitter:card" content="summary_large_image" />
<meta name="twitter:label1" content="Geschätzte Lesezeit" />
	<meta name="twitter:data1" content="2 Minuten" />
<script type="application/ld+json" class="yoast-schema-graph">{"@context":"https:\/\/schema.org","@graph":[{"@type":"WebPage","@id":"https:\/\/eventkit.ch\/?resource=bezug-von-strom-aus-erneuerbaren-energien","url":"https:\/\/eventkit.ch\/?resource=bezug-von-strom-aus-erneuerbaren-energien","name":"Bezug von Strom aus erneuerbaren Energien  - EventKit","isPartOf":{"@id":"https:\/\/eventkit.ch\/#website"},"primaryImageOfPage":{"@id":"https:\/\/eventkit.ch\/?resource=bezug-von-strom-aus-erneuerbaren-energien#primaryimage"},"image":{"@id":"https:\/\/eventkit.ch\/?resource=bezug-von-strom-aus-erneuerbaren-energien#primaryimage"},"thumbnailUrl":"https:\/\/eventkit.ch\/wp-content\/uploads\/2025\/12\/windrad-haldenstein.jpg","datePublished":"2025-12-30T10:25:24+00:00","dateModified":"2026-03-23T15:47:46+00:00","breadcrumb":{"@id":"https:\/\/eventkit.ch\/?resource=bezug-von-strom-aus-erneuerbaren-energien#breadcrumb"},"inLanguage":"de","potentialAction":[{"@type":"ReadAction","target":["https:\/\/eventkit.ch\/?resource=bezug-von-strom-aus-erneuerbaren-energien"]}]},{"@type":"ImageObject","inLanguage":"de","@id":"https:\/\/eventkit.ch\/?resource=bezug-von-strom-aus-erneuerbaren-energien#primaryimage","url":"https:\/\/eventkit.ch\/wp-content\/uploads\/2025\/12\/windrad-haldenstein.jpg","contentUrl":"https:\/\/eventkit.ch\/wp-content\/uploads\/2025\/12\/windrad-haldenstein.jpg","width":480,"height":300},{"@type":"BreadcrumbList","@id":"https:\/\/eventkit.ch\/?resource=bezug-von-strom-aus-erneuerbaren-energien#breadcrumb","itemListElement":[{"@type":"ListItem","position":1,"name":"Home","item":"https:\/\/eventkit.ch\/"},{"@type":"ListItem","position":2,"name":"Merkblätter","item":"https:\/\/eventkit.ch\/?post_type=resource&lang=fr"},{"@type":"ListItem","position":3,"name":"Bezug von Strom aus erneuerbaren Energien "}]},{"@type":"WebSite","@id":"https:\/\/eventkit.ch\/#website","url":"https:\/\/eventkit.ch\/","name":"EventKit","description":"Nachhaltigkeit, die wirkt: Dein Event im Check.","publisher":{"@id":"https:\/\/eventkit.ch\/#organization"},"potentialAction":[{"@type":"SearchAction","target":{"@type":"EntryPoint","urlTemplate":"https:\/\/eventkit.ch\/?s={search_term_string}"},"query-input":{"@type":"PropertyValueSpecification","valueRequired":true,"valueName":"search_term_string"}}],"inLanguage":"de"},{"@type":"Organization","@id":"https:\/\/eventkit.ch\/#organization","name":"EventKit","url":"https:\/\/eventkit.ch\/","logo":{"@type":"ImageObject","inLanguage":"de","@id":"https:\/\/eventkit.ch\/#\/schema\/logo\/image\/","url":"https:\/\/eventkit.ch\/wp-content\/uploads\/2025\/11\/android-icon-144x144-1.png","contentUrl":"https:\/\/eventkit.ch\/wp-content\/uploads\/2025\/11\/android-icon-144x144-1.png","width":144,"height":144,"caption":"EventKit"},"image":{"@id":"https:\/\/eventkit.ch\/#\/schema\/logo\/image\/"}}]}</script>
<!-- / Yoast SEO plugin. -->

Der Bezug von Strom aus erneuerbaren Energiequellen trägt wesentlich dazu bei, die Umweltbelastung der Veranstaltung zu reduzieren und gleichzeitig die Entwicklung nachhaltiger Energien zu fördern. So wird nicht nur der ökologische Fussabdruck der Veranstaltung verringert, sondern auch ein sichtbares Zeichen für verantwortungsbewusstes Handeln gesetzt. Vor der Veranstaltung Nach der Veranstaltung

Merkblätter
