{"id":2303,"date":"2025-12-23T11:44:09","date_gmt":"2025-12-23T11:44:09","guid":{"rendered":"https:\/\/eventkit.ch\/?post_type=resource&#038;p=2303"},"modified":"2026-03-23T16:48:56","modified_gmt":"2026-03-23T15:48:56","slug":"einrichtung-eines-fahrgemeinschaftssystems","status":"publish","type":"resource","link":"https:\/\/eventkit.ch\/?resource=einrichtung-eines-fahrgemeinschaftssystems","title":{"rendered":"Einrichtung eines Fahrgemeinschaftssystems"},"content":{"rendered":"<p>Fahrgemeinschaften sind eine einfache und wirksame M\u00f6glichkeit, den motorisierten Individualverkehr zu reduzieren. Sie tragen zur Entlastung des Verkehrs und der Parkplatzsituation bei, senken die Kosten f\u00fcr die Teilnehmenden und f\u00f6rdern zugleich den sozialen Austausch.<\/p><h2 class=\"wp-block-heading\">Vor der Veranstaltung<\/h2><ul class=\"wp-block-list\"><li>Kontakt zu bestehenden Fahrgemeinschaftsplattformen aufnehmen und die Veranstaltung dort registrieren \u2013 dieser Service ist in der Regel kostenlos.<\/li>\n\n<li>Auf der Website der Veranstaltung sowie in allen Kommunikationsmitteln (Flyer, Plakate, Newsletter, Social Media) einen direkten Link zur gew\u00e4hlten Fahrgemeinschaftsplattform integrieren.<\/li>\n\n<li>In der Kommunikation aktiv auf die Vorteile von Fahrgemeinschaften hinweisen: geringere Kosten, weniger Verkehr, gemeinsames Erlebnis.<\/li>\n\n<li>Bei der Planung von Parkfl\u00e4chen Bereiche speziell f\u00fcr Fahrgemeinschaften reservieren \u2013 entweder f\u00fcr Gruppen, die sich \u00fcber Plattformen organisiert haben, oder spontan vor Ort gebildet werden.<\/li>\n\n<li>Wenn m\u00f6glich, die bevorzugten Parkpl\u00e4tze f\u00fcr Fahrzeuge mit mehreren Insassen klar kennzeichnen.<\/li><\/ul><h2 class=\"wp-block-heading\">W\u00e4hrend der Veranstaltung<\/h2><ul class=\"wp-block-list\"><li>Die F\u00f6rderung von Fahrgemeinschaften fortsetzen, z. B. \u00fcber Lautsprecherdurchsagen, Infost\u00e4nde oder Veranstaltungskommunikation.<\/li>\n\n<li>Freiwillige oder Infopunkte einsetzen, um Teilnehmende zu informieren und zu vernetzen und die korrekte Nutzung der Fahrgemeinschafts-Parkpl\u00e4tze zu kontrollieren.<\/li>\n\n<li>Das Thema \u00fcber soziale Medien, Beschilderung oder QR-Codes weiter sichtbar machen.<\/li><\/ul><h2 class=\"wp-block-heading\">Nach der Veranstaltung<\/h2><ul class=\"wp-block-list\"><li>Bei den Fahrgemeinschaftsplattformen statistische Daten zur Nutzung im Zusammenhang mit der Veranstaltung anfragen (z. B. Anzahl registrierter Fahrten oder Suchanfragen).<\/li>\n\n<li>Die Wirksamkeit der Massnahme auswerten und Verbesserungen f\u00fcr k\u00fcnftige Ausgaben dokumentieren.\u00a0<\/li><\/ul><p><\/p>","protected":false},"excerpt":{"rendered":"<p>Fahrgemeinschaften sind eine einfache und wirksame M\u00f6glichkeit, den motorisierten Individualverkehr zu reduzieren. Sie tragen zur Entlastung des Verkehrs und der Parkplatzsituation bei, senken die Kosten f\u00fcr die Teilnehmenden und f\u00f6rdern zugleich den sozialen Austausch. Vor der Veranstaltung W\u00e4hrend der Veranstaltung Nach der Veranstaltung<\/p>\n","protected":false},"featured_media":2546,"parent":0,"template":"","format":"standard","meta":{"_sitemap_exclude":false,"_sitemap_priority":"","_sitemap_frequency":"","_eventkit_link":"https:\/\/eventkit.ch\/wp-content\/uploads\/2025\/12\/3.6_Einrichtung_Fahrgemeinschaftssystems_EVENTKIT_FINAL.pdf"},"resource_category":[102],"audience":[],"contenttype":[104],"class_list":["post-2303","resource","type-resource","status-publish","format-standard","has-post-thumbnail","hentry","resource_category-verkehr-transport","contenttype-merkblatt"],"yoast_head":"<!-- This site is optimized with the Yoast SEO plugin v27.3 - https:\/\/yoast.com\/product\/yoast-seo-wordpress\/ -->\n<title>Einrichtung eines Fahrgemeinschaftssystems - EventKit<\/title>\n<meta name=\"robots\" content=\"index, follow, max-snippet:-1, max-image-preview:large, max-video-preview:-1\" \/>\n<link rel=\"canonical\" href=\"https:\/\/eventkit.ch\/?resource=einrichtung-eines-fahrgemeinschaftssystems\" \/>\n<meta property=\"og:locale\" content=\"de_DE\" \/>\n<meta property=\"og:type\" content=\"article\" \/>\n<meta property=\"og:title\" content=\"Einrichtung eines Fahrgemeinschaftssystems - EventKit\" \/>\n<meta property=\"og:description\" content=\"Fahrgemeinschaften sind eine einfache und wirksame M\u00f6glichkeit, den motorisierten Individualverkehr zu reduzieren. Sie tragen zur Entlastung des Verkehrs und der Parkplatzsituation bei, senken die Kosten f\u00fcr die Teilnehmenden und f\u00f6rdern zugleich den sozialen Austausch. Vor der Veranstaltung W\u00e4hrend der Veranstaltung Nach der Veranstaltung\" \/>\n<meta property=\"og:url\" content=\"https:\/\/eventkit.ch\/?resource=einrichtung-eines-fahrgemeinschaftssystems\" \/>\n<meta property=\"og:site_name\" content=\"EventKit\" \/>\n<meta property=\"article:modified_time\" content=\"2026-03-23T15:48:56+00:00\" \/>\n<meta property=\"og:image\" content=\"https:\/\/eventkit.ch\/wp-content\/uploads\/2025\/11\/3FrauenSVNE_ASMD-1-scaled.jpg\" \/>\n\t<meta property=\"og:image:width\" content=\"2560\" \/>\n\t<meta property=\"og:image:height\" content=\"1710\" \/>\n\t<meta property=\"og:image:type\" content=\"image\/jpeg\" \/>\n<meta name=\"twitter:card\" content=\"summary_large_image\" \/>\n<meta name=\"twitter:label1\" content=\"Gesch\u00e4tzte Lesezeit\" \/>\n\t<meta name=\"twitter:data1\" content=\"2\u00a0Minuten\" \/>\n<script type=\"application\/ld+json\" class=\"yoast-schema-graph\">{\"@context\":\"https:\\\/\\\/schema.org\",\"@graph\":[{\"@type\":\"WebPage\",\"@id\":\"https:\\\/\\\/eventkit.ch\\\/?resource=einrichtung-eines-fahrgemeinschaftssystems\",\"url\":\"https:\\\/\\\/eventkit.ch\\\/?resource=einrichtung-eines-fahrgemeinschaftssystems\",\"name\":\"Einrichtung eines Fahrgemeinschaftssystems - EventKit\",\"isPartOf\":{\"@id\":\"https:\\\/\\\/eventkit.ch\\\/#website\"},\"primaryImageOfPage\":{\"@id\":\"https:\\\/\\\/eventkit.ch\\\/?resource=einrichtung-eines-fahrgemeinschaftssystems#primaryimage\"},\"image\":{\"@id\":\"https:\\\/\\\/eventkit.ch\\\/?resource=einrichtung-eines-fahrgemeinschaftssystems#primaryimage\"},\"thumbnailUrl\":\"https:\\\/\\\/eventkit.ch\\\/wp-content\\\/uploads\\\/2025\\\/12\\\/Carsharing-Mobility.avif\",\"datePublished\":\"2025-12-23T11:44:09+00:00\",\"dateModified\":\"2026-03-23T15:48:56+00:00\",\"breadcrumb\":{\"@id\":\"https:\\\/\\\/eventkit.ch\\\/?resource=einrichtung-eines-fahrgemeinschaftssystems#breadcrumb\"},\"inLanguage\":\"de\",\"potentialAction\":[{\"@type\":\"ReadAction\",\"target\":[\"https:\\\/\\\/eventkit.ch\\\/?resource=einrichtung-eines-fahrgemeinschaftssystems\"]}]},{\"@type\":\"ImageObject\",\"inLanguage\":\"de\",\"@id\":\"https:\\\/\\\/eventkit.ch\\\/?resource=einrichtung-eines-fahrgemeinschaftssystems#primaryimage\",\"url\":\"https:\\\/\\\/eventkit.ch\\\/wp-content\\\/uploads\\\/2025\\\/12\\\/Carsharing-Mobility.avif\",\"contentUrl\":\"https:\\\/\\\/eventkit.ch\\\/wp-content\\\/uploads\\\/2025\\\/12\\\/Carsharing-Mobility.avif\",\"width\":800,\"height\":450},{\"@type\":\"BreadcrumbList\",\"@id\":\"https:\\\/\\\/eventkit.ch\\\/?resource=einrichtung-eines-fahrgemeinschaftssystems#breadcrumb\",\"itemListElement\":[{\"@type\":\"ListItem\",\"position\":1,\"name\":\"Home\",\"item\":\"https:\\\/\\\/eventkit.ch\\\/\"},{\"@type\":\"ListItem\",\"position\":2,\"name\":\"Merkbl\u00e4tter\",\"item\":\"https:\\\/\\\/eventkit.ch\\\/?post_type=resource&lang=fr\"},{\"@type\":\"ListItem\",\"position\":3,\"name\":\"Einrichtung eines Fahrgemeinschaftssystems\"}]},{\"@type\":\"WebSite\",\"@id\":\"https:\\\/\\\/eventkit.ch\\\/#website\",\"url\":\"https:\\\/\\\/eventkit.ch\\\/\",\"name\":\"EventKit\",\"description\":\"Nachhaltigkeit, die wirkt: Dein Event im Check.\",\"publisher\":{\"@id\":\"https:\\\/\\\/eventkit.ch\\\/#organization\"},\"potentialAction\":[{\"@type\":\"SearchAction\",\"target\":{\"@type\":\"EntryPoint\",\"urlTemplate\":\"https:\\\/\\\/eventkit.ch\\\/?s={search_term_string}\"},\"query-input\":{\"@type\":\"PropertyValueSpecification\",\"valueRequired\":true,\"valueName\":\"search_term_string\"}}],\"inLanguage\":\"de\"},{\"@type\":\"Organization\",\"@id\":\"https:\\\/\\\/eventkit.ch\\\/#organization\",\"name\":\"EventKit\",\"url\":\"https:\\\/\\\/eventkit.ch\\\/\",\"logo\":{\"@type\":\"ImageObject\",\"inLanguage\":\"de\",\"@id\":\"https:\\\/\\\/eventkit.ch\\\/#\\\/schema\\\/logo\\\/image\\\/\",\"url\":\"https:\\\/\\\/eventkit.ch\\\/wp-content\\\/uploads\\\/2025\\\/11\\\/android-icon-144x144-1.png\",\"contentUrl\":\"https:\\\/\\\/eventkit.ch\\\/wp-content\\\/uploads\\\/2025\\\/11\\\/android-icon-144x144-1.png\",\"width\":144,\"height\":144,\"caption\":\"EventKit\"},\"image\":{\"@id\":\"https:\\\/\\\/eventkit.ch\\\/#\\\/schema\\\/logo\\\/image\\\/\"}}]}<\/script>\n<!-- \/ Yoast SEO plugin. -->","yoast_head_json":{"title":"Einrichtung eines Fahrgemeinschaftssystems - EventKit","robots":{"index":"index","follow":"follow","max-snippet":"max-snippet:-1","max-image-preview":"max-image-preview:large","max-video-preview":"max-video-preview:-1"},"canonical":"https:\/\/eventkit.ch\/?resource=einrichtung-eines-fahrgemeinschaftssystems","og_locale":"de_DE","og_type":"article","og_title":"Einrichtung eines Fahrgemeinschaftssystems - EventKit","og_description":"Fahrgemeinschaften sind eine einfache und wirksame M\u00f6glichkeit, den motorisierten Individualverkehr zu reduzieren. Sie tragen zur Entlastung des Verkehrs und der Parkplatzsituation bei, senken die Kosten f\u00fcr die Teilnehmenden und f\u00f6rdern zugleich den sozialen Austausch. Vor der Veranstaltung W\u00e4hrend der Veranstaltung Nach der Veranstaltung","og_url":"https:\/\/eventkit.ch\/?resource=einrichtung-eines-fahrgemeinschaftssystems","og_site_name":"EventKit","article_modified_time":"2026-03-23T15:48:56+00:00","og_image":[{"width":2560,"height":1710,"url":"https:\/\/eventkit.ch\/wp-content\/uploads\/2025\/11\/3FrauenSVNE_ASMD-1-scaled.jpg","type":"image\/jpeg"}],"twitter_card":"summary_large_image","twitter_misc":{"Gesch\u00e4tzte Lesezeit":"2\u00a0Minuten"},"schema":{"@context":"https:\/\/schema.org","@graph":[{"@type":"WebPage","@id":"https:\/\/eventkit.ch\/?resource=einrichtung-eines-fahrgemeinschaftssystems","url":"https:\/\/eventkit.ch\/?resource=einrichtung-eines-fahrgemeinschaftssystems","name":"Einrichtung eines Fahrgemeinschaftssystems - EventKit","isPartOf":{"@id":"https:\/\/eventkit.ch\/#website"},"primaryImageOfPage":{"@id":"https:\/\/eventkit.ch\/?resource=einrichtung-eines-fahrgemeinschaftssystems#primaryimage"},"image":{"@id":"https:\/\/eventkit.ch\/?resource=einrichtung-eines-fahrgemeinschaftssystems#primaryimage"},"thumbnailUrl":"https:\/\/eventkit.ch\/wp-content\/uploads\/2025\/12\/Carsharing-Mobility.avif","datePublished":"2025-12-23T11:44:09+00:00","dateModified":"2026-03-23T15:48:56+00:00","breadcrumb":{"@id":"https:\/\/eventkit.ch\/?resource=einrichtung-eines-fahrgemeinschaftssystems#breadcrumb"},"inLanguage":"de","potentialAction":[{"@type":"ReadAction","target":["https:\/\/eventkit.ch\/?resource=einrichtung-eines-fahrgemeinschaftssystems"]}]},{"@type":"ImageObject","inLanguage":"de","@id":"https:\/\/eventkit.ch\/?resource=einrichtung-eines-fahrgemeinschaftssystems#primaryimage","url":"https:\/\/eventkit.ch\/wp-content\/uploads\/2025\/12\/Carsharing-Mobility.avif","contentUrl":"https:\/\/eventkit.ch\/wp-content\/uploads\/2025\/12\/Carsharing-Mobility.avif","width":800,"height":450},{"@type":"BreadcrumbList","@id":"https:\/\/eventkit.ch\/?resource=einrichtung-eines-fahrgemeinschaftssystems#breadcrumb","itemListElement":[{"@type":"ListItem","position":1,"name":"Home","item":"https:\/\/eventkit.ch\/"},{"@type":"ListItem","position":2,"name":"Merkbl\u00e4tter","item":"https:\/\/eventkit.ch\/?post_type=resource&lang=fr"},{"@type":"ListItem","position":3,"name":"Einrichtung eines Fahrgemeinschaftssystems"}]},{"@type":"WebSite","@id":"https:\/\/eventkit.ch\/#website","url":"https:\/\/eventkit.ch\/","name":"EventKit","description":"Nachhaltigkeit, die wirkt: Dein Event im Check.","publisher":{"@id":"https:\/\/eventkit.ch\/#organization"},"potentialAction":[{"@type":"SearchAction","target":{"@type":"EntryPoint","urlTemplate":"https:\/\/eventkit.ch\/?s={search_term_string}"},"query-input":{"@type":"PropertyValueSpecification","valueRequired":true,"valueName":"search_term_string"}}],"inLanguage":"de"},{"@type":"Organization","@id":"https:\/\/eventkit.ch\/#organization","name":"EventKit","url":"https:\/\/eventkit.ch\/","logo":{"@type":"ImageObject","inLanguage":"de","@id":"https:\/\/eventkit.ch\/#\/schema\/logo\/image\/","url":"https:\/\/eventkit.ch\/wp-content\/uploads\/2025\/11\/android-icon-144x144-1.png","contentUrl":"https:\/\/eventkit.ch\/wp-content\/uploads\/2025\/11\/android-icon-144x144-1.png","width":144,"height":144,"caption":"EventKit"},"image":{"@id":"https:\/\/eventkit.ch\/#\/schema\/logo\/image\/"}}]}},"_links":{"self":[{"href":"https:\/\/eventkit.ch\/index.php?rest_route=\/wp\/v2\/resource\/2303","targetHints":{"allow":["GET"]}}],"collection":[{"href":"https:\/\/eventkit.ch\/index.php?rest_route=\/wp\/v2\/resource"}],"about":[{"href":"https:\/\/eventkit.ch\/index.php?rest_route=\/wp\/v2\/types\/resource"}],"wp:featuredmedia":[{"embeddable":true,"href":"https:\/\/eventkit.ch\/index.php?rest_route=\/wp\/v2\/media\/2546"}],"wp:attachment":[{"href":"https:\/\/eventkit.ch\/index.php?rest_route=%2Fwp%2Fv2%2Fmedia&parent=2303"}],"wp:term":[{"taxonomy":"resource_category","embeddable":true,"href":"https:\/\/eventkit.ch\/index.php?rest_route=%2Fwp%2Fv2%2Fresource_category&post=2303"},{"taxonomy":"audience","embeddable":true,"href":"https:\/\/eventkit.ch\/index.php?rest_route=%2Fwp%2Fv2%2Faudience&post=2303"},{"taxonomy":"contenttype","embeddable":true,"href":"https:\/\/eventkit.ch\/index.php?rest_route=%2Fwp%2Fv2%2Fcontenttype&post=2303"}],"curies":[{"name":"wp","href":"https:\/\/api.w.org\/{rel}","templated":true}]}}

<p>Fahrgemeinschaften sind eine einfache und wirksame Möglichkeit, den motorisierten Individualverkehr zu reduzieren. Sie tragen zur Entlastung des Verkehrs und der Parkplatzsituation bei, senken die Kosten für die Teilnehmenden und fördern zugleich den sozialen Austausch.</p><h2 class="wp-block-heading">Vor der Veranstaltung</h2><ul class="wp-block-list"><li>Kontakt zu bestehenden Fahrgemeinschaftsplattformen aufnehmen und die Veranstaltung dort registrieren – dieser Service ist in der Regel kostenlos.</li>

<li>Auf der Website der Veranstaltung sowie in allen Kommunikationsmitteln (Flyer, Plakate, Newsletter, Social Media) einen direkten Link zur gewählten Fahrgemeinschaftsplattform integrieren.</li>

<li>In der Kommunikation aktiv auf die Vorteile von Fahrgemeinschaften hinweisen: geringere Kosten, weniger Verkehr, gemeinsames Erlebnis.</li>

<li>Bei der Planung von Parkflächen Bereiche speziell für Fahrgemeinschaften reservieren – entweder für Gruppen, die sich über Plattformen organisiert haben, oder spontan vor Ort gebildet werden.</li>

<li>Wenn möglich, die bevorzugten Parkplätze für Fahrzeuge mit mehreren Insassen klar kennzeichnen.</li></ul><h2 class="wp-block-heading">Während der Veranstaltung</h2><ul class="wp-block-list"><li>Die Förderung von Fahrgemeinschaften fortsetzen, z. B. über Lautsprecherdurchsagen, Infostände oder Veranstaltungskommunikation.</li>

<li>Freiwillige oder Infopunkte einsetzen, um Teilnehmende zu informieren und zu vernetzen und die korrekte Nutzung der Fahrgemeinschafts-Parkplätze zu kontrollieren.</li>

<li>Das Thema über soziale Medien, Beschilderung oder QR-Codes weiter sichtbar machen.</li></ul><h2 class="wp-block-heading">Nach der Veranstaltung</h2><ul class="wp-block-list"><li>Bei den Fahrgemeinschaftsplattformen statistische Daten zur Nutzung im Zusammenhang mit der Veranstaltung anfragen (z. B. Anzahl registrierter Fahrten oder Suchanfragen).</li>

<li>Die Wirksamkeit der Massnahme auswerten und Verbesserungen für künftige Ausgaben dokumentieren. </li></ul><p></p>

<p>Fahrgemeinschaften sind eine einfache und wirksame Möglichkeit, den motorisierten Individualverkehr zu reduzieren. Sie tragen zur Entlastung des Verkehrs und der Parkplatzsituation bei, senken die Kosten für die Teilnehmenden und fördern zugleich den sozialen Austausch. Vor der Veranstaltung Während der Veranstaltung Nach der Veranstaltung</p>

<!-- This site is optimized with the Yoast SEO plugin v27.3 - https://yoast.com/product/yoast-seo-wordpress/ -->
<title>Einrichtung eines Fahrgemeinschaftssystems - EventKit</title>
<meta name="robots" content="index, follow, max-snippet:-1, max-image-preview:large, max-video-preview:-1" />
<link rel="canonical" href="https://eventkit.ch/?resource=einrichtung-eines-fahrgemeinschaftssystems" />
<meta property="og:locale" content="de_DE" />
<meta property="og:type" content="article" />
<meta property="og:title" content="Einrichtung eines Fahrgemeinschaftssystems - EventKit" />
<meta property="og:description" content="Fahrgemeinschaften sind eine einfache und wirksame Möglichkeit, den motorisierten Individualverkehr zu reduzieren. Sie tragen zur Entlastung des Verkehrs und der Parkplatzsituation bei, senken die Kosten für die Teilnehmenden und fördern zugleich den sozialen Austausch. Vor der Veranstaltung Während der Veranstaltung Nach der Veranstaltung" />
<meta property="og:url" content="https://eventkit.ch/?resource=einrichtung-eines-fahrgemeinschaftssystems" />
<meta property="og:site_name" content="EventKit" />
<meta property="article:modified_time" content="2026-03-23T15:48:56+00:00" />
<meta property="og:image" content="https://eventkit.ch/wp-content/uploads/2025/11/3FrauenSVNE_ASMD-1-scaled.jpg" />
	<meta property="og:image:width" content="2560" />
	<meta property="og:image:height" content="1710" />
	<meta property="og:image:type" content="image/jpeg" />
<meta name="twitter:card" content="summary_large_image" />
<meta name="twitter:label1" content="Geschätzte Lesezeit" />
	<meta name="twitter:data1" content="2 Minuten" />
<script type="application/ld+json" class="yoast-schema-graph">{"@context":"https:\/\/schema.org","@graph":[{"@type":"WebPage","@id":"https:\/\/eventkit.ch\/?resource=einrichtung-eines-fahrgemeinschaftssystems","url":"https:\/\/eventkit.ch\/?resource=einrichtung-eines-fahrgemeinschaftssystems","name":"Einrichtung eines Fahrgemeinschaftssystems - EventKit","isPartOf":{"@id":"https:\/\/eventkit.ch\/#website"},"primaryImageOfPage":{"@id":"https:\/\/eventkit.ch\/?resource=einrichtung-eines-fahrgemeinschaftssystems#primaryimage"},"image":{"@id":"https:\/\/eventkit.ch\/?resource=einrichtung-eines-fahrgemeinschaftssystems#primaryimage"},"thumbnailUrl":"https:\/\/eventkit.ch\/wp-content\/uploads\/2025\/12\/Carsharing-Mobility.avif","datePublished":"2025-12-23T11:44:09+00:00","dateModified":"2026-03-23T15:48:56+00:00","breadcrumb":{"@id":"https:\/\/eventkit.ch\/?resource=einrichtung-eines-fahrgemeinschaftssystems#breadcrumb"},"inLanguage":"de","potentialAction":[{"@type":"ReadAction","target":["https:\/\/eventkit.ch\/?resource=einrichtung-eines-fahrgemeinschaftssystems"]}]},{"@type":"ImageObject","inLanguage":"de","@id":"https:\/\/eventkit.ch\/?resource=einrichtung-eines-fahrgemeinschaftssystems#primaryimage","url":"https:\/\/eventkit.ch\/wp-content\/uploads\/2025\/12\/Carsharing-Mobility.avif","contentUrl":"https:\/\/eventkit.ch\/wp-content\/uploads\/2025\/12\/Carsharing-Mobility.avif","width":800,"height":450},{"@type":"BreadcrumbList","@id":"https:\/\/eventkit.ch\/?resource=einrichtung-eines-fahrgemeinschaftssystems#breadcrumb","itemListElement":[{"@type":"ListItem","position":1,"name":"Home","item":"https:\/\/eventkit.ch\/"},{"@type":"ListItem","position":2,"name":"Merkblätter","item":"https:\/\/eventkit.ch\/?post_type=resource&lang=fr"},{"@type":"ListItem","position":3,"name":"Einrichtung eines Fahrgemeinschaftssystems"}]},{"@type":"WebSite","@id":"https:\/\/eventkit.ch\/#website","url":"https:\/\/eventkit.ch\/","name":"EventKit","description":"Nachhaltigkeit, die wirkt: Dein Event im Check.","publisher":{"@id":"https:\/\/eventkit.ch\/#organization"},"potentialAction":[{"@type":"SearchAction","target":{"@type":"EntryPoint","urlTemplate":"https:\/\/eventkit.ch\/?s={search_term_string}"},"query-input":{"@type":"PropertyValueSpecification","valueRequired":true,"valueName":"search_term_string"}}],"inLanguage":"de"},{"@type":"Organization","@id":"https:\/\/eventkit.ch\/#organization","name":"EventKit","url":"https:\/\/eventkit.ch\/","logo":{"@type":"ImageObject","inLanguage":"de","@id":"https:\/\/eventkit.ch\/#\/schema\/logo\/image\/","url":"https:\/\/eventkit.ch\/wp-content\/uploads\/2025\/11\/android-icon-144x144-1.png","contentUrl":"https:\/\/eventkit.ch\/wp-content\/uploads\/2025\/11\/android-icon-144x144-1.png","width":144,"height":144,"caption":"EventKit"},"image":{"@id":"https:\/\/eventkit.ch\/#\/schema\/logo\/image\/"}}]}</script>
<!-- / Yoast SEO plugin. -->

Fahrgemeinschaften sind eine einfache und wirksame Möglichkeit, den motorisierten Individualverkehr zu reduzieren. Sie tragen zur Entlastung des Verkehrs und der Parkplatzsituation bei, senken die Kosten für die Teilnehmenden und fördern zugleich den sozialen Austausch. Vor der Veranstaltung Während der Veranstaltung Nach der Veranstaltung

Merkblätter
