{"id":2263,"date":"2025-12-23T11:10:11","date_gmt":"2025-12-23T11:10:11","guid":{"rendered":"https:\/\/eventkit.ch\/?post_type=resource&#038;p=2263"},"modified":"2026-03-23T17:56:18","modified_gmt":"2026-03-23T16:56:18","slug":"encourager-la-marche-a-pied","status":"publish","type":"resource","link":"https:\/\/eventkit.ch\/?resource=encourager-la-marche-a-pied&lang=fr","title":{"rendered":"Encourager la marche \u00e0 pied"},"content":{"rendered":"<p>Lorsque le site d\u2019une manifestation est bien desservi par les transports publics, une grande majorit\u00e9 du public peut s\u2019y rendre ais\u00e9ment \u00e0 pied \u2013 totalement ou partiellement, en combinaison avec le train ou le bus.<br><br>Des cheminements pi\u00e9tons s\u00fbrs, bien indiqu\u00e9s et accessibles \u00e0 toutes et tous favorisent la mobilit\u00e9 active, r\u00e9duisent le trafic motoris\u00e9 et contribuent \u00e0 diminuer les \u00e9missions de CO\u2082.<\/p><h2 class=\"wp-block-heading\">Avant la manifestation<\/h2><ul class=\"wp-block-list\"><li>Identifier les itin\u00e9raires pi\u00e9tons reliant les gares et arr\u00eats de bus au site de la manifestation, puis les int\u00e9grer aux plans d\u2019acc\u00e8s.<\/li>\n\n<li>V\u00e9rifier que ces itin\u00e9raires soient accessibles aux personnes \u00e0 mobilit\u00e9 r\u00e9duite ou accompagn\u00e9es d\u2019enfants.<\/li>\n\n<li>Mettre en place une signal\u00e9tique claire, visible et contrast\u00e9e, avec des pictogrammes simples et des caract\u00e8res de grande taille.<\/li>\n\n<li>Indiquer les temps de parcours moyens (\u00e0 environ 4 km\/h) sur les plans et panneaux d\u2019orientation.<\/li>\n\n<li>Si n\u00e9cessaire, coordonner avec la Commune ou la police la fermeture temporaire de certaines routes au trafic motoris\u00e9.<\/li>\n\n<li>Installer une signal\u00e9tique pi\u00e9tonne coh\u00e9rente sur le site de la manifestation.<\/li>\n\n<li>Communiquer en amont sur ces parcours via les diff\u00e9rents canaux : site Internet, programme, r\u00e9seaux sociaux, plans d\u2019acc\u00e8s, etc.<\/li><\/ul><h2 class=\"wp-block-heading\">Pendant la manifestation<\/h2><ul class=\"wp-block-list\"><li>Positionner des b\u00e9n\u00e9voles aux intersections ou passages pi\u00e9tons afin de s\u00e9curiser les travers\u00e9es et fluidifier les d\u00e9placements.<\/li>\n\n<li>Contr\u00f4ler r\u00e9guli\u00e8rement la signal\u00e9tique et la remplacer ou la r\u00e9parer en cas de d\u00e9gradation (intemp\u00e9ries, vandalisme, etc.).<\/li><\/ul><h2 class=\"wp-block-heading\">Apr\u00e8s la manifestation&nbsp;<\/h2><ul class=\"wp-block-list\"><li>D\u00e9monter l\u2019ensemble de la signal\u00e9tique et la stocker soigneusement pour un \u00e9ventuel r\u00e9emploi lors d\u2019une prochaine \u00e9dition.<\/li>\n\n<li>Documenter les retours d\u2019exp\u00e9rience concernant les itin\u00e9raires pi\u00e9tons afin d\u2019am\u00e9liorer le dispositif pour les futures manifestations.<\/li><\/ul><p><\/p>","protected":false},"excerpt":{"rendered":"<p>Lorsque le site d\u2019une manifestation est bien desservi par les transports publics, une grande majorit\u00e9 du public peut s\u2019y rendre ais\u00e9ment \u00e0 pied \u2013 totalement ou partiellement, en combinaison avec le train ou le bus. Des cheminements pi\u00e9tons s\u00fbrs, bien indiqu\u00e9s et accessibles \u00e0 toutes et tous favorisent la mobilit\u00e9 active, r\u00e9duisent le trafic motoris\u00e9 [&hellip;]<\/p>\n","protected":false},"featured_media":2541,"parent":0,"template":"","format":"standard","meta":{"_sitemap_exclude":false,"_sitemap_priority":"","_sitemap_frequency":"","_eventkit_link":"https:\/\/eventkit.ch\/wp-content\/uploads\/2025\/12\/3.2_Encourager_la_marche_a_pied_EVENTKIT_FINAL.pdf"},"resource_category":[185],"audience":[],"contenttype":[216],"class_list":["post-2263","resource","type-resource","status-publish","format-standard","has-post-thumbnail","hentry","resource_category-circulation-transports","contenttype-fiches-dinformation"],"yoast_head":"<!-- This site is optimized with the Yoast SEO plugin v27.3 - https:\/\/yoast.com\/product\/yoast-seo-wordpress\/ -->\n<title>Encourager la marche \u00e0 pied - EventKit<\/title>\n<meta name=\"robots\" content=\"index, follow, max-snippet:-1, max-image-preview:large, max-video-preview:-1\" \/>\n<link rel=\"canonical\" href=\"https:\/\/eventkit.ch\/?resource=encourager-la-marche-a-pied&lang=fr\" \/>\n<meta property=\"og:locale\" content=\"de_DE\" \/>\n<meta property=\"og:type\" content=\"article\" \/>\n<meta property=\"og:title\" content=\"Encourager la marche \u00e0 pied - EventKit\" \/>\n<meta property=\"og:description\" content=\"Lorsque le site d\u2019une manifestation est bien desservi par les transports publics, une grande majorit\u00e9 du public peut s\u2019y rendre ais\u00e9ment \u00e0 pied \u2013 totalement ou partiellement, en combinaison avec le train ou le bus. Des cheminements pi\u00e9tons s\u00fbrs, bien indiqu\u00e9s et accessibles \u00e0 toutes et tous favorisent la mobilit\u00e9 active, r\u00e9duisent le trafic motoris\u00e9 [&hellip;]\" \/>\n<meta property=\"og:url\" content=\"https:\/\/eventkit.ch\/?resource=encourager-la-marche-a-pied&amp;lang=fr\" \/>\n<meta property=\"og:site_name\" content=\"EventKit\" \/>\n<meta property=\"article:modified_time\" content=\"2026-03-23T16:56:18+00:00\" \/>\n<meta property=\"og:image\" content=\"https:\/\/eventkit.ch\/wp-content\/uploads\/2025\/12\/Superblock_Spaziergang_HERO_8.webp\" \/>\n\t<meta property=\"og:image:width\" content=\"2048\" \/>\n\t<meta property=\"og:image:height\" content=\"1385\" \/>\n\t<meta property=\"og:image:type\" content=\"image\/webp\" \/>\n<meta name=\"twitter:card\" content=\"summary_large_image\" \/>\n<meta name=\"twitter:label1\" content=\"Gesch\u00e4tzte Lesezeit\" \/>\n\t<meta name=\"twitter:data1\" content=\"2\u00a0Minuten\" \/>\n<script type=\"application\/ld+json\" class=\"yoast-schema-graph\">{\"@context\":\"https:\\\/\\\/schema.org\",\"@graph\":[{\"@type\":\"WebPage\",\"@id\":\"https:\\\/\\\/eventkit.ch\\\/?resource=encourager-la-marche-a-pied&lang=fr\",\"url\":\"https:\\\/\\\/eventkit.ch\\\/?resource=encourager-la-marche-a-pied&lang=fr\",\"name\":\"Encourager la marche \u00e0 pied - EventKit\",\"isPartOf\":{\"@id\":\"https:\\\/\\\/eventkit.ch\\\/#website\"},\"primaryImageOfPage\":{\"@id\":\"https:\\\/\\\/eventkit.ch\\\/?resource=encourager-la-marche-a-pied&lang=fr#primaryimage\"},\"image\":{\"@id\":\"https:\\\/\\\/eventkit.ch\\\/?resource=encourager-la-marche-a-pied&lang=fr#primaryimage\"},\"thumbnailUrl\":\"https:\\\/\\\/eventkit.ch\\\/wp-content\\\/uploads\\\/2025\\\/12\\\/Superblock_Spaziergang_HERO_8.webp\",\"datePublished\":\"2025-12-23T11:10:11+00:00\",\"dateModified\":\"2026-03-23T16:56:18+00:00\",\"breadcrumb\":{\"@id\":\"https:\\\/\\\/eventkit.ch\\\/?resource=encourager-la-marche-a-pied&lang=fr#breadcrumb\"},\"inLanguage\":\"de\",\"potentialAction\":[{\"@type\":\"ReadAction\",\"target\":[\"https:\\\/\\\/eventkit.ch\\\/?resource=encourager-la-marche-a-pied&lang=fr\"]}]},{\"@type\":\"ImageObject\",\"inLanguage\":\"de\",\"@id\":\"https:\\\/\\\/eventkit.ch\\\/?resource=encourager-la-marche-a-pied&lang=fr#primaryimage\",\"url\":\"https:\\\/\\\/eventkit.ch\\\/wp-content\\\/uploads\\\/2025\\\/12\\\/Superblock_Spaziergang_HERO_8.webp\",\"contentUrl\":\"https:\\\/\\\/eventkit.ch\\\/wp-content\\\/uploads\\\/2025\\\/12\\\/Superblock_Spaziergang_HERO_8.webp\",\"width\":2048,\"height\":1385},{\"@type\":\"BreadcrumbList\",\"@id\":\"https:\\\/\\\/eventkit.ch\\\/?resource=encourager-la-marche-a-pied&lang=fr#breadcrumb\",\"itemListElement\":[{\"@type\":\"ListItem\",\"position\":1,\"name\":\"Home\",\"item\":\"https:\\\/\\\/eventkit.ch\\\/\"},{\"@type\":\"ListItem\",\"position\":2,\"name\":\"Merkbl\u00e4tter\",\"item\":\"https:\\\/\\\/eventkit.ch\\\/?post_type=resource&lang=fr\"},{\"@type\":\"ListItem\",\"position\":3,\"name\":\"Encourager la marche \u00e0 pied\"}]},{\"@type\":\"WebSite\",\"@id\":\"https:\\\/\\\/eventkit.ch\\\/#website\",\"url\":\"https:\\\/\\\/eventkit.ch\\\/\",\"name\":\"EventKit\",\"description\":\"Nachhaltigkeit, die wirkt: Dein Event im Check.\",\"publisher\":{\"@id\":\"https:\\\/\\\/eventkit.ch\\\/#organization\"},\"potentialAction\":[{\"@type\":\"SearchAction\",\"target\":{\"@type\":\"EntryPoint\",\"urlTemplate\":\"https:\\\/\\\/eventkit.ch\\\/?s={search_term_string}\"},\"query-input\":{\"@type\":\"PropertyValueSpecification\",\"valueRequired\":true,\"valueName\":\"search_term_string\"}}],\"inLanguage\":\"de\"},{\"@type\":\"Organization\",\"@id\":\"https:\\\/\\\/eventkit.ch\\\/#organization\",\"name\":\"EventKit\",\"url\":\"https:\\\/\\\/eventkit.ch\\\/\",\"logo\":{\"@type\":\"ImageObject\",\"inLanguage\":\"de\",\"@id\":\"https:\\\/\\\/eventkit.ch\\\/#\\\/schema\\\/logo\\\/image\\\/\",\"url\":\"https:\\\/\\\/eventkit.ch\\\/wp-content\\\/uploads\\\/2025\\\/11\\\/android-icon-144x144-1.png\",\"contentUrl\":\"https:\\\/\\\/eventkit.ch\\\/wp-content\\\/uploads\\\/2025\\\/11\\\/android-icon-144x144-1.png\",\"width\":144,\"height\":144,\"caption\":\"EventKit\"},\"image\":{\"@id\":\"https:\\\/\\\/eventkit.ch\\\/#\\\/schema\\\/logo\\\/image\\\/\"}}]}<\/script>\n<!-- \/ Yoast SEO plugin. -->","yoast_head_json":{"title":"Encourager la marche \u00e0 pied - EventKit","robots":{"index":"index","follow":"follow","max-snippet":"max-snippet:-1","max-image-preview":"max-image-preview:large","max-video-preview":"max-video-preview:-1"},"canonical":"https:\/\/eventkit.ch\/?resource=encourager-la-marche-a-pied&lang=fr","og_locale":"de_DE","og_type":"article","og_title":"Encourager la marche \u00e0 pied - EventKit","og_description":"Lorsque le site d\u2019une manifestation est bien desservi par les transports publics, une grande majorit\u00e9 du public peut s\u2019y rendre ais\u00e9ment \u00e0 pied \u2013 totalement ou partiellement, en combinaison avec le train ou le bus. Des cheminements pi\u00e9tons s\u00fbrs, bien indiqu\u00e9s et accessibles \u00e0 toutes et tous favorisent la mobilit\u00e9 active, r\u00e9duisent le trafic motoris\u00e9 [&hellip;]","og_url":"https:\/\/eventkit.ch\/?resource=encourager-la-marche-a-pied&lang=fr","og_site_name":"EventKit","article_modified_time":"2026-03-23T16:56:18+00:00","og_image":[{"width":2048,"height":1385,"url":"https:\/\/eventkit.ch\/wp-content\/uploads\/2025\/12\/Superblock_Spaziergang_HERO_8.webp","type":"image\/webp"}],"twitter_card":"summary_large_image","twitter_misc":{"Gesch\u00e4tzte Lesezeit":"2\u00a0Minuten"},"schema":{"@context":"https:\/\/schema.org","@graph":[{"@type":"WebPage","@id":"https:\/\/eventkit.ch\/?resource=encourager-la-marche-a-pied&lang=fr","url":"https:\/\/eventkit.ch\/?resource=encourager-la-marche-a-pied&lang=fr","name":"Encourager la marche \u00e0 pied - EventKit","isPartOf":{"@id":"https:\/\/eventkit.ch\/#website"},"primaryImageOfPage":{"@id":"https:\/\/eventkit.ch\/?resource=encourager-la-marche-a-pied&lang=fr#primaryimage"},"image":{"@id":"https:\/\/eventkit.ch\/?resource=encourager-la-marche-a-pied&lang=fr#primaryimage"},"thumbnailUrl":"https:\/\/eventkit.ch\/wp-content\/uploads\/2025\/12\/Superblock_Spaziergang_HERO_8.webp","datePublished":"2025-12-23T11:10:11+00:00","dateModified":"2026-03-23T16:56:18+00:00","breadcrumb":{"@id":"https:\/\/eventkit.ch\/?resource=encourager-la-marche-a-pied&lang=fr#breadcrumb"},"inLanguage":"de","potentialAction":[{"@type":"ReadAction","target":["https:\/\/eventkit.ch\/?resource=encourager-la-marche-a-pied&lang=fr"]}]},{"@type":"ImageObject","inLanguage":"de","@id":"https:\/\/eventkit.ch\/?resource=encourager-la-marche-a-pied&lang=fr#primaryimage","url":"https:\/\/eventkit.ch\/wp-content\/uploads\/2025\/12\/Superblock_Spaziergang_HERO_8.webp","contentUrl":"https:\/\/eventkit.ch\/wp-content\/uploads\/2025\/12\/Superblock_Spaziergang_HERO_8.webp","width":2048,"height":1385},{"@type":"BreadcrumbList","@id":"https:\/\/eventkit.ch\/?resource=encourager-la-marche-a-pied&lang=fr#breadcrumb","itemListElement":[{"@type":"ListItem","position":1,"name":"Home","item":"https:\/\/eventkit.ch\/"},{"@type":"ListItem","position":2,"name":"Merkbl\u00e4tter","item":"https:\/\/eventkit.ch\/?post_type=resource&lang=fr"},{"@type":"ListItem","position":3,"name":"Encourager la marche \u00e0 pied"}]},{"@type":"WebSite","@id":"https:\/\/eventkit.ch\/#website","url":"https:\/\/eventkit.ch\/","name":"EventKit","description":"Nachhaltigkeit, die wirkt: Dein Event im Check.","publisher":{"@id":"https:\/\/eventkit.ch\/#organization"},"potentialAction":[{"@type":"SearchAction","target":{"@type":"EntryPoint","urlTemplate":"https:\/\/eventkit.ch\/?s={search_term_string}"},"query-input":{"@type":"PropertyValueSpecification","valueRequired":true,"valueName":"search_term_string"}}],"inLanguage":"de"},{"@type":"Organization","@id":"https:\/\/eventkit.ch\/#organization","name":"EventKit","url":"https:\/\/eventkit.ch\/","logo":{"@type":"ImageObject","inLanguage":"de","@id":"https:\/\/eventkit.ch\/#\/schema\/logo\/image\/","url":"https:\/\/eventkit.ch\/wp-content\/uploads\/2025\/11\/android-icon-144x144-1.png","contentUrl":"https:\/\/eventkit.ch\/wp-content\/uploads\/2025\/11\/android-icon-144x144-1.png","width":144,"height":144,"caption":"EventKit"},"image":{"@id":"https:\/\/eventkit.ch\/#\/schema\/logo\/image\/"}}]}},"_links":{"self":[{"href":"https:\/\/eventkit.ch\/index.php?rest_route=\/wp\/v2\/resource\/2263","targetHints":{"allow":["GET"]}}],"collection":[{"href":"https:\/\/eventkit.ch\/index.php?rest_route=\/wp\/v2\/resource"}],"about":[{"href":"https:\/\/eventkit.ch\/index.php?rest_route=\/wp\/v2\/types\/resource"}],"wp:featuredmedia":[{"embeddable":true,"href":"https:\/\/eventkit.ch\/index.php?rest_route=\/wp\/v2\/media\/2541"}],"wp:attachment":[{"href":"https:\/\/eventkit.ch\/index.php?rest_route=%2Fwp%2Fv2%2Fmedia&parent=2263"}],"wp:term":[{"taxonomy":"resource_category","embeddable":true,"href":"https:\/\/eventkit.ch\/index.php?rest_route=%2Fwp%2Fv2%2Fresource_category&post=2263"},{"taxonomy":"audience","embeddable":true,"href":"https:\/\/eventkit.ch\/index.php?rest_route=%2Fwp%2Fv2%2Faudience&post=2263"},{"taxonomy":"contenttype","embeddable":true,"href":"https:\/\/eventkit.ch\/index.php?rest_route=%2Fwp%2Fv2%2Fcontenttype&post=2263"}],"curies":[{"name":"wp","href":"https:\/\/api.w.org\/{rel}","templated":true}]}}

Encourager la marche à pied

<p>Lorsque le site d’une manifestation est bien desservi par les transports publics, une grande majorité du public peut s’y rendre aisément à pied – totalement ou partiellement, en combinaison avec le train ou le bus.<br><br>Des cheminements piétons sûrs, bien indiqués et accessibles à toutes et tous favorisent la mobilité active, réduisent le trafic motorisé et contribuent à diminuer les émissions de CO₂.</p><h2 class="wp-block-heading">Avant la manifestation</h2><ul class="wp-block-list"><li>Identifier les itinéraires piétons reliant les gares et arrêts de bus au site de la manifestation, puis les intégrer aux plans d’accès.</li>

<li>Vérifier que ces itinéraires soient accessibles aux personnes à mobilité réduite ou accompagnées d’enfants.</li>

<li>Mettre en place une signalétique claire, visible et contrastée, avec des pictogrammes simples et des caractères de grande taille.</li>

<li>Indiquer les temps de parcours moyens (à environ 4 km/h) sur les plans et panneaux d’orientation.</li>

<li>Si nécessaire, coordonner avec la Commune ou la police la fermeture temporaire de certaines routes au trafic motorisé.</li>

<li>Installer une signalétique piétonne cohérente sur le site de la manifestation.</li>

<li>Communiquer en amont sur ces parcours via les différents canaux : site Internet, programme, réseaux sociaux, plans d’accès, etc.</li></ul><h2 class="wp-block-heading">Pendant la manifestation</h2><ul class="wp-block-list"><li>Positionner des bénévoles aux intersections ou passages piétons afin de sécuriser les traversées et fluidifier les déplacements.</li>

<li>Contrôler régulièrement la signalétique et la remplacer ou la réparer en cas de dégradation (intempéries, vandalisme, etc.).</li></ul><h2 class="wp-block-heading">Après la manifestation&nbsp;</h2><ul class="wp-block-list"><li>Démonter l’ensemble de la signalétique et la stocker soigneusement pour un éventuel réemploi lors d’une prochaine édition.</li>

<li>Documenter les retours d’expérience concernant les itinéraires piétons afin d’améliorer le dispositif pour les futures manifestations.</li></ul><p></p>

<p>Lorsque le site d’une manifestation est bien desservi par les transports publics, une grande majorité du public peut s’y rendre aisément à pied – totalement ou partiellement, en combinaison avec le train ou le bus. Des cheminements piétons sûrs, bien indiqués et accessibles à toutes et tous favorisent la mobilité active, réduisent le trafic motorisé [&hellip;]</p>

<!-- This site is optimized with the Yoast SEO plugin v27.3 - https://yoast.com/product/yoast-seo-wordpress/ -->
<title>Encourager la marche à pied - EventKit</title>
<meta name="robots" content="index, follow, max-snippet:-1, max-image-preview:large, max-video-preview:-1" />
<link rel="canonical" href="https://eventkit.ch/?resource=encourager-la-marche-a-pied&lang=fr" />
<meta property="og:locale" content="de_DE" />
<meta property="og:type" content="article" />
<meta property="og:title" content="Encourager la marche à pied - EventKit" />
<meta property="og:description" content="Lorsque le site d’une manifestation est bien desservi par les transports publics, une grande majorité du public peut s’y rendre aisément à pied – totalement ou partiellement, en combinaison avec le train ou le bus. Des cheminements piétons sûrs, bien indiqués et accessibles à toutes et tous favorisent la mobilité active, réduisent le trafic motorisé [&hellip;]" />
<meta property="og:url" content="https://eventkit.ch/?resource=encourager-la-marche-a-pied&amp;lang=fr" />
<meta property="og:site_name" content="EventKit" />
<meta property="article:modified_time" content="2026-03-23T16:56:18+00:00" />
<meta property="og:image" content="https://eventkit.ch/wp-content/uploads/2025/12/Superblock_Spaziergang_HERO_8.webp" />
	<meta property="og:image:width" content="2048" />
	<meta property="og:image:height" content="1385" />
	<meta property="og:image:type" content="image/webp" />
<meta name="twitter:card" content="summary_large_image" />
<meta name="twitter:label1" content="Geschätzte Lesezeit" />
	<meta name="twitter:data1" content="2 Minuten" />
<script type="application/ld+json" class="yoast-schema-graph">{"@context":"https:\/\/schema.org","@graph":[{"@type":"WebPage","@id":"https:\/\/eventkit.ch\/?resource=encourager-la-marche-a-pied&lang=fr","url":"https:\/\/eventkit.ch\/?resource=encourager-la-marche-a-pied&lang=fr","name":"Encourager la marche à pied - EventKit","isPartOf":{"@id":"https:\/\/eventkit.ch\/#website"},"primaryImageOfPage":{"@id":"https:\/\/eventkit.ch\/?resource=encourager-la-marche-a-pied&lang=fr#primaryimage"},"image":{"@id":"https:\/\/eventkit.ch\/?resource=encourager-la-marche-a-pied&lang=fr#primaryimage"},"thumbnailUrl":"https:\/\/eventkit.ch\/wp-content\/uploads\/2025\/12\/Superblock_Spaziergang_HERO_8.webp","datePublished":"2025-12-23T11:10:11+00:00","dateModified":"2026-03-23T16:56:18+00:00","breadcrumb":{"@id":"https:\/\/eventkit.ch\/?resource=encourager-la-marche-a-pied&lang=fr#breadcrumb"},"inLanguage":"de","potentialAction":[{"@type":"ReadAction","target":["https:\/\/eventkit.ch\/?resource=encourager-la-marche-a-pied&lang=fr"]}]},{"@type":"ImageObject","inLanguage":"de","@id":"https:\/\/eventkit.ch\/?resource=encourager-la-marche-a-pied&lang=fr#primaryimage","url":"https:\/\/eventkit.ch\/wp-content\/uploads\/2025\/12\/Superblock_Spaziergang_HERO_8.webp","contentUrl":"https:\/\/eventkit.ch\/wp-content\/uploads\/2025\/12\/Superblock_Spaziergang_HERO_8.webp","width":2048,"height":1385},{"@type":"BreadcrumbList","@id":"https:\/\/eventkit.ch\/?resource=encourager-la-marche-a-pied&lang=fr#breadcrumb","itemListElement":[{"@type":"ListItem","position":1,"name":"Home","item":"https:\/\/eventkit.ch\/"},{"@type":"ListItem","position":2,"name":"Merkblätter","item":"https:\/\/eventkit.ch\/?post_type=resource&lang=fr"},{"@type":"ListItem","position":3,"name":"Encourager la marche à pied"}]},{"@type":"WebSite","@id":"https:\/\/eventkit.ch\/#website","url":"https:\/\/eventkit.ch\/","name":"EventKit","description":"Nachhaltigkeit, die wirkt: Dein Event im Check.","publisher":{"@id":"https:\/\/eventkit.ch\/#organization"},"potentialAction":[{"@type":"SearchAction","target":{"@type":"EntryPoint","urlTemplate":"https:\/\/eventkit.ch\/?s={search_term_string}"},"query-input":{"@type":"PropertyValueSpecification","valueRequired":true,"valueName":"search_term_string"}}],"inLanguage":"de"},{"@type":"Organization","@id":"https:\/\/eventkit.ch\/#organization","name":"EventKit","url":"https:\/\/eventkit.ch\/","logo":{"@type":"ImageObject","inLanguage":"de","@id":"https:\/\/eventkit.ch\/#\/schema\/logo\/image\/","url":"https:\/\/eventkit.ch\/wp-content\/uploads\/2025\/11\/android-icon-144x144-1.png","contentUrl":"https:\/\/eventkit.ch\/wp-content\/uploads\/2025\/11\/android-icon-144x144-1.png","width":144,"height":144,"caption":"EventKit"},"image":{"@id":"https:\/\/eventkit.ch\/#\/schema\/logo\/image\/"}}]}</script>
<!-- / Yoast SEO plugin. -->

Encourager la marche à pied - EventKit

Lorsque le site d’une manifestation est bien desservi par les transports publics, une grande majorité du public peut s’y rendre aisément à pied – totalement ou partiellement, en combinaison avec le train ou le bus. Des cheminements piétons sûrs, bien indiqués et accessibles à toutes et tous favorisent la mobilité active, réduisent le trafic motorisé [&hellip;]

Merkblätter
