{"id":2114,"date":"2025-12-22T11:13:43","date_gmt":"2025-12-22T11:13:43","guid":{"rendered":"https:\/\/eventkit.ch\/?post_type=resource&#038;p=2114"},"modified":"2026-03-23T18:19:23","modified_gmt":"2026-03-23T17:19:23","slug":"sensibiliser-les-parties-prenantes-internes","status":"publish","type":"resource","link":"https:\/\/eventkit.ch\/?resource=sensibiliser-les-parties-prenantes-internes&lang=fr","title":{"rendered":"Sensibiliser les parties prenantes internes"},"content":{"rendered":"<p>La sensibilisation des parties prenantes internes renforce l\u2019engagement en faveur du d\u00e9veloppement durable, am\u00e9liore la compr\u00e9hension des objectifs et des actions, et favorise la coh\u00e9rence et la pertinence de la d\u00e9marche.<\/p><h2 class=\"wp-block-heading\"><strong><em><u>Avant la manifestation<\/u><\/em><\/strong><\/h2><ul class=\"wp-block-list\"><li>Inviter, en pr\u00e9sence du comit\u00e9 d\u2019organisation, les parties prenantes internes (toute personne ou service\/comit\u00e9 impliqu\u00e9 dans la mise en place de la manifestation) \u00e0 une pr\u00e9sentation sur les enjeux et les impacts de durabilit\u00e9 d\u2019une manifestation<\/li>\n\n<li>Pr\u00e9senter la vision du comit\u00e9 d\u2019organisation, les objectifs et les actions retenues<\/li>\n\n<li>Mettre en \u00e9vidence le r\u00f4le primordial des parties prenantes internes dans l\u2019atteinte des objectifs et le cas \u00e9ch\u00e9ant les responsabilit\u00e9s sp\u00e9cifiques<\/li>\n\n<li>Laisser un temps de parole aux participants (questions, propositions, \u2026)<\/li>\n\n<li>\u00c9laborer une charte (ou un engagement formel) d\u00e9finissant clairement les principes et attentes en mati\u00e8re de durabilit\u00e9.<\/li><\/ul><h2 class=\"wp-block-heading\"><strong><em><u>Pendant la manifestation<\/u><\/em><\/strong><\/h2><ul class=\"wp-block-list\"><li>Communiquer r\u00e9guli\u00e8rement et de mani\u00e8re transparente sur les progr\u00e8s r\u00e9alis\u00e9s.<\/li>\n\n<li>Rendre la charte facilement accessible (site Internet, e-mails, affichage aux points cl\u00e9s).<\/li><\/ul><h2 class=\"wp-block-heading\"><strong><em><u>Apr\u00e8s la manifestation<\/u><\/em><\/strong><\/h2><ul class=\"wp-block-list\"><li>Organiser une s\u00e9ance de cl\u00f4ture avec pr\u00e9sentation du bilan de la durabilit\u00e9<\/li>\n\n<li>Pr\u00e9senter de mani\u00e8re transparente les succ\u00e8s et les points \u00e0 am\u00e9liorer<\/li>\n\n<li>Valoriser le r\u00f4le des parties prenantes internes<\/li><\/ul>","protected":false},"excerpt":{"rendered":"<p>La sensibilisation des parties prenantes internes renforce l\u2019engagement en faveur du d\u00e9veloppement durable, am\u00e9liore la compr\u00e9hension des objectifs et des actions, et favorise la coh\u00e9rence et la pertinence de la d\u00e9marche. Avant la manifestation Pendant la manifestation Apr\u00e8s la manifestation<\/p>\n","protected":false},"featured_media":2029,"parent":0,"template":"","format":"standard","meta":{"_sitemap_exclude":false,"_sitemap_priority":"","_sitemap_frequency":"","_eventkit_link":"https:\/\/eventkit.ch\/wp-content\/uploads\/2025\/12\/1.10_Sensibiliser_les_parties_prenantes_EVENTKIT_FINAL.pdf"},"resource_category":[187],"audience":[],"contenttype":[216],"class_list":["post-2114","resource","type-resource","status-publish","format-standard","has-post-thumbnail","hentry","resource_category-organisation-communication","contenttype-fiches-dinformation"],"yoast_head":"<!-- This site is optimized with the Yoast SEO plugin v27.3 - https:\/\/yoast.com\/product\/yoast-seo-wordpress\/ -->\n<title>Sensibiliser les parties prenantes internes - EventKit<\/title>\n<meta name=\"robots\" content=\"index, follow, max-snippet:-1, max-image-preview:large, max-video-preview:-1\" \/>\n<link rel=\"canonical\" href=\"https:\/\/eventkit.ch\/?resource=sensibiliser-les-parties-prenantes-internes&lang=fr\" \/>\n<meta property=\"og:locale\" content=\"de_DE\" \/>\n<meta property=\"og:type\" content=\"article\" \/>\n<meta property=\"og:title\" content=\"Sensibiliser les parties prenantes internes - EventKit\" \/>\n<meta property=\"og:description\" content=\"La sensibilisation des parties prenantes internes renforce l\u2019engagement en faveur du d\u00e9veloppement durable, am\u00e9liore la compr\u00e9hension des objectifs et des actions, et favorise la coh\u00e9rence et la pertinence de la d\u00e9marche. Avant la manifestation Pendant la manifestation Apr\u00e8s la manifestation\" \/>\n<meta property=\"og:url\" content=\"https:\/\/eventkit.ch\/?resource=sensibiliser-les-parties-prenantes-internes&amp;lang=fr\" \/>\n<meta property=\"og:site_name\" content=\"EventKit\" \/>\n<meta property=\"article:modified_time\" content=\"2026-03-23T17:19:23+00:00\" \/>\n<meta property=\"og:image\" content=\"https:\/\/eventkit.ch\/wp-content\/uploads\/2025\/12\/IMG_2857jazz_sur_plage-scaled.jpg\" \/>\n\t<meta property=\"og:image:width\" content=\"2560\" \/>\n\t<meta property=\"og:image:height\" content=\"1707\" \/>\n\t<meta property=\"og:image:type\" content=\"image\/jpeg\" \/>\n<meta name=\"twitter:card\" content=\"summary_large_image\" \/>\n<meta name=\"twitter:label1\" content=\"Gesch\u00e4tzte Lesezeit\" \/>\n\t<meta name=\"twitter:data1\" content=\"2\u00a0Minuten\" \/>\n<script type=\"application\/ld+json\" class=\"yoast-schema-graph\">{\"@context\":\"https:\\\/\\\/schema.org\",\"@graph\":[{\"@type\":\"WebPage\",\"@id\":\"https:\\\/\\\/eventkit.ch\\\/?resource=sensibiliser-les-parties-prenantes-internes&lang=fr\",\"url\":\"https:\\\/\\\/eventkit.ch\\\/?resource=sensibiliser-les-parties-prenantes-internes&lang=fr\",\"name\":\"Sensibiliser les parties prenantes internes - EventKit\",\"isPartOf\":{\"@id\":\"https:\\\/\\\/eventkit.ch\\\/#website\"},\"primaryImageOfPage\":{\"@id\":\"https:\\\/\\\/eventkit.ch\\\/?resource=sensibiliser-les-parties-prenantes-internes&lang=fr#primaryimage\"},\"image\":{\"@id\":\"https:\\\/\\\/eventkit.ch\\\/?resource=sensibiliser-les-parties-prenantes-internes&lang=fr#primaryimage\"},\"thumbnailUrl\":\"https:\\\/\\\/eventkit.ch\\\/wp-content\\\/uploads\\\/2025\\\/12\\\/IMG_2857jazz_sur_plage-scaled.jpg\",\"datePublished\":\"2025-12-22T11:13:43+00:00\",\"dateModified\":\"2026-03-23T17:19:23+00:00\",\"breadcrumb\":{\"@id\":\"https:\\\/\\\/eventkit.ch\\\/?resource=sensibiliser-les-parties-prenantes-internes&lang=fr#breadcrumb\"},\"inLanguage\":\"de\",\"potentialAction\":[{\"@type\":\"ReadAction\",\"target\":[\"https:\\\/\\\/eventkit.ch\\\/?resource=sensibiliser-les-parties-prenantes-internes&lang=fr\"]}]},{\"@type\":\"ImageObject\",\"inLanguage\":\"de\",\"@id\":\"https:\\\/\\\/eventkit.ch\\\/?resource=sensibiliser-les-parties-prenantes-internes&lang=fr#primaryimage\",\"url\":\"https:\\\/\\\/eventkit.ch\\\/wp-content\\\/uploads\\\/2025\\\/12\\\/IMG_2857jazz_sur_plage-scaled.jpg\",\"contentUrl\":\"https:\\\/\\\/eventkit.ch\\\/wp-content\\\/uploads\\\/2025\\\/12\\\/IMG_2857jazz_sur_plage-scaled.jpg\",\"width\":2560,\"height\":1707},{\"@type\":\"BreadcrumbList\",\"@id\":\"https:\\\/\\\/eventkit.ch\\\/?resource=sensibiliser-les-parties-prenantes-internes&lang=fr#breadcrumb\",\"itemListElement\":[{\"@type\":\"ListItem\",\"position\":1,\"name\":\"Home\",\"item\":\"https:\\\/\\\/eventkit.ch\\\/\"},{\"@type\":\"ListItem\",\"position\":2,\"name\":\"Merkbl\u00e4tter\",\"item\":\"https:\\\/\\\/eventkit.ch\\\/?post_type=resource&lang=fr\"},{\"@type\":\"ListItem\",\"position\":3,\"name\":\"Sensibiliser les parties prenantes internes\"}]},{\"@type\":\"WebSite\",\"@id\":\"https:\\\/\\\/eventkit.ch\\\/#website\",\"url\":\"https:\\\/\\\/eventkit.ch\\\/\",\"name\":\"EventKit\",\"description\":\"Nachhaltigkeit, die wirkt: Dein Event im Check.\",\"publisher\":{\"@id\":\"https:\\\/\\\/eventkit.ch\\\/#organization\"},\"potentialAction\":[{\"@type\":\"SearchAction\",\"target\":{\"@type\":\"EntryPoint\",\"urlTemplate\":\"https:\\\/\\\/eventkit.ch\\\/?s={search_term_string}\"},\"query-input\":{\"@type\":\"PropertyValueSpecification\",\"valueRequired\":true,\"valueName\":\"search_term_string\"}}],\"inLanguage\":\"de\"},{\"@type\":\"Organization\",\"@id\":\"https:\\\/\\\/eventkit.ch\\\/#organization\",\"name\":\"EventKit\",\"url\":\"https:\\\/\\\/eventkit.ch\\\/\",\"logo\":{\"@type\":\"ImageObject\",\"inLanguage\":\"de\",\"@id\":\"https:\\\/\\\/eventkit.ch\\\/#\\\/schema\\\/logo\\\/image\\\/\",\"url\":\"https:\\\/\\\/eventkit.ch\\\/wp-content\\\/uploads\\\/2025\\\/11\\\/android-icon-144x144-1.png\",\"contentUrl\":\"https:\\\/\\\/eventkit.ch\\\/wp-content\\\/uploads\\\/2025\\\/11\\\/android-icon-144x144-1.png\",\"width\":144,\"height\":144,\"caption\":\"EventKit\"},\"image\":{\"@id\":\"https:\\\/\\\/eventkit.ch\\\/#\\\/schema\\\/logo\\\/image\\\/\"}}]}<\/script>\n<!-- \/ Yoast SEO plugin. -->","yoast_head_json":{"title":"Sensibiliser les parties prenantes internes - EventKit","robots":{"index":"index","follow":"follow","max-snippet":"max-snippet:-1","max-image-preview":"max-image-preview:large","max-video-preview":"max-video-preview:-1"},"canonical":"https:\/\/eventkit.ch\/?resource=sensibiliser-les-parties-prenantes-internes&lang=fr","og_locale":"de_DE","og_type":"article","og_title":"Sensibiliser les parties prenantes internes - EventKit","og_description":"La sensibilisation des parties prenantes internes renforce l\u2019engagement en faveur du d\u00e9veloppement durable, am\u00e9liore la compr\u00e9hension des objectifs et des actions, et favorise la coh\u00e9rence et la pertinence de la d\u00e9marche. Avant la manifestation Pendant la manifestation Apr\u00e8s la manifestation","og_url":"https:\/\/eventkit.ch\/?resource=sensibiliser-les-parties-prenantes-internes&lang=fr","og_site_name":"EventKit","article_modified_time":"2026-03-23T17:19:23+00:00","og_image":[{"width":2560,"height":1707,"url":"https:\/\/eventkit.ch\/wp-content\/uploads\/2025\/12\/IMG_2857jazz_sur_plage-scaled.jpg","type":"image\/jpeg"}],"twitter_card":"summary_large_image","twitter_misc":{"Gesch\u00e4tzte Lesezeit":"2\u00a0Minuten"},"schema":{"@context":"https:\/\/schema.org","@graph":[{"@type":"WebPage","@id":"https:\/\/eventkit.ch\/?resource=sensibiliser-les-parties-prenantes-internes&lang=fr","url":"https:\/\/eventkit.ch\/?resource=sensibiliser-les-parties-prenantes-internes&lang=fr","name":"Sensibiliser les parties prenantes internes - EventKit","isPartOf":{"@id":"https:\/\/eventkit.ch\/#website"},"primaryImageOfPage":{"@id":"https:\/\/eventkit.ch\/?resource=sensibiliser-les-parties-prenantes-internes&lang=fr#primaryimage"},"image":{"@id":"https:\/\/eventkit.ch\/?resource=sensibiliser-les-parties-prenantes-internes&lang=fr#primaryimage"},"thumbnailUrl":"https:\/\/eventkit.ch\/wp-content\/uploads\/2025\/12\/IMG_2857jazz_sur_plage-scaled.jpg","datePublished":"2025-12-22T11:13:43+00:00","dateModified":"2026-03-23T17:19:23+00:00","breadcrumb":{"@id":"https:\/\/eventkit.ch\/?resource=sensibiliser-les-parties-prenantes-internes&lang=fr#breadcrumb"},"inLanguage":"de","potentialAction":[{"@type":"ReadAction","target":["https:\/\/eventkit.ch\/?resource=sensibiliser-les-parties-prenantes-internes&lang=fr"]}]},{"@type":"ImageObject","inLanguage":"de","@id":"https:\/\/eventkit.ch\/?resource=sensibiliser-les-parties-prenantes-internes&lang=fr#primaryimage","url":"https:\/\/eventkit.ch\/wp-content\/uploads\/2025\/12\/IMG_2857jazz_sur_plage-scaled.jpg","contentUrl":"https:\/\/eventkit.ch\/wp-content\/uploads\/2025\/12\/IMG_2857jazz_sur_plage-scaled.jpg","width":2560,"height":1707},{"@type":"BreadcrumbList","@id":"https:\/\/eventkit.ch\/?resource=sensibiliser-les-parties-prenantes-internes&lang=fr#breadcrumb","itemListElement":[{"@type":"ListItem","position":1,"name":"Home","item":"https:\/\/eventkit.ch\/"},{"@type":"ListItem","position":2,"name":"Merkbl\u00e4tter","item":"https:\/\/eventkit.ch\/?post_type=resource&lang=fr"},{"@type":"ListItem","position":3,"name":"Sensibiliser les parties prenantes internes"}]},{"@type":"WebSite","@id":"https:\/\/eventkit.ch\/#website","url":"https:\/\/eventkit.ch\/","name":"EventKit","description":"Nachhaltigkeit, die wirkt: Dein Event im Check.","publisher":{"@id":"https:\/\/eventkit.ch\/#organization"},"potentialAction":[{"@type":"SearchAction","target":{"@type":"EntryPoint","urlTemplate":"https:\/\/eventkit.ch\/?s={search_term_string}"},"query-input":{"@type":"PropertyValueSpecification","valueRequired":true,"valueName":"search_term_string"}}],"inLanguage":"de"},{"@type":"Organization","@id":"https:\/\/eventkit.ch\/#organization","name":"EventKit","url":"https:\/\/eventkit.ch\/","logo":{"@type":"ImageObject","inLanguage":"de","@id":"https:\/\/eventkit.ch\/#\/schema\/logo\/image\/","url":"https:\/\/eventkit.ch\/wp-content\/uploads\/2025\/11\/android-icon-144x144-1.png","contentUrl":"https:\/\/eventkit.ch\/wp-content\/uploads\/2025\/11\/android-icon-144x144-1.png","width":144,"height":144,"caption":"EventKit"},"image":{"@id":"https:\/\/eventkit.ch\/#\/schema\/logo\/image\/"}}]}},"_links":{"self":[{"href":"https:\/\/eventkit.ch\/index.php?rest_route=\/wp\/v2\/resource\/2114","targetHints":{"allow":["GET"]}}],"collection":[{"href":"https:\/\/eventkit.ch\/index.php?rest_route=\/wp\/v2\/resource"}],"about":[{"href":"https:\/\/eventkit.ch\/index.php?rest_route=\/wp\/v2\/types\/resource"}],"wp:featuredmedia":[{"embeddable":true,"href":"https:\/\/eventkit.ch\/index.php?rest_route=\/wp\/v2\/media\/2029"}],"wp:attachment":[{"href":"https:\/\/eventkit.ch\/index.php?rest_route=%2Fwp%2Fv2%2Fmedia&parent=2114"}],"wp:term":[{"taxonomy":"resource_category","embeddable":true,"href":"https:\/\/eventkit.ch\/index.php?rest_route=%2Fwp%2Fv2%2Fresource_category&post=2114"},{"taxonomy":"audience","embeddable":true,"href":"https:\/\/eventkit.ch\/index.php?rest_route=%2Fwp%2Fv2%2Faudience&post=2114"},{"taxonomy":"contenttype","embeddable":true,"href":"https:\/\/eventkit.ch\/index.php?rest_route=%2Fwp%2Fv2%2Fcontenttype&post=2114"}],"curies":[{"name":"wp","href":"https:\/\/api.w.org\/{rel}","templated":true}]}}

<p>La sensibilisation des parties prenantes internes renforce l’engagement en faveur du développement durable, améliore la compréhension des objectifs et des actions, et favorise la cohérence et la pertinence de la démarche.</p><h2 class="wp-block-heading"><strong><em><u>Avant la manifestation</u></em></strong></h2><ul class="wp-block-list"><li>Inviter, en présence du comité d’organisation, les parties prenantes internes (toute personne ou service/comité impliqué dans la mise en place de la manifestation) à une présentation sur les enjeux et les impacts de durabilité d’une manifestation</li>

<li>Présenter la vision du comité d’organisation, les objectifs et les actions retenues</li>

<li>Mettre en évidence le rôle primordial des parties prenantes internes dans l’atteinte des objectifs et le cas échéant les responsabilités spécifiques</li>

<li>Laisser un temps de parole aux participants (questions, propositions, …)</li>

<li>Élaborer une charte (ou un engagement formel) définissant clairement les principes et attentes en matière de durabilité.</li></ul><h2 class="wp-block-heading"><strong><em><u>Pendant la manifestation</u></em></strong></h2><ul class="wp-block-list"><li>Communiquer régulièrement et de manière transparente sur les progrès réalisés.</li>

<li>Rendre la charte facilement accessible (site Internet, e-mails, affichage aux points clés).</li></ul><h2 class="wp-block-heading"><strong><em><u>Après la manifestation</u></em></strong></h2><ul class="wp-block-list"><li>Organiser une séance de clôture avec présentation du bilan de la durabilité</li>

<li>Présenter de manière transparente les succès et les points à améliorer</li>

<li>Valoriser le rôle des parties prenantes internes</li></ul>

<p>La sensibilisation des parties prenantes internes renforce l’engagement en faveur du développement durable, améliore la compréhension des objectifs et des actions, et favorise la cohérence et la pertinence de la démarche. Avant la manifestation Pendant la manifestation Après la manifestation</p>

<!-- This site is optimized with the Yoast SEO plugin v27.3 - https://yoast.com/product/yoast-seo-wordpress/ -->
<title>Sensibiliser les parties prenantes internes - EventKit</title>
<meta name="robots" content="index, follow, max-snippet:-1, max-image-preview:large, max-video-preview:-1" />
<link rel="canonical" href="https://eventkit.ch/?resource=sensibiliser-les-parties-prenantes-internes&lang=fr" />
<meta property="og:locale" content="de_DE" />
<meta property="og:type" content="article" />
<meta property="og:title" content="Sensibiliser les parties prenantes internes - EventKit" />
<meta property="og:description" content="La sensibilisation des parties prenantes internes renforce l’engagement en faveur du développement durable, améliore la compréhension des objectifs et des actions, et favorise la cohérence et la pertinence de la démarche. Avant la manifestation Pendant la manifestation Après la manifestation" />
<meta property="og:url" content="https://eventkit.ch/?resource=sensibiliser-les-parties-prenantes-internes&amp;lang=fr" />
<meta property="og:site_name" content="EventKit" />
<meta property="article:modified_time" content="2026-03-23T17:19:23+00:00" />
<meta property="og:image" content="https://eventkit.ch/wp-content/uploads/2025/12/IMG_2857jazz_sur_plage-scaled.jpg" />
	<meta property="og:image:width" content="2560" />
	<meta property="og:image:height" content="1707" />
	<meta property="og:image:type" content="image/jpeg" />
<meta name="twitter:card" content="summary_large_image" />
<meta name="twitter:label1" content="Geschätzte Lesezeit" />
	<meta name="twitter:data1" content="2 Minuten" />
<script type="application/ld+json" class="yoast-schema-graph">{"@context":"https:\/\/schema.org","@graph":[{"@type":"WebPage","@id":"https:\/\/eventkit.ch\/?resource=sensibiliser-les-parties-prenantes-internes&lang=fr","url":"https:\/\/eventkit.ch\/?resource=sensibiliser-les-parties-prenantes-internes&lang=fr","name":"Sensibiliser les parties prenantes internes - EventKit","isPartOf":{"@id":"https:\/\/eventkit.ch\/#website"},"primaryImageOfPage":{"@id":"https:\/\/eventkit.ch\/?resource=sensibiliser-les-parties-prenantes-internes&lang=fr#primaryimage"},"image":{"@id":"https:\/\/eventkit.ch\/?resource=sensibiliser-les-parties-prenantes-internes&lang=fr#primaryimage"},"thumbnailUrl":"https:\/\/eventkit.ch\/wp-content\/uploads\/2025\/12\/IMG_2857jazz_sur_plage-scaled.jpg","datePublished":"2025-12-22T11:13:43+00:00","dateModified":"2026-03-23T17:19:23+00:00","breadcrumb":{"@id":"https:\/\/eventkit.ch\/?resource=sensibiliser-les-parties-prenantes-internes&lang=fr#breadcrumb"},"inLanguage":"de","potentialAction":[{"@type":"ReadAction","target":["https:\/\/eventkit.ch\/?resource=sensibiliser-les-parties-prenantes-internes&lang=fr"]}]},{"@type":"ImageObject","inLanguage":"de","@id":"https:\/\/eventkit.ch\/?resource=sensibiliser-les-parties-prenantes-internes&lang=fr#primaryimage","url":"https:\/\/eventkit.ch\/wp-content\/uploads\/2025\/12\/IMG_2857jazz_sur_plage-scaled.jpg","contentUrl":"https:\/\/eventkit.ch\/wp-content\/uploads\/2025\/12\/IMG_2857jazz_sur_plage-scaled.jpg","width":2560,"height":1707},{"@type":"BreadcrumbList","@id":"https:\/\/eventkit.ch\/?resource=sensibiliser-les-parties-prenantes-internes&lang=fr#breadcrumb","itemListElement":[{"@type":"ListItem","position":1,"name":"Home","item":"https:\/\/eventkit.ch\/"},{"@type":"ListItem","position":2,"name":"Merkblätter","item":"https:\/\/eventkit.ch\/?post_type=resource&lang=fr"},{"@type":"ListItem","position":3,"name":"Sensibiliser les parties prenantes internes"}]},{"@type":"WebSite","@id":"https:\/\/eventkit.ch\/#website","url":"https:\/\/eventkit.ch\/","name":"EventKit","description":"Nachhaltigkeit, die wirkt: Dein Event im Check.","publisher":{"@id":"https:\/\/eventkit.ch\/#organization"},"potentialAction":[{"@type":"SearchAction","target":{"@type":"EntryPoint","urlTemplate":"https:\/\/eventkit.ch\/?s={search_term_string}"},"query-input":{"@type":"PropertyValueSpecification","valueRequired":true,"valueName":"search_term_string"}}],"inLanguage":"de"},{"@type":"Organization","@id":"https:\/\/eventkit.ch\/#organization","name":"EventKit","url":"https:\/\/eventkit.ch\/","logo":{"@type":"ImageObject","inLanguage":"de","@id":"https:\/\/eventkit.ch\/#\/schema\/logo\/image\/","url":"https:\/\/eventkit.ch\/wp-content\/uploads\/2025\/11\/android-icon-144x144-1.png","contentUrl":"https:\/\/eventkit.ch\/wp-content\/uploads\/2025\/11\/android-icon-144x144-1.png","width":144,"height":144,"caption":"EventKit"},"image":{"@id":"https:\/\/eventkit.ch\/#\/schema\/logo\/image\/"}}]}</script>
<!-- / Yoast SEO plugin. -->

La sensibilisation des parties prenantes internes renforce l’engagement en faveur du développement durable, améliore la compréhension des objectifs et des actions, et favorise la cohérence et la pertinence de la démarche. Avant la manifestation Pendant la manifestation Après la manifestation

Merkblätter
