{"id":2092,"date":"2025-12-22T10:34:40","date_gmt":"2025-12-22T10:34:40","guid":{"rendered":"https:\/\/eventkit.ch\/?post_type=resource&#038;p=2092"},"modified":"2026-03-23T18:02:16","modified_gmt":"2026-03-23T17:02:16","slug":"informer-et-sensibiliser-le-public","status":"publish","type":"resource","link":"https:\/\/eventkit.ch\/?resource=informer-et-sensibiliser-le-public&lang=fr","title":{"rendered":"Informer et sensibiliser le public"},"content":{"rendered":"<p>Les manifestations offrent une occasion privil\u00e9gi\u00e9e d\u2019informer le public sur les enjeux de la durabilit\u00e9 et de l\u2019inciter \u00e0 adopter des gestes concrets, faciles \u00e0 reproduire au quotidien.<\/p><h2 class=\"wp-block-heading\"><strong><em><u>Avant la manifestation<\/u><\/em><\/strong><\/h2><ul class=\"wp-block-list\"><li>Valoriser la d\u00e9marche de durabilit\u00e9 de la manifestation (vision, objectifs, charte, etc.) en la rendant publique et visible (site Internet, communiqu\u00e9s de presse, section sp\u00e9cifique dans le programme, panneaux d\u2019information, stand durabilit\u00e9, kit d\u2019accueil, etc.). La publicit\u00e9 est affich\u00e9e de fa\u00e7on \u00e0 \u00eatre accessible pour tout le monde et mentionne les mesures d&#8217;accessibilit\u00e9.<\/li>\n\n<li>Communiquer les actions de durabilit\u00e9 entreprises lors de la manifestation, les r\u00e9sultats attendus et le r\u00f4le (et les moyens) du public dans l\u2019atteinte des objectifs (par exemple recours aux transports publics, \u00e0 des h\u00e9bergements labellis\u00e9s, etc.).<\/li>\n\n<li>Cibler les actions mises en place qui impliquent une participation directe du public lors de la manifestation et qui peuvent \u00eatre reproduites dans la vie quotidienne.<\/li>\n\n<li>Pr\u00e9voir une communication claire, simple et visuelle sur le lieu de la manifestation et sur le site Internet afin de guider les comportements du public lors de la manifestation, en particulier dans les lieux o\u00f9 des comportements sp\u00e9cifiques sont attendus (vestiaires, zones de collecte des d\u00e9chets, etc.).<\/li>\n\n<li>Pr\u00e9f\u00e9rer un ton ludique et d\u00e9cal\u00e9 \u00e0 un ton moralisateur et culpabilisant.<\/li>\n\n<li>D\u00e9signer des ambassadrices et ambassadeurs identifiables et porteurs d\u2019un message clair de sensibilisation afin de mobiliser le public.<\/li><\/ul><h2 class=\"wp-block-heading\"><strong><em><u>Pendant la manifestation<\/u><\/em><\/strong><\/h2><ul class=\"wp-block-list\"><li>Assurer une communication efficace et le fonctionnement des dispositifs mis en place.<\/li>\n\n<li>R\u00e9pondre aux questions du public et expliquer les raisons de la d\u00e9marche.<\/li><\/ul><h2 class=\"wp-block-heading\"><strong><em><u>Apr\u00e8s la manifestation<\/u><\/em><\/strong><\/h2><ul class=\"wp-block-list\"><li>Communiquer de mani\u00e8re transparente les r\u00e9sultats et le bilan de la d\u00e9marche.<\/li>\n\n<li>Valoriser les initiatives individuelles, les bonnes pratiques venues de la part des b\u00e9n\u00e9voles ou du public.<\/li>\n\n<li>Remercier le public et les b\u00e9n\u00e9voles de leur collaboration, de leurs efforts et de leur engagement.<\/li><\/ul>","protected":false},"excerpt":{"rendered":"<p>Les manifestations offrent une occasion privil\u00e9gi\u00e9e d\u2019informer le public sur les enjeux de la durabilit\u00e9 et de l\u2019inciter \u00e0 adopter des gestes concrets, faciles \u00e0 reproduire au quotidien. Avant la manifestation Pendant la manifestation Apr\u00e8s la manifestation<\/p>\n","protected":false},"featured_media":1938,"parent":0,"template":"","format":"standard","meta":{"_sitemap_exclude":false,"_sitemap_priority":"","_sitemap_frequency":"","_eventkit_link":"https:\/\/eventkit.ch\/wp-content\/uploads\/2025\/12\/1.6_Informer_et_sensibiliser_le_public_EVENTKIT_FINAL.pdf"},"resource_category":[187],"audience":[],"contenttype":[216],"class_list":["post-2092","resource","type-resource","status-publish","format-standard","has-post-thumbnail","hentry","resource_category-organisation-communication","contenttype-fiches-dinformation"],"yoast_head":"<!-- This site is optimized with the Yoast SEO plugin v27.3 - https:\/\/yoast.com\/product\/yoast-seo-wordpress\/ -->\n<title>Informer et sensibiliser le public - EventKit<\/title>\n<meta name=\"robots\" content=\"index, follow, max-snippet:-1, max-image-preview:large, max-video-preview:-1\" \/>\n<link rel=\"canonical\" href=\"https:\/\/eventkit.ch\/?resource=informer-et-sensibiliser-le-public&lang=fr\" \/>\n<meta property=\"og:locale\" content=\"de_DE\" \/>\n<meta property=\"og:type\" content=\"article\" \/>\n<meta property=\"og:title\" content=\"Informer et sensibiliser le public - EventKit\" \/>\n<meta property=\"og:description\" content=\"Les manifestations offrent une occasion privil\u00e9gi\u00e9e d\u2019informer le public sur les enjeux de la durabilit\u00e9 et de l\u2019inciter \u00e0 adopter des gestes concrets, faciles \u00e0 reproduire au quotidien. Avant la manifestation Pendant la manifestation Apr\u00e8s la manifestation\" \/>\n<meta property=\"og:url\" content=\"https:\/\/eventkit.ch\/?resource=informer-et-sensibiliser-le-public&amp;lang=fr\" \/>\n<meta property=\"og:site_name\" content=\"EventKit\" \/>\n<meta property=\"article:modified_time\" content=\"2026-03-23T17:02:16+00:00\" \/>\n<meta property=\"og:image\" content=\"https:\/\/eventkit.ch\/wp-content\/uploads\/2025\/12\/IMG_6899.jpg\" \/>\n\t<meta property=\"og:image:width\" content=\"1102\" \/>\n\t<meta property=\"og:image:height\" content=\"827\" \/>\n\t<meta property=\"og:image:type\" content=\"image\/jpeg\" \/>\n<meta name=\"twitter:card\" content=\"summary_large_image\" \/>\n<meta name=\"twitter:label1\" content=\"Gesch\u00e4tzte Lesezeit\" \/>\n\t<meta name=\"twitter:data1\" content=\"2\u00a0Minuten\" \/>\n<script type=\"application\/ld+json\" class=\"yoast-schema-graph\">{\"@context\":\"https:\\\/\\\/schema.org\",\"@graph\":[{\"@type\":\"WebPage\",\"@id\":\"https:\\\/\\\/eventkit.ch\\\/?resource=informer-et-sensibiliser-le-public&lang=fr\",\"url\":\"https:\\\/\\\/eventkit.ch\\\/?resource=informer-et-sensibiliser-le-public&lang=fr\",\"name\":\"Informer et sensibiliser le public - EventKit\",\"isPartOf\":{\"@id\":\"https:\\\/\\\/eventkit.ch\\\/#website\"},\"primaryImageOfPage\":{\"@id\":\"https:\\\/\\\/eventkit.ch\\\/?resource=informer-et-sensibiliser-le-public&lang=fr#primaryimage\"},\"image\":{\"@id\":\"https:\\\/\\\/eventkit.ch\\\/?resource=informer-et-sensibiliser-le-public&lang=fr#primaryimage\"},\"thumbnailUrl\":\"https:\\\/\\\/eventkit.ch\\\/wp-content\\\/uploads\\\/2025\\\/12\\\/IMG_6899.jpg\",\"datePublished\":\"2025-12-22T10:34:40+00:00\",\"dateModified\":\"2026-03-23T17:02:16+00:00\",\"breadcrumb\":{\"@id\":\"https:\\\/\\\/eventkit.ch\\\/?resource=informer-et-sensibiliser-le-public&lang=fr#breadcrumb\"},\"inLanguage\":\"de\",\"potentialAction\":[{\"@type\":\"ReadAction\",\"target\":[\"https:\\\/\\\/eventkit.ch\\\/?resource=informer-et-sensibiliser-le-public&lang=fr\"]}]},{\"@type\":\"ImageObject\",\"inLanguage\":\"de\",\"@id\":\"https:\\\/\\\/eventkit.ch\\\/?resource=informer-et-sensibiliser-le-public&lang=fr#primaryimage\",\"url\":\"https:\\\/\\\/eventkit.ch\\\/wp-content\\\/uploads\\\/2025\\\/12\\\/IMG_6899.jpg\",\"contentUrl\":\"https:\\\/\\\/eventkit.ch\\\/wp-content\\\/uploads\\\/2025\\\/12\\\/IMG_6899.jpg\",\"width\":1102,\"height\":827},{\"@type\":\"BreadcrumbList\",\"@id\":\"https:\\\/\\\/eventkit.ch\\\/?resource=informer-et-sensibiliser-le-public&lang=fr#breadcrumb\",\"itemListElement\":[{\"@type\":\"ListItem\",\"position\":1,\"name\":\"Home\",\"item\":\"https:\\\/\\\/eventkit.ch\\\/\"},{\"@type\":\"ListItem\",\"position\":2,\"name\":\"Merkbl\u00e4tter\",\"item\":\"https:\\\/\\\/eventkit.ch\\\/?post_type=resource&lang=fr\"},{\"@type\":\"ListItem\",\"position\":3,\"name\":\"Informer et sensibiliser le public\"}]},{\"@type\":\"WebSite\",\"@id\":\"https:\\\/\\\/eventkit.ch\\\/#website\",\"url\":\"https:\\\/\\\/eventkit.ch\\\/\",\"name\":\"EventKit\",\"description\":\"Nachhaltigkeit, die wirkt: Dein Event im Check.\",\"publisher\":{\"@id\":\"https:\\\/\\\/eventkit.ch\\\/#organization\"},\"potentialAction\":[{\"@type\":\"SearchAction\",\"target\":{\"@type\":\"EntryPoint\",\"urlTemplate\":\"https:\\\/\\\/eventkit.ch\\\/?s={search_term_string}\"},\"query-input\":{\"@type\":\"PropertyValueSpecification\",\"valueRequired\":true,\"valueName\":\"search_term_string\"}}],\"inLanguage\":\"de\"},{\"@type\":\"Organization\",\"@id\":\"https:\\\/\\\/eventkit.ch\\\/#organization\",\"name\":\"EventKit\",\"url\":\"https:\\\/\\\/eventkit.ch\\\/\",\"logo\":{\"@type\":\"ImageObject\",\"inLanguage\":\"de\",\"@id\":\"https:\\\/\\\/eventkit.ch\\\/#\\\/schema\\\/logo\\\/image\\\/\",\"url\":\"https:\\\/\\\/eventkit.ch\\\/wp-content\\\/uploads\\\/2025\\\/11\\\/android-icon-144x144-1.png\",\"contentUrl\":\"https:\\\/\\\/eventkit.ch\\\/wp-content\\\/uploads\\\/2025\\\/11\\\/android-icon-144x144-1.png\",\"width\":144,\"height\":144,\"caption\":\"EventKit\"},\"image\":{\"@id\":\"https:\\\/\\\/eventkit.ch\\\/#\\\/schema\\\/logo\\\/image\\\/\"}}]}<\/script>\n<!-- \/ Yoast SEO plugin. -->","yoast_head_json":{"title":"Informer et sensibiliser le public - EventKit","robots":{"index":"index","follow":"follow","max-snippet":"max-snippet:-1","max-image-preview":"max-image-preview:large","max-video-preview":"max-video-preview:-1"},"canonical":"https:\/\/eventkit.ch\/?resource=informer-et-sensibiliser-le-public&lang=fr","og_locale":"de_DE","og_type":"article","og_title":"Informer et sensibiliser le public - EventKit","og_description":"Les manifestations offrent une occasion privil\u00e9gi\u00e9e d\u2019informer le public sur les enjeux de la durabilit\u00e9 et de l\u2019inciter \u00e0 adopter des gestes concrets, faciles \u00e0 reproduire au quotidien. Avant la manifestation Pendant la manifestation Apr\u00e8s la manifestation","og_url":"https:\/\/eventkit.ch\/?resource=informer-et-sensibiliser-le-public&lang=fr","og_site_name":"EventKit","article_modified_time":"2026-03-23T17:02:16+00:00","og_image":[{"width":1102,"height":827,"url":"https:\/\/eventkit.ch\/wp-content\/uploads\/2025\/12\/IMG_6899.jpg","type":"image\/jpeg"}],"twitter_card":"summary_large_image","twitter_misc":{"Gesch\u00e4tzte Lesezeit":"2\u00a0Minuten"},"schema":{"@context":"https:\/\/schema.org","@graph":[{"@type":"WebPage","@id":"https:\/\/eventkit.ch\/?resource=informer-et-sensibiliser-le-public&lang=fr","url":"https:\/\/eventkit.ch\/?resource=informer-et-sensibiliser-le-public&lang=fr","name":"Informer et sensibiliser le public - EventKit","isPartOf":{"@id":"https:\/\/eventkit.ch\/#website"},"primaryImageOfPage":{"@id":"https:\/\/eventkit.ch\/?resource=informer-et-sensibiliser-le-public&lang=fr#primaryimage"},"image":{"@id":"https:\/\/eventkit.ch\/?resource=informer-et-sensibiliser-le-public&lang=fr#primaryimage"},"thumbnailUrl":"https:\/\/eventkit.ch\/wp-content\/uploads\/2025\/12\/IMG_6899.jpg","datePublished":"2025-12-22T10:34:40+00:00","dateModified":"2026-03-23T17:02:16+00:00","breadcrumb":{"@id":"https:\/\/eventkit.ch\/?resource=informer-et-sensibiliser-le-public&lang=fr#breadcrumb"},"inLanguage":"de","potentialAction":[{"@type":"ReadAction","target":["https:\/\/eventkit.ch\/?resource=informer-et-sensibiliser-le-public&lang=fr"]}]},{"@type":"ImageObject","inLanguage":"de","@id":"https:\/\/eventkit.ch\/?resource=informer-et-sensibiliser-le-public&lang=fr#primaryimage","url":"https:\/\/eventkit.ch\/wp-content\/uploads\/2025\/12\/IMG_6899.jpg","contentUrl":"https:\/\/eventkit.ch\/wp-content\/uploads\/2025\/12\/IMG_6899.jpg","width":1102,"height":827},{"@type":"BreadcrumbList","@id":"https:\/\/eventkit.ch\/?resource=informer-et-sensibiliser-le-public&lang=fr#breadcrumb","itemListElement":[{"@type":"ListItem","position":1,"name":"Home","item":"https:\/\/eventkit.ch\/"},{"@type":"ListItem","position":2,"name":"Merkbl\u00e4tter","item":"https:\/\/eventkit.ch\/?post_type=resource&lang=fr"},{"@type":"ListItem","position":3,"name":"Informer et sensibiliser le public"}]},{"@type":"WebSite","@id":"https:\/\/eventkit.ch\/#website","url":"https:\/\/eventkit.ch\/","name":"EventKit","description":"Nachhaltigkeit, die wirkt: Dein Event im Check.","publisher":{"@id":"https:\/\/eventkit.ch\/#organization"},"potentialAction":[{"@type":"SearchAction","target":{"@type":"EntryPoint","urlTemplate":"https:\/\/eventkit.ch\/?s={search_term_string}"},"query-input":{"@type":"PropertyValueSpecification","valueRequired":true,"valueName":"search_term_string"}}],"inLanguage":"de"},{"@type":"Organization","@id":"https:\/\/eventkit.ch\/#organization","name":"EventKit","url":"https:\/\/eventkit.ch\/","logo":{"@type":"ImageObject","inLanguage":"de","@id":"https:\/\/eventkit.ch\/#\/schema\/logo\/image\/","url":"https:\/\/eventkit.ch\/wp-content\/uploads\/2025\/11\/android-icon-144x144-1.png","contentUrl":"https:\/\/eventkit.ch\/wp-content\/uploads\/2025\/11\/android-icon-144x144-1.png","width":144,"height":144,"caption":"EventKit"},"image":{"@id":"https:\/\/eventkit.ch\/#\/schema\/logo\/image\/"}}]}},"_links":{"self":[{"href":"https:\/\/eventkit.ch\/index.php?rest_route=\/wp\/v2\/resource\/2092","targetHints":{"allow":["GET"]}}],"collection":[{"href":"https:\/\/eventkit.ch\/index.php?rest_route=\/wp\/v2\/resource"}],"about":[{"href":"https:\/\/eventkit.ch\/index.php?rest_route=\/wp\/v2\/types\/resource"}],"wp:featuredmedia":[{"embeddable":true,"href":"https:\/\/eventkit.ch\/index.php?rest_route=\/wp\/v2\/media\/1938"}],"wp:attachment":[{"href":"https:\/\/eventkit.ch\/index.php?rest_route=%2Fwp%2Fv2%2Fmedia&parent=2092"}],"wp:term":[{"taxonomy":"resource_category","embeddable":true,"href":"https:\/\/eventkit.ch\/index.php?rest_route=%2Fwp%2Fv2%2Fresource_category&post=2092"},{"taxonomy":"audience","embeddable":true,"href":"https:\/\/eventkit.ch\/index.php?rest_route=%2Fwp%2Fv2%2Faudience&post=2092"},{"taxonomy":"contenttype","embeddable":true,"href":"https:\/\/eventkit.ch\/index.php?rest_route=%2Fwp%2Fv2%2Fcontenttype&post=2092"}],"curies":[{"name":"wp","href":"https:\/\/api.w.org\/{rel}","templated":true}]}}

<p>Les manifestations offrent une occasion privilégiée d’informer le public sur les enjeux de la durabilité et de l’inciter à adopter des gestes concrets, faciles à reproduire au quotidien.</p><h2 class="wp-block-heading"><strong><em><u>Avant la manifestation</u></em></strong></h2><ul class="wp-block-list"><li>Valoriser la démarche de durabilité de la manifestation (vision, objectifs, charte, etc.) en la rendant publique et visible (site Internet, communiqués de presse, section spécifique dans le programme, panneaux d’information, stand durabilité, kit d’accueil, etc.). La publicité est affichée de façon à être accessible pour tout le monde et mentionne les mesures d&#8217;accessibilité.</li>

<li>Communiquer les actions de durabilité entreprises lors de la manifestation, les résultats attendus et le rôle (et les moyens) du public dans l’atteinte des objectifs (par exemple recours aux transports publics, à des hébergements labellisés, etc.).</li>

<li>Cibler les actions mises en place qui impliquent une participation directe du public lors de la manifestation et qui peuvent être reproduites dans la vie quotidienne.</li>

<li>Prévoir une communication claire, simple et visuelle sur le lieu de la manifestation et sur le site Internet afin de guider les comportements du public lors de la manifestation, en particulier dans les lieux où des comportements spécifiques sont attendus (vestiaires, zones de collecte des déchets, etc.).</li>

<li>Préférer un ton ludique et décalé à un ton moralisateur et culpabilisant.</li>

<li>Désigner des ambassadrices et ambassadeurs identifiables et porteurs d’un message clair de sensibilisation afin de mobiliser le public.</li></ul><h2 class="wp-block-heading"><strong><em><u>Pendant la manifestation</u></em></strong></h2><ul class="wp-block-list"><li>Assurer une communication efficace et le fonctionnement des dispositifs mis en place.</li>

<li>Répondre aux questions du public et expliquer les raisons de la démarche.</li></ul><h2 class="wp-block-heading"><strong><em><u>Après la manifestation</u></em></strong></h2><ul class="wp-block-list"><li>Communiquer de manière transparente les résultats et le bilan de la démarche.</li>

<li>Valoriser les initiatives individuelles, les bonnes pratiques venues de la part des bénévoles ou du public.</li>

<li>Remercier le public et les bénévoles de leur collaboration, de leurs efforts et de leur engagement.</li></ul>

<p>Les manifestations offrent une occasion privilégiée d’informer le public sur les enjeux de la durabilité et de l’inciter à adopter des gestes concrets, faciles à reproduire au quotidien. Avant la manifestation Pendant la manifestation Après la manifestation</p>

<!-- This site is optimized with the Yoast SEO plugin v27.3 - https://yoast.com/product/yoast-seo-wordpress/ -->
<title>Informer et sensibiliser le public - EventKit</title>
<meta name="robots" content="index, follow, max-snippet:-1, max-image-preview:large, max-video-preview:-1" />
<link rel="canonical" href="https://eventkit.ch/?resource=informer-et-sensibiliser-le-public&lang=fr" />
<meta property="og:locale" content="de_DE" />
<meta property="og:type" content="article" />
<meta property="og:title" content="Informer et sensibiliser le public - EventKit" />
<meta property="og:description" content="Les manifestations offrent une occasion privilégiée d’informer le public sur les enjeux de la durabilité et de l’inciter à adopter des gestes concrets, faciles à reproduire au quotidien. Avant la manifestation Pendant la manifestation Après la manifestation" />
<meta property="og:url" content="https://eventkit.ch/?resource=informer-et-sensibiliser-le-public&amp;lang=fr" />
<meta property="og:site_name" content="EventKit" />
<meta property="article:modified_time" content="2026-03-23T17:02:16+00:00" />
<meta property="og:image" content="https://eventkit.ch/wp-content/uploads/2025/12/IMG_6899.jpg" />
	<meta property="og:image:width" content="1102" />
	<meta property="og:image:height" content="827" />
	<meta property="og:image:type" content="image/jpeg" />
<meta name="twitter:card" content="summary_large_image" />
<meta name="twitter:label1" content="Geschätzte Lesezeit" />
	<meta name="twitter:data1" content="2 Minuten" />
<script type="application/ld+json" class="yoast-schema-graph">{"@context":"https:\/\/schema.org","@graph":[{"@type":"WebPage","@id":"https:\/\/eventkit.ch\/?resource=informer-et-sensibiliser-le-public&lang=fr","url":"https:\/\/eventkit.ch\/?resource=informer-et-sensibiliser-le-public&lang=fr","name":"Informer et sensibiliser le public - EventKit","isPartOf":{"@id":"https:\/\/eventkit.ch\/#website"},"primaryImageOfPage":{"@id":"https:\/\/eventkit.ch\/?resource=informer-et-sensibiliser-le-public&lang=fr#primaryimage"},"image":{"@id":"https:\/\/eventkit.ch\/?resource=informer-et-sensibiliser-le-public&lang=fr#primaryimage"},"thumbnailUrl":"https:\/\/eventkit.ch\/wp-content\/uploads\/2025\/12\/IMG_6899.jpg","datePublished":"2025-12-22T10:34:40+00:00","dateModified":"2026-03-23T17:02:16+00:00","breadcrumb":{"@id":"https:\/\/eventkit.ch\/?resource=informer-et-sensibiliser-le-public&lang=fr#breadcrumb"},"inLanguage":"de","potentialAction":[{"@type":"ReadAction","target":["https:\/\/eventkit.ch\/?resource=informer-et-sensibiliser-le-public&lang=fr"]}]},{"@type":"ImageObject","inLanguage":"de","@id":"https:\/\/eventkit.ch\/?resource=informer-et-sensibiliser-le-public&lang=fr#primaryimage","url":"https:\/\/eventkit.ch\/wp-content\/uploads\/2025\/12\/IMG_6899.jpg","contentUrl":"https:\/\/eventkit.ch\/wp-content\/uploads\/2025\/12\/IMG_6899.jpg","width":1102,"height":827},{"@type":"BreadcrumbList","@id":"https:\/\/eventkit.ch\/?resource=informer-et-sensibiliser-le-public&lang=fr#breadcrumb","itemListElement":[{"@type":"ListItem","position":1,"name":"Home","item":"https:\/\/eventkit.ch\/"},{"@type":"ListItem","position":2,"name":"Merkblätter","item":"https:\/\/eventkit.ch\/?post_type=resource&lang=fr"},{"@type":"ListItem","position":3,"name":"Informer et sensibiliser le public"}]},{"@type":"WebSite","@id":"https:\/\/eventkit.ch\/#website","url":"https:\/\/eventkit.ch\/","name":"EventKit","description":"Nachhaltigkeit, die wirkt: Dein Event im Check.","publisher":{"@id":"https:\/\/eventkit.ch\/#organization"},"potentialAction":[{"@type":"SearchAction","target":{"@type":"EntryPoint","urlTemplate":"https:\/\/eventkit.ch\/?s={search_term_string}"},"query-input":{"@type":"PropertyValueSpecification","valueRequired":true,"valueName":"search_term_string"}}],"inLanguage":"de"},{"@type":"Organization","@id":"https:\/\/eventkit.ch\/#organization","name":"EventKit","url":"https:\/\/eventkit.ch\/","logo":{"@type":"ImageObject","inLanguage":"de","@id":"https:\/\/eventkit.ch\/#\/schema\/logo\/image\/","url":"https:\/\/eventkit.ch\/wp-content\/uploads\/2025\/11\/android-icon-144x144-1.png","contentUrl":"https:\/\/eventkit.ch\/wp-content\/uploads\/2025\/11\/android-icon-144x144-1.png","width":144,"height":144,"caption":"EventKit"},"image":{"@id":"https:\/\/eventkit.ch\/#\/schema\/logo\/image\/"}}]}</script>
<!-- / Yoast SEO plugin. -->

Les manifestations offrent une occasion privilégiée d’informer le public sur les enjeux de la durabilité et de l’inciter à adopter des gestes concrets, faciles à reproduire au quotidien. Avant la manifestation Pendant la manifestation Après la manifestation

Merkblätter
