{"id":2079,"date":"2025-12-22T09:40:37","date_gmt":"2025-12-22T09:40:37","guid":{"rendered":"https:\/\/eventkit.ch\/?post_type=resource&#038;p=2079"},"modified":"2026-03-23T16:47:59","modified_gmt":"2026-03-23T15:47:59","slug":"buendelung-des-engagements-im-organisationskomitee","status":"publish","type":"resource","link":"https:\/\/eventkit.ch\/?resource=buendelung-des-engagements-im-organisationskomitee","title":{"rendered":"B\u00fcndelung des Engagements im Organisationskomitee"},"content":{"rendered":"<p>Ein glaubw\u00fcrdiges Engagement f\u00fcr Nachhaltigkeit erfordert einen <strong>systematischen Ansatz<\/strong>: Das Thema sollte so fr\u00fch wie m\u00f6glich in die Planung einfliessen, und alle Schl\u00fcsselakteure m\u00fcssen rechtzeitig eingebunden werden.<\/p><h2 class=\"wp-block-heading\">Vor der Veranstaltung<\/h2><ul class=\"wp-block-list\"><li>Die Mitglieder des Organisationskomitees \u00fcber die Herausforderungen und Chancen der Nachhaltigkeit informieren und aktiv einbeziehen.<\/li>\n\n<li>Bestehende Nachhaltigkeitsmassnahmen erfassen und erste Verbesserungspotenziale identifizieren.<\/li>\n\n<li>Relevante Stakeholder (z. B. Umweltorganisationen, Teilnehmende, Besuchende, Anwohnende, Gemeinden, Lieferanten, Sponsorinnen, Medienschaffende u.a.) von Beginn an einbinden und die m\u00f6glichen Auswirkungen aufzeigen.<\/li>\n\n<li>Innerhalb des Organisationskomitees Personen identifizieren, die bereits Nachhaltigkeitserfahrung haben oder Interesse daran zeigen; eine verantwortliche Person oder ein Nachhaltigkeitsteam benennen.<\/li>\n\n<li>Ein Organigramm f\u00fcr das Nachhaltigkeitsteam erstellen und Aufgaben klar definieren.<\/li>\n\n<li>Im Pflichtenheft der Nachhaltigkeitsverantwortlichen und -mitwirkenden einen klaren Zeitrahmen f\u00fcr ihre Aufgaben festlegen.<\/li><\/ul><h2 class=\"wp-block-heading\">W\u00e4hrend der Veranstaltung<\/h2><ul class=\"wp-block-list\"><li>Nachhaltigkeit als festen Tagesordnungspunkt in allen Koordinationssitzungen verankern.<\/li>\n\n<li>Transparent kommunizieren \u2013 sowohl \u00fcber Erfolge als auch \u00fcber Verbesserungspotenziale und den Stand der Zielerreichung.<\/li><\/ul><h2 class=\"wp-block-heading\">Nach der Veranstaltung<\/h2><ul class=\"wp-block-list\"><li>Bilanz ziehen und R\u00fcckmeldungen der Stakeholder (Teilnehmende, Anwohnende etc.) ber\u00fccksichtigen.<\/li>\n\n<li>Sicherstellen, dass die gesammelten Erkenntnisse f\u00fcr k\u00fcnftige Ausgaben weitergegeben werden.<\/li>\n\n<li>Das Engagement des Organisationskomitees w\u00fcrdigen (z. B. mit einem \u201eNachhaltigkeits-Ap\u00e9ro\u201c oder einer symbolischen Anerkennung).<\/li><\/ul>","protected":false},"excerpt":{"rendered":"<p>Ein glaubw\u00fcrdiges Engagement f\u00fcr Nachhaltigkeit erfordert einen systematischen Ansatz: Das Thema sollte so fr\u00fch wie m\u00f6glich in die Planung einfliessen, und alle Schl\u00fcsselakteure m\u00fcssen rechtzeitig eingebunden werden. Vor der Veranstaltung W\u00e4hrend der Veranstaltung Nach der Veranstaltung<\/p>\n","protected":false},"featured_media":1981,"parent":0,"template":"","format":"standard","meta":{"_sitemap_exclude":false,"_sitemap_priority":"","_sitemap_frequency":"","_eventkit_link":"https:\/\/eventkit.ch\/wp-content\/uploads\/2025\/12\/1.4_Buendelung_des_Engagements_im_Organisationskomitee_EVENTKIT_FINAL.pdf"},"resource_category":[192],"audience":[],"contenttype":[104],"class_list":["post-2079","resource","type-resource","status-publish","format-standard","has-post-thumbnail","hentry","resource_category-management-kommunikation","contenttype-merkblatt"],"yoast_head":"<!-- This site is optimized with the Yoast SEO plugin v27.3 - https:\/\/yoast.com\/product\/yoast-seo-wordpress\/ -->\n<title>B\u00fcndelung des Engagements im Organisationskomitee - EventKit<\/title>\n<meta name=\"robots\" content=\"index, follow, max-snippet:-1, max-image-preview:large, max-video-preview:-1\" \/>\n<link rel=\"canonical\" href=\"https:\/\/eventkit.ch\/?resource=buendelung-des-engagements-im-organisationskomitee\" \/>\n<meta property=\"og:locale\" content=\"de_DE\" \/>\n<meta property=\"og:type\" content=\"article\" \/>\n<meta property=\"og:title\" content=\"B\u00fcndelung des Engagements im Organisationskomitee - EventKit\" \/>\n<meta property=\"og:description\" content=\"Ein glaubw\u00fcrdiges Engagement f\u00fcr Nachhaltigkeit erfordert einen systematischen Ansatz: Das Thema sollte so fr\u00fch wie m\u00f6glich in die Planung einfliessen, und alle Schl\u00fcsselakteure m\u00fcssen rechtzeitig eingebunden werden. Vor der Veranstaltung W\u00e4hrend der Veranstaltung Nach der Veranstaltung\" \/>\n<meta property=\"og:url\" content=\"https:\/\/eventkit.ch\/?resource=buendelung-des-engagements-im-organisationskomitee\" \/>\n<meta property=\"og:site_name\" content=\"EventKit\" \/>\n<meta property=\"article:modified_time\" content=\"2026-03-23T15:47:59+00:00\" \/>\n<meta property=\"og:image\" content=\"https:\/\/eventkit.ch\/wp-content\/uploads\/2025\/12\/Tabak_Titelbild.jpg\" \/>\n\t<meta property=\"og:image:width\" content=\"1003\" \/>\n\t<meta property=\"og:image:height\" content=\"500\" \/>\n\t<meta property=\"og:image:type\" content=\"image\/jpeg\" \/>\n<meta name=\"twitter:card\" content=\"summary_large_image\" \/>\n<meta name=\"twitter:label1\" content=\"Gesch\u00e4tzte Lesezeit\" \/>\n\t<meta name=\"twitter:data1\" content=\"2\u00a0Minuten\" \/>\n<script type=\"application\/ld+json\" class=\"yoast-schema-graph\">{\"@context\":\"https:\\\/\\\/schema.org\",\"@graph\":[{\"@type\":\"WebPage\",\"@id\":\"https:\\\/\\\/eventkit.ch\\\/?resource=buendelung-des-engagements-im-organisationskomitee\",\"url\":\"https:\\\/\\\/eventkit.ch\\\/?resource=buendelung-des-engagements-im-organisationskomitee\",\"name\":\"B\u00fcndelung des Engagements im Organisationskomitee - EventKit\",\"isPartOf\":{\"@id\":\"https:\\\/\\\/eventkit.ch\\\/#website\"},\"primaryImageOfPage\":{\"@id\":\"https:\\\/\\\/eventkit.ch\\\/?resource=buendelung-des-engagements-im-organisationskomitee#primaryimage\"},\"image\":{\"@id\":\"https:\\\/\\\/eventkit.ch\\\/?resource=buendelung-des-engagements-im-organisationskomitee#primaryimage\"},\"thumbnailUrl\":\"https:\\\/\\\/eventkit.ch\\\/wp-content\\\/uploads\\\/2025\\\/12\\\/Tabak_Titelbild.jpg\",\"datePublished\":\"2025-12-22T09:40:37+00:00\",\"dateModified\":\"2026-03-23T15:47:59+00:00\",\"breadcrumb\":{\"@id\":\"https:\\\/\\\/eventkit.ch\\\/?resource=buendelung-des-engagements-im-organisationskomitee#breadcrumb\"},\"inLanguage\":\"de\",\"potentialAction\":[{\"@type\":\"ReadAction\",\"target\":[\"https:\\\/\\\/eventkit.ch\\\/?resource=buendelung-des-engagements-im-organisationskomitee\"]}]},{\"@type\":\"ImageObject\",\"inLanguage\":\"de\",\"@id\":\"https:\\\/\\\/eventkit.ch\\\/?resource=buendelung-des-engagements-im-organisationskomitee#primaryimage\",\"url\":\"https:\\\/\\\/eventkit.ch\\\/wp-content\\\/uploads\\\/2025\\\/12\\\/Tabak_Titelbild.jpg\",\"contentUrl\":\"https:\\\/\\\/eventkit.ch\\\/wp-content\\\/uploads\\\/2025\\\/12\\\/Tabak_Titelbild.jpg\",\"width\":1003,\"height\":500},{\"@type\":\"BreadcrumbList\",\"@id\":\"https:\\\/\\\/eventkit.ch\\\/?resource=buendelung-des-engagements-im-organisationskomitee#breadcrumb\",\"itemListElement\":[{\"@type\":\"ListItem\",\"position\":1,\"name\":\"Home\",\"item\":\"https:\\\/\\\/eventkit.ch\\\/\"},{\"@type\":\"ListItem\",\"position\":2,\"name\":\"Merkbl\u00e4tter\",\"item\":\"https:\\\/\\\/eventkit.ch\\\/?post_type=resource&lang=fr\"},{\"@type\":\"ListItem\",\"position\":3,\"name\":\"B\u00fcndelung des Engagements im Organisationskomitee\"}]},{\"@type\":\"WebSite\",\"@id\":\"https:\\\/\\\/eventkit.ch\\\/#website\",\"url\":\"https:\\\/\\\/eventkit.ch\\\/\",\"name\":\"EventKit\",\"description\":\"Nachhaltigkeit, die wirkt: Dein Event im Check.\",\"publisher\":{\"@id\":\"https:\\\/\\\/eventkit.ch\\\/#organization\"},\"potentialAction\":[{\"@type\":\"SearchAction\",\"target\":{\"@type\":\"EntryPoint\",\"urlTemplate\":\"https:\\\/\\\/eventkit.ch\\\/?s={search_term_string}\"},\"query-input\":{\"@type\":\"PropertyValueSpecification\",\"valueRequired\":true,\"valueName\":\"search_term_string\"}}],\"inLanguage\":\"de\"},{\"@type\":\"Organization\",\"@id\":\"https:\\\/\\\/eventkit.ch\\\/#organization\",\"name\":\"EventKit\",\"url\":\"https:\\\/\\\/eventkit.ch\\\/\",\"logo\":{\"@type\":\"ImageObject\",\"inLanguage\":\"de\",\"@id\":\"https:\\\/\\\/eventkit.ch\\\/#\\\/schema\\\/logo\\\/image\\\/\",\"url\":\"https:\\\/\\\/eventkit.ch\\\/wp-content\\\/uploads\\\/2025\\\/11\\\/android-icon-144x144-1.png\",\"contentUrl\":\"https:\\\/\\\/eventkit.ch\\\/wp-content\\\/uploads\\\/2025\\\/11\\\/android-icon-144x144-1.png\",\"width\":144,\"height\":144,\"caption\":\"EventKit\"},\"image\":{\"@id\":\"https:\\\/\\\/eventkit.ch\\\/#\\\/schema\\\/logo\\\/image\\\/\"}}]}<\/script>\n<!-- \/ Yoast SEO plugin. -->","yoast_head_json":{"title":"B\u00fcndelung des Engagements im Organisationskomitee - EventKit","robots":{"index":"index","follow":"follow","max-snippet":"max-snippet:-1","max-image-preview":"max-image-preview:large","max-video-preview":"max-video-preview:-1"},"canonical":"https:\/\/eventkit.ch\/?resource=buendelung-des-engagements-im-organisationskomitee","og_locale":"de_DE","og_type":"article","og_title":"B\u00fcndelung des Engagements im Organisationskomitee - EventKit","og_description":"Ein glaubw\u00fcrdiges Engagement f\u00fcr Nachhaltigkeit erfordert einen systematischen Ansatz: Das Thema sollte so fr\u00fch wie m\u00f6glich in die Planung einfliessen, und alle Schl\u00fcsselakteure m\u00fcssen rechtzeitig eingebunden werden. Vor der Veranstaltung W\u00e4hrend der Veranstaltung Nach der Veranstaltung","og_url":"https:\/\/eventkit.ch\/?resource=buendelung-des-engagements-im-organisationskomitee","og_site_name":"EventKit","article_modified_time":"2026-03-23T15:47:59+00:00","og_image":[{"width":1003,"height":500,"url":"https:\/\/eventkit.ch\/wp-content\/uploads\/2025\/12\/Tabak_Titelbild.jpg","type":"image\/jpeg"}],"twitter_card":"summary_large_image","twitter_misc":{"Gesch\u00e4tzte Lesezeit":"2\u00a0Minuten"},"schema":{"@context":"https:\/\/schema.org","@graph":[{"@type":"WebPage","@id":"https:\/\/eventkit.ch\/?resource=buendelung-des-engagements-im-organisationskomitee","url":"https:\/\/eventkit.ch\/?resource=buendelung-des-engagements-im-organisationskomitee","name":"B\u00fcndelung des Engagements im Organisationskomitee - EventKit","isPartOf":{"@id":"https:\/\/eventkit.ch\/#website"},"primaryImageOfPage":{"@id":"https:\/\/eventkit.ch\/?resource=buendelung-des-engagements-im-organisationskomitee#primaryimage"},"image":{"@id":"https:\/\/eventkit.ch\/?resource=buendelung-des-engagements-im-organisationskomitee#primaryimage"},"thumbnailUrl":"https:\/\/eventkit.ch\/wp-content\/uploads\/2025\/12\/Tabak_Titelbild.jpg","datePublished":"2025-12-22T09:40:37+00:00","dateModified":"2026-03-23T15:47:59+00:00","breadcrumb":{"@id":"https:\/\/eventkit.ch\/?resource=buendelung-des-engagements-im-organisationskomitee#breadcrumb"},"inLanguage":"de","potentialAction":[{"@type":"ReadAction","target":["https:\/\/eventkit.ch\/?resource=buendelung-des-engagements-im-organisationskomitee"]}]},{"@type":"ImageObject","inLanguage":"de","@id":"https:\/\/eventkit.ch\/?resource=buendelung-des-engagements-im-organisationskomitee#primaryimage","url":"https:\/\/eventkit.ch\/wp-content\/uploads\/2025\/12\/Tabak_Titelbild.jpg","contentUrl":"https:\/\/eventkit.ch\/wp-content\/uploads\/2025\/12\/Tabak_Titelbild.jpg","width":1003,"height":500},{"@type":"BreadcrumbList","@id":"https:\/\/eventkit.ch\/?resource=buendelung-des-engagements-im-organisationskomitee#breadcrumb","itemListElement":[{"@type":"ListItem","position":1,"name":"Home","item":"https:\/\/eventkit.ch\/"},{"@type":"ListItem","position":2,"name":"Merkbl\u00e4tter","item":"https:\/\/eventkit.ch\/?post_type=resource&lang=fr"},{"@type":"ListItem","position":3,"name":"B\u00fcndelung des Engagements im Organisationskomitee"}]},{"@type":"WebSite","@id":"https:\/\/eventkit.ch\/#website","url":"https:\/\/eventkit.ch\/","name":"EventKit","description":"Nachhaltigkeit, die wirkt: Dein Event im Check.","publisher":{"@id":"https:\/\/eventkit.ch\/#organization"},"potentialAction":[{"@type":"SearchAction","target":{"@type":"EntryPoint","urlTemplate":"https:\/\/eventkit.ch\/?s={search_term_string}"},"query-input":{"@type":"PropertyValueSpecification","valueRequired":true,"valueName":"search_term_string"}}],"inLanguage":"de"},{"@type":"Organization","@id":"https:\/\/eventkit.ch\/#organization","name":"EventKit","url":"https:\/\/eventkit.ch\/","logo":{"@type":"ImageObject","inLanguage":"de","@id":"https:\/\/eventkit.ch\/#\/schema\/logo\/image\/","url":"https:\/\/eventkit.ch\/wp-content\/uploads\/2025\/11\/android-icon-144x144-1.png","contentUrl":"https:\/\/eventkit.ch\/wp-content\/uploads\/2025\/11\/android-icon-144x144-1.png","width":144,"height":144,"caption":"EventKit"},"image":{"@id":"https:\/\/eventkit.ch\/#\/schema\/logo\/image\/"}}]}},"_links":{"self":[{"href":"https:\/\/eventkit.ch\/index.php?rest_route=\/wp\/v2\/resource\/2079","targetHints":{"allow":["GET"]}}],"collection":[{"href":"https:\/\/eventkit.ch\/index.php?rest_route=\/wp\/v2\/resource"}],"about":[{"href":"https:\/\/eventkit.ch\/index.php?rest_route=\/wp\/v2\/types\/resource"}],"wp:featuredmedia":[{"embeddable":true,"href":"https:\/\/eventkit.ch\/index.php?rest_route=\/wp\/v2\/media\/1981"}],"wp:attachment":[{"href":"https:\/\/eventkit.ch\/index.php?rest_route=%2Fwp%2Fv2%2Fmedia&parent=2079"}],"wp:term":[{"taxonomy":"resource_category","embeddable":true,"href":"https:\/\/eventkit.ch\/index.php?rest_route=%2Fwp%2Fv2%2Fresource_category&post=2079"},{"taxonomy":"audience","embeddable":true,"href":"https:\/\/eventkit.ch\/index.php?rest_route=%2Fwp%2Fv2%2Faudience&post=2079"},{"taxonomy":"contenttype","embeddable":true,"href":"https:\/\/eventkit.ch\/index.php?rest_route=%2Fwp%2Fv2%2Fcontenttype&post=2079"}],"curies":[{"name":"wp","href":"https:\/\/api.w.org\/{rel}","templated":true}]}}

Bündelung des Engagements im Organisationskomitee

<p>Ein glaubwürdiges Engagement für Nachhaltigkeit erfordert einen <strong>systematischen Ansatz</strong>: Das Thema sollte so früh wie möglich in die Planung einfliessen, und alle Schlüsselakteure müssen rechtzeitig eingebunden werden.</p><h2 class="wp-block-heading">Vor der Veranstaltung</h2><ul class="wp-block-list"><li>Die Mitglieder des Organisationskomitees über die Herausforderungen und Chancen der Nachhaltigkeit informieren und aktiv einbeziehen.</li>

<li>Bestehende Nachhaltigkeitsmassnahmen erfassen und erste Verbesserungspotenziale identifizieren.</li>

<li>Relevante Stakeholder (z. B. Umweltorganisationen, Teilnehmende, Besuchende, Anwohnende, Gemeinden, Lieferanten, Sponsorinnen, Medienschaffende u.a.) von Beginn an einbinden und die möglichen Auswirkungen aufzeigen.</li>

<li>Innerhalb des Organisationskomitees Personen identifizieren, die bereits Nachhaltigkeitserfahrung haben oder Interesse daran zeigen; eine verantwortliche Person oder ein Nachhaltigkeitsteam benennen.</li>

<li>Ein Organigramm für das Nachhaltigkeitsteam erstellen und Aufgaben klar definieren.</li>

<li>Im Pflichtenheft der Nachhaltigkeitsverantwortlichen und -mitwirkenden einen klaren Zeitrahmen für ihre Aufgaben festlegen.</li></ul><h2 class="wp-block-heading">Während der Veranstaltung</h2><ul class="wp-block-list"><li>Nachhaltigkeit als festen Tagesordnungspunkt in allen Koordinationssitzungen verankern.</li>

<li>Transparent kommunizieren – sowohl über Erfolge als auch über Verbesserungspotenziale und den Stand der Zielerreichung.</li></ul><h2 class="wp-block-heading">Nach der Veranstaltung</h2><ul class="wp-block-list"><li>Bilanz ziehen und Rückmeldungen der Stakeholder (Teilnehmende, Anwohnende etc.) berücksichtigen.</li>

<li>Sicherstellen, dass die gesammelten Erkenntnisse für künftige Ausgaben weitergegeben werden.</li>

<li>Das Engagement des Organisationskomitees würdigen (z. B. mit einem „Nachhaltigkeits-Apéro“ oder einer symbolischen Anerkennung).</li></ul>

<p>Ein glaubwürdiges Engagement für Nachhaltigkeit erfordert einen systematischen Ansatz: Das Thema sollte so früh wie möglich in die Planung einfliessen, und alle Schlüsselakteure müssen rechtzeitig eingebunden werden. Vor der Veranstaltung Während der Veranstaltung Nach der Veranstaltung</p>

<!-- This site is optimized with the Yoast SEO plugin v27.3 - https://yoast.com/product/yoast-seo-wordpress/ -->
<title>Bündelung des Engagements im Organisationskomitee - EventKit</title>
<meta name="robots" content="index, follow, max-snippet:-1, max-image-preview:large, max-video-preview:-1" />
<link rel="canonical" href="https://eventkit.ch/?resource=buendelung-des-engagements-im-organisationskomitee" />
<meta property="og:locale" content="de_DE" />
<meta property="og:type" content="article" />
<meta property="og:title" content="Bündelung des Engagements im Organisationskomitee - EventKit" />
<meta property="og:description" content="Ein glaubwürdiges Engagement für Nachhaltigkeit erfordert einen systematischen Ansatz: Das Thema sollte so früh wie möglich in die Planung einfliessen, und alle Schlüsselakteure müssen rechtzeitig eingebunden werden. Vor der Veranstaltung Während der Veranstaltung Nach der Veranstaltung" />
<meta property="og:url" content="https://eventkit.ch/?resource=buendelung-des-engagements-im-organisationskomitee" />
<meta property="og:site_name" content="EventKit" />
<meta property="article:modified_time" content="2026-03-23T15:47:59+00:00" />
<meta property="og:image" content="https://eventkit.ch/wp-content/uploads/2025/12/Tabak_Titelbild.jpg" />
	<meta property="og:image:width" content="1003" />
	<meta property="og:image:height" content="500" />
	<meta property="og:image:type" content="image/jpeg" />
<meta name="twitter:card" content="summary_large_image" />
<meta name="twitter:label1" content="Geschätzte Lesezeit" />
	<meta name="twitter:data1" content="2 Minuten" />
<script type="application/ld+json" class="yoast-schema-graph">{"@context":"https:\/\/schema.org","@graph":[{"@type":"WebPage","@id":"https:\/\/eventkit.ch\/?resource=buendelung-des-engagements-im-organisationskomitee","url":"https:\/\/eventkit.ch\/?resource=buendelung-des-engagements-im-organisationskomitee","name":"Bündelung des Engagements im Organisationskomitee - EventKit","isPartOf":{"@id":"https:\/\/eventkit.ch\/#website"},"primaryImageOfPage":{"@id":"https:\/\/eventkit.ch\/?resource=buendelung-des-engagements-im-organisationskomitee#primaryimage"},"image":{"@id":"https:\/\/eventkit.ch\/?resource=buendelung-des-engagements-im-organisationskomitee#primaryimage"},"thumbnailUrl":"https:\/\/eventkit.ch\/wp-content\/uploads\/2025\/12\/Tabak_Titelbild.jpg","datePublished":"2025-12-22T09:40:37+00:00","dateModified":"2026-03-23T15:47:59+00:00","breadcrumb":{"@id":"https:\/\/eventkit.ch\/?resource=buendelung-des-engagements-im-organisationskomitee#breadcrumb"},"inLanguage":"de","potentialAction":[{"@type":"ReadAction","target":["https:\/\/eventkit.ch\/?resource=buendelung-des-engagements-im-organisationskomitee"]}]},{"@type":"ImageObject","inLanguage":"de","@id":"https:\/\/eventkit.ch\/?resource=buendelung-des-engagements-im-organisationskomitee#primaryimage","url":"https:\/\/eventkit.ch\/wp-content\/uploads\/2025\/12\/Tabak_Titelbild.jpg","contentUrl":"https:\/\/eventkit.ch\/wp-content\/uploads\/2025\/12\/Tabak_Titelbild.jpg","width":1003,"height":500},{"@type":"BreadcrumbList","@id":"https:\/\/eventkit.ch\/?resource=buendelung-des-engagements-im-organisationskomitee#breadcrumb","itemListElement":[{"@type":"ListItem","position":1,"name":"Home","item":"https:\/\/eventkit.ch\/"},{"@type":"ListItem","position":2,"name":"Merkblätter","item":"https:\/\/eventkit.ch\/?post_type=resource&lang=fr"},{"@type":"ListItem","position":3,"name":"Bündelung des Engagements im Organisationskomitee"}]},{"@type":"WebSite","@id":"https:\/\/eventkit.ch\/#website","url":"https:\/\/eventkit.ch\/","name":"EventKit","description":"Nachhaltigkeit, die wirkt: Dein Event im Check.","publisher":{"@id":"https:\/\/eventkit.ch\/#organization"},"potentialAction":[{"@type":"SearchAction","target":{"@type":"EntryPoint","urlTemplate":"https:\/\/eventkit.ch\/?s={search_term_string}"},"query-input":{"@type":"PropertyValueSpecification","valueRequired":true,"valueName":"search_term_string"}}],"inLanguage":"de"},{"@type":"Organization","@id":"https:\/\/eventkit.ch\/#organization","name":"EventKit","url":"https:\/\/eventkit.ch\/","logo":{"@type":"ImageObject","inLanguage":"de","@id":"https:\/\/eventkit.ch\/#\/schema\/logo\/image\/","url":"https:\/\/eventkit.ch\/wp-content\/uploads\/2025\/11\/android-icon-144x144-1.png","contentUrl":"https:\/\/eventkit.ch\/wp-content\/uploads\/2025\/11\/android-icon-144x144-1.png","width":144,"height":144,"caption":"EventKit"},"image":{"@id":"https:\/\/eventkit.ch\/#\/schema\/logo\/image\/"}}]}</script>
<!-- / Yoast SEO plugin. -->

Bündelung des Engagements im Organisationskomitee - EventKit

Ein glaubwürdiges Engagement für Nachhaltigkeit erfordert einen systematischen Ansatz: Das Thema sollte so früh wie möglich in die Planung einfliessen, und alle Schlüsselakteure müssen rechtzeitig eingebunden werden. Vor der Veranstaltung Während der Veranstaltung Nach der Veranstaltung

Merkblätter
