{"id":2071,"date":"2025-12-22T09:13:48","date_gmt":"2025-12-22T09:13:48","guid":{"rendered":"https:\/\/eventkit.ch\/?post_type=resource&#038;p=2071"},"modified":"2026-03-23T16:53:52","modified_gmt":"2026-03-23T15:53:52","slug":"kommunikation-der-nachhaltigkeitsverpflichtung","status":"publish","type":"resource","link":"https:\/\/eventkit.ch\/?resource=kommunikation-der-nachhaltigkeitsverpflichtung","title":{"rendered":"Kommunikation der Nachhaltigkeitsverpflichtung"},"content":{"rendered":"<p>Die Kommunikation der eigenen Nachhaltigkeitsziele und -massnahmen tr\u00e4gt dazu bei, umgesetzte Aktionen sichtbar zu machen, Teilnehmende einzubeziehen und ihre Unterst\u00fctzung zu festigen. Sie verbessert das Image der Veranstaltung und motiviert andere, \u00e4hnliche Massnahmen umzusetzen.<br><br>Wichtig dabei: <strong>Koh\u00e4renz<\/strong>. Nur eine glaubw\u00fcrdige und stimmige Kommunikation schafft Vertrauen und vermeidet Greenwashing.<br><br>Dar\u00fcber hinaus kann die Veranstaltung auch \u00fcber Themen informieren oder sensibilisieren, die \u00fcber die eigenen Massnahmen hinausgehen \u2013 sofern dies in das Gesamtkonzept passt.<\/p><p><\/p><h2 class=\"wp-block-heading\">Vor der Veranstaltung<\/h2><ul class=\"wp-block-list\"><li>Gesamtkonzept und Kommunikationsziele definieren: Information, Sensibilisierung, Beteiligung usw.<\/li>\n\n<li>Nur kommunizieren, was tats\u00e4chlich umgesetzt wird \u2013 in einem angemessenen Verh\u00e4ltnis zum Aufwand. Greenwashing unbedingt vermeiden.<\/li>\n\n<li>Schl\u00fcsselbotschaften definieren:<\/li>\n\n<li>Zu den Nachhaltigkeitsmassnahmen der Veranstaltung selbst<\/li>\n\n<li>Zu Nachhaltigkeitsinitiativen von beteiligten Unternehmen oder Partnern<\/li>\n\n<li>Wenn \u00fcber Unternehmensaktionen berichtet wird: Ziele klar benennen, um Transparenz zu schaffen und blosses \u201eWunschdenken\u201c zu vermeiden.<\/li>\n\n<li>Alle relevanten Akteure einbeziehen: Kommunikationsverantwortliche, Partner, Dienstleister.<\/li>\n\n<li>Kommunikationsmittel gezielt und ressourcenschonend ausw\u00e4hlen (z. B. Webseite, Social Media, Tickets, Programme, Infost\u00e4nde, Flyer).<\/li>\n\n<li>Budget und Zeitplan f\u00fcr die Kommunikation festlegen.<\/li>\n\n<li>Sicherstellen, dass Botschaften und Massnahmen im Einklang mit dem Veranstaltungskonzept stehen.<\/li><\/ul><h2 class=\"wp-block-heading\">W\u00e4hrend der Veranstaltung<\/h2><ul class=\"wp-block-list\"><li>\u00dcberpr\u00fcfung: Wurden die angek\u00fcndigten Massnahmen tats\u00e4chlich umgesetzt?<\/li><\/ul><h2 class=\"wp-block-heading\">Nach der Veranstaltung<\/h2><ul class=\"wp-block-list\"><li>Ergebnisse und Erfahrungen kommunizieren (Bilanz der Kampagne und umgesetzten Massnahmen).<\/li><\/ul>","protected":false},"excerpt":{"rendered":"<p>Die Kommunikation der eigenen Nachhaltigkeitsziele und -massnahmen tr\u00e4gt dazu bei, umgesetzte Aktionen sichtbar zu machen, Teilnehmende einzubeziehen und ihre Unterst\u00fctzung zu festigen. Sie verbessert das Image der Veranstaltung und motiviert andere, \u00e4hnliche Massnahmen umzusetzen. Wichtig dabei: Koh\u00e4renz. Nur eine glaubw\u00fcrdige und stimmige Kommunikation schafft Vertrauen und vermeidet Greenwashing. Dar\u00fcber hinaus kann die Veranstaltung auch \u00fcber [&hellip;]<\/p>\n","protected":false},"featured_media":0,"parent":0,"template":"","format":"standard","meta":{"_sitemap_exclude":false,"_sitemap_priority":"","_sitemap_frequency":"","_eventkit_link":"https:\/\/eventkit.ch\/wp-content\/uploads\/2025\/12\/1.2_Kommunikation_der_Nachhaltigkeitsverpflichtungen_EVENTKIT_FINAL.pdf"},"resource_category":[192],"audience":[],"contenttype":[104],"class_list":["post-2071","resource","type-resource","status-publish","format-standard","hentry","resource_category-management-kommunikation","contenttype-merkblatt"],"yoast_head":"<!-- This site is optimized with the Yoast SEO plugin v27.3 - https:\/\/yoast.com\/product\/yoast-seo-wordpress\/ -->\n<title>Kommunikation der Nachhaltigkeitsverpflichtung - EventKit<\/title>\n<meta name=\"robots\" content=\"index, follow, max-snippet:-1, max-image-preview:large, max-video-preview:-1\" \/>\n<link rel=\"canonical\" href=\"https:\/\/eventkit.ch\/?resource=kommunikation-der-nachhaltigkeitsverpflichtung\" \/>\n<meta property=\"og:locale\" content=\"de_DE\" \/>\n<meta property=\"og:type\" content=\"article\" \/>\n<meta property=\"og:title\" content=\"Kommunikation der Nachhaltigkeitsverpflichtung - EventKit\" \/>\n<meta property=\"og:description\" content=\"Die Kommunikation der eigenen Nachhaltigkeitsziele und -massnahmen tr\u00e4gt dazu bei, umgesetzte Aktionen sichtbar zu machen, Teilnehmende einzubeziehen und ihre Unterst\u00fctzung zu festigen. Sie verbessert das Image der Veranstaltung und motiviert andere, \u00e4hnliche Massnahmen umzusetzen. Wichtig dabei: Koh\u00e4renz. Nur eine glaubw\u00fcrdige und stimmige Kommunikation schafft Vertrauen und vermeidet Greenwashing. Dar\u00fcber hinaus kann die Veranstaltung auch \u00fcber [&hellip;]\" \/>\n<meta property=\"og:url\" content=\"https:\/\/eventkit.ch\/?resource=kommunikation-der-nachhaltigkeitsverpflichtung\" \/>\n<meta property=\"og:site_name\" content=\"EventKit\" \/>\n<meta property=\"article:modified_time\" content=\"2026-03-23T15:53:52+00:00\" \/>\n<meta property=\"og:image\" content=\"https:\/\/eventkit.ch\/wp-content\/uploads\/2025\/11\/3FrauenSVNE_ASMD-1-scaled.jpg\" \/>\n\t<meta property=\"og:image:width\" content=\"2560\" \/>\n\t<meta property=\"og:image:height\" content=\"1710\" \/>\n\t<meta property=\"og:image:type\" content=\"image\/jpeg\" \/>\n<meta name=\"twitter:card\" content=\"summary_large_image\" \/>\n<meta name=\"twitter:label1\" content=\"Gesch\u00e4tzte Lesezeit\" \/>\n\t<meta name=\"twitter:data1\" content=\"2\u00a0Minuten\" \/>\n<script type=\"application\/ld+json\" class=\"yoast-schema-graph\">{\"@context\":\"https:\\\/\\\/schema.org\",\"@graph\":[{\"@type\":\"WebPage\",\"@id\":\"https:\\\/\\\/eventkit.ch\\\/?resource=kommunikation-der-nachhaltigkeitsverpflichtung\",\"url\":\"https:\\\/\\\/eventkit.ch\\\/?resource=kommunikation-der-nachhaltigkeitsverpflichtung\",\"name\":\"Kommunikation der Nachhaltigkeitsverpflichtung - EventKit\",\"isPartOf\":{\"@id\":\"https:\\\/\\\/eventkit.ch\\\/#website\"},\"datePublished\":\"2025-12-22T09:13:48+00:00\",\"dateModified\":\"2026-03-23T15:53:52+00:00\",\"breadcrumb\":{\"@id\":\"https:\\\/\\\/eventkit.ch\\\/?resource=kommunikation-der-nachhaltigkeitsverpflichtung#breadcrumb\"},\"inLanguage\":\"de\",\"potentialAction\":[{\"@type\":\"ReadAction\",\"target\":[\"https:\\\/\\\/eventkit.ch\\\/?resource=kommunikation-der-nachhaltigkeitsverpflichtung\"]}]},{\"@type\":\"BreadcrumbList\",\"@id\":\"https:\\\/\\\/eventkit.ch\\\/?resource=kommunikation-der-nachhaltigkeitsverpflichtung#breadcrumb\",\"itemListElement\":[{\"@type\":\"ListItem\",\"position\":1,\"name\":\"Home\",\"item\":\"https:\\\/\\\/eventkit.ch\\\/\"},{\"@type\":\"ListItem\",\"position\":2,\"name\":\"Merkbl\u00e4tter\",\"item\":\"https:\\\/\\\/eventkit.ch\\\/?post_type=resource&lang=fr\"},{\"@type\":\"ListItem\",\"position\":3,\"name\":\"Kommunikation der Nachhaltigkeitsverpflichtung\"}]},{\"@type\":\"WebSite\",\"@id\":\"https:\\\/\\\/eventkit.ch\\\/#website\",\"url\":\"https:\\\/\\\/eventkit.ch\\\/\",\"name\":\"EventKit\",\"description\":\"Nachhaltigkeit, die wirkt: Dein Event im Check.\",\"publisher\":{\"@id\":\"https:\\\/\\\/eventkit.ch\\\/#organization\"},\"potentialAction\":[{\"@type\":\"SearchAction\",\"target\":{\"@type\":\"EntryPoint\",\"urlTemplate\":\"https:\\\/\\\/eventkit.ch\\\/?s={search_term_string}\"},\"query-input\":{\"@type\":\"PropertyValueSpecification\",\"valueRequired\":true,\"valueName\":\"search_term_string\"}}],\"inLanguage\":\"de\"},{\"@type\":\"Organization\",\"@id\":\"https:\\\/\\\/eventkit.ch\\\/#organization\",\"name\":\"EventKit\",\"url\":\"https:\\\/\\\/eventkit.ch\\\/\",\"logo\":{\"@type\":\"ImageObject\",\"inLanguage\":\"de\",\"@id\":\"https:\\\/\\\/eventkit.ch\\\/#\\\/schema\\\/logo\\\/image\\\/\",\"url\":\"https:\\\/\\\/eventkit.ch\\\/wp-content\\\/uploads\\\/2025\\\/11\\\/android-icon-144x144-1.png\",\"contentUrl\":\"https:\\\/\\\/eventkit.ch\\\/wp-content\\\/uploads\\\/2025\\\/11\\\/android-icon-144x144-1.png\",\"width\":144,\"height\":144,\"caption\":\"EventKit\"},\"image\":{\"@id\":\"https:\\\/\\\/eventkit.ch\\\/#\\\/schema\\\/logo\\\/image\\\/\"}}]}<\/script>\n<!-- \/ Yoast SEO plugin. -->","yoast_head_json":{"title":"Kommunikation der Nachhaltigkeitsverpflichtung - EventKit","robots":{"index":"index","follow":"follow","max-snippet":"max-snippet:-1","max-image-preview":"max-image-preview:large","max-video-preview":"max-video-preview:-1"},"canonical":"https:\/\/eventkit.ch\/?resource=kommunikation-der-nachhaltigkeitsverpflichtung","og_locale":"de_DE","og_type":"article","og_title":"Kommunikation der Nachhaltigkeitsverpflichtung - EventKit","og_description":"Die Kommunikation der eigenen Nachhaltigkeitsziele und -massnahmen tr\u00e4gt dazu bei, umgesetzte Aktionen sichtbar zu machen, Teilnehmende einzubeziehen und ihre Unterst\u00fctzung zu festigen. Sie verbessert das Image der Veranstaltung und motiviert andere, \u00e4hnliche Massnahmen umzusetzen. Wichtig dabei: Koh\u00e4renz. Nur eine glaubw\u00fcrdige und stimmige Kommunikation schafft Vertrauen und vermeidet Greenwashing. Dar\u00fcber hinaus kann die Veranstaltung auch \u00fcber [&hellip;]","og_url":"https:\/\/eventkit.ch\/?resource=kommunikation-der-nachhaltigkeitsverpflichtung","og_site_name":"EventKit","article_modified_time":"2026-03-23T15:53:52+00:00","og_image":[{"width":2560,"height":1710,"url":"https:\/\/eventkit.ch\/wp-content\/uploads\/2025\/11\/3FrauenSVNE_ASMD-1-scaled.jpg","type":"image\/jpeg"}],"twitter_card":"summary_large_image","twitter_misc":{"Gesch\u00e4tzte Lesezeit":"2\u00a0Minuten"},"schema":{"@context":"https:\/\/schema.org","@graph":[{"@type":"WebPage","@id":"https:\/\/eventkit.ch\/?resource=kommunikation-der-nachhaltigkeitsverpflichtung","url":"https:\/\/eventkit.ch\/?resource=kommunikation-der-nachhaltigkeitsverpflichtung","name":"Kommunikation der Nachhaltigkeitsverpflichtung - EventKit","isPartOf":{"@id":"https:\/\/eventkit.ch\/#website"},"datePublished":"2025-12-22T09:13:48+00:00","dateModified":"2026-03-23T15:53:52+00:00","breadcrumb":{"@id":"https:\/\/eventkit.ch\/?resource=kommunikation-der-nachhaltigkeitsverpflichtung#breadcrumb"},"inLanguage":"de","potentialAction":[{"@type":"ReadAction","target":["https:\/\/eventkit.ch\/?resource=kommunikation-der-nachhaltigkeitsverpflichtung"]}]},{"@type":"BreadcrumbList","@id":"https:\/\/eventkit.ch\/?resource=kommunikation-der-nachhaltigkeitsverpflichtung#breadcrumb","itemListElement":[{"@type":"ListItem","position":1,"name":"Home","item":"https:\/\/eventkit.ch\/"},{"@type":"ListItem","position":2,"name":"Merkbl\u00e4tter","item":"https:\/\/eventkit.ch\/?post_type=resource&lang=fr"},{"@type":"ListItem","position":3,"name":"Kommunikation der Nachhaltigkeitsverpflichtung"}]},{"@type":"WebSite","@id":"https:\/\/eventkit.ch\/#website","url":"https:\/\/eventkit.ch\/","name":"EventKit","description":"Nachhaltigkeit, die wirkt: Dein Event im Check.","publisher":{"@id":"https:\/\/eventkit.ch\/#organization"},"potentialAction":[{"@type":"SearchAction","target":{"@type":"EntryPoint","urlTemplate":"https:\/\/eventkit.ch\/?s={search_term_string}"},"query-input":{"@type":"PropertyValueSpecification","valueRequired":true,"valueName":"search_term_string"}}],"inLanguage":"de"},{"@type":"Organization","@id":"https:\/\/eventkit.ch\/#organization","name":"EventKit","url":"https:\/\/eventkit.ch\/","logo":{"@type":"ImageObject","inLanguage":"de","@id":"https:\/\/eventkit.ch\/#\/schema\/logo\/image\/","url":"https:\/\/eventkit.ch\/wp-content\/uploads\/2025\/11\/android-icon-144x144-1.png","contentUrl":"https:\/\/eventkit.ch\/wp-content\/uploads\/2025\/11\/android-icon-144x144-1.png","width":144,"height":144,"caption":"EventKit"},"image":{"@id":"https:\/\/eventkit.ch\/#\/schema\/logo\/image\/"}}]}},"_links":{"self":[{"href":"https:\/\/eventkit.ch\/index.php?rest_route=\/wp\/v2\/resource\/2071","targetHints":{"allow":["GET"]}}],"collection":[{"href":"https:\/\/eventkit.ch\/index.php?rest_route=\/wp\/v2\/resource"}],"about":[{"href":"https:\/\/eventkit.ch\/index.php?rest_route=\/wp\/v2\/types\/resource"}],"wp:attachment":[{"href":"https:\/\/eventkit.ch\/index.php?rest_route=%2Fwp%2Fv2%2Fmedia&parent=2071"}],"wp:term":[{"taxonomy":"resource_category","embeddable":true,"href":"https:\/\/eventkit.ch\/index.php?rest_route=%2Fwp%2Fv2%2Fresource_category&post=2071"},{"taxonomy":"audience","embeddable":true,"href":"https:\/\/eventkit.ch\/index.php?rest_route=%2Fwp%2Fv2%2Faudience&post=2071"},{"taxonomy":"contenttype","embeddable":true,"href":"https:\/\/eventkit.ch\/index.php?rest_route=%2Fwp%2Fv2%2Fcontenttype&post=2071"}],"curies":[{"name":"wp","href":"https:\/\/api.w.org\/{rel}","templated":true}]}}

<p>Die Kommunikation der eigenen Nachhaltigkeitsziele und -massnahmen trägt dazu bei, umgesetzte Aktionen sichtbar zu machen, Teilnehmende einzubeziehen und ihre Unterstützung zu festigen. Sie verbessert das Image der Veranstaltung und motiviert andere, ähnliche Massnahmen umzusetzen.<br><br>Wichtig dabei: <strong>Kohärenz</strong>. Nur eine glaubwürdige und stimmige Kommunikation schafft Vertrauen und vermeidet Greenwashing.<br><br>Darüber hinaus kann die Veranstaltung auch über Themen informieren oder sensibilisieren, die über die eigenen Massnahmen hinausgehen – sofern dies in das Gesamtkonzept passt.</p><p></p><h2 class="wp-block-heading">Vor der Veranstaltung</h2><ul class="wp-block-list"><li>Gesamtkonzept und Kommunikationsziele definieren: Information, Sensibilisierung, Beteiligung usw.</li>

<li>Nur kommunizieren, was tatsächlich umgesetzt wird – in einem angemessenen Verhältnis zum Aufwand. Greenwashing unbedingt vermeiden.</li>

<li>Schlüsselbotschaften definieren:</li>

<li>Zu den Nachhaltigkeitsmassnahmen der Veranstaltung selbst</li>

<li>Zu Nachhaltigkeitsinitiativen von beteiligten Unternehmen oder Partnern</li>

<li>Wenn über Unternehmensaktionen berichtet wird: Ziele klar benennen, um Transparenz zu schaffen und blosses „Wunschdenken“ zu vermeiden.</li>

<li>Alle relevanten Akteure einbeziehen: Kommunikationsverantwortliche, Partner, Dienstleister.</li>

<li>Kommunikationsmittel gezielt und ressourcenschonend auswählen (z. B. Webseite, Social Media, Tickets, Programme, Infostände, Flyer).</li>

<li>Budget und Zeitplan für die Kommunikation festlegen.</li>

<li>Sicherstellen, dass Botschaften und Massnahmen im Einklang mit dem Veranstaltungskonzept stehen.</li></ul><h2 class="wp-block-heading">Während der Veranstaltung</h2><ul class="wp-block-list"><li>Überprüfung: Wurden die angekündigten Massnahmen tatsächlich umgesetzt?</li></ul><h2 class="wp-block-heading">Nach der Veranstaltung</h2><ul class="wp-block-list"><li>Ergebnisse und Erfahrungen kommunizieren (Bilanz der Kampagne und umgesetzten Massnahmen).</li></ul>

<p>Die Kommunikation der eigenen Nachhaltigkeitsziele und -massnahmen trägt dazu bei, umgesetzte Aktionen sichtbar zu machen, Teilnehmende einzubeziehen und ihre Unterstützung zu festigen. Sie verbessert das Image der Veranstaltung und motiviert andere, ähnliche Massnahmen umzusetzen. Wichtig dabei: Kohärenz. Nur eine glaubwürdige und stimmige Kommunikation schafft Vertrauen und vermeidet Greenwashing. Darüber hinaus kann die Veranstaltung auch über [&hellip;]</p>

<!-- This site is optimized with the Yoast SEO plugin v27.3 - https://yoast.com/product/yoast-seo-wordpress/ -->
<title>Kommunikation der Nachhaltigkeitsverpflichtung - EventKit</title>
<meta name="robots" content="index, follow, max-snippet:-1, max-image-preview:large, max-video-preview:-1" />
<link rel="canonical" href="https://eventkit.ch/?resource=kommunikation-der-nachhaltigkeitsverpflichtung" />
<meta property="og:locale" content="de_DE" />
<meta property="og:type" content="article" />
<meta property="og:title" content="Kommunikation der Nachhaltigkeitsverpflichtung - EventKit" />
<meta property="og:description" content="Die Kommunikation der eigenen Nachhaltigkeitsziele und -massnahmen trägt dazu bei, umgesetzte Aktionen sichtbar zu machen, Teilnehmende einzubeziehen und ihre Unterstützung zu festigen. Sie verbessert das Image der Veranstaltung und motiviert andere, ähnliche Massnahmen umzusetzen. Wichtig dabei: Kohärenz. Nur eine glaubwürdige und stimmige Kommunikation schafft Vertrauen und vermeidet Greenwashing. Darüber hinaus kann die Veranstaltung auch über [&hellip;]" />
<meta property="og:url" content="https://eventkit.ch/?resource=kommunikation-der-nachhaltigkeitsverpflichtung" />
<meta property="og:site_name" content="EventKit" />
<meta property="article:modified_time" content="2026-03-23T15:53:52+00:00" />
<meta property="og:image" content="https://eventkit.ch/wp-content/uploads/2025/11/3FrauenSVNE_ASMD-1-scaled.jpg" />
	<meta property="og:image:width" content="2560" />
	<meta property="og:image:height" content="1710" />
	<meta property="og:image:type" content="image/jpeg" />
<meta name="twitter:card" content="summary_large_image" />
<meta name="twitter:label1" content="Geschätzte Lesezeit" />
	<meta name="twitter:data1" content="2 Minuten" />
<script type="application/ld+json" class="yoast-schema-graph">{"@context":"https:\/\/schema.org","@graph":[{"@type":"WebPage","@id":"https:\/\/eventkit.ch\/?resource=kommunikation-der-nachhaltigkeitsverpflichtung","url":"https:\/\/eventkit.ch\/?resource=kommunikation-der-nachhaltigkeitsverpflichtung","name":"Kommunikation der Nachhaltigkeitsverpflichtung - EventKit","isPartOf":{"@id":"https:\/\/eventkit.ch\/#website"},"datePublished":"2025-12-22T09:13:48+00:00","dateModified":"2026-03-23T15:53:52+00:00","breadcrumb":{"@id":"https:\/\/eventkit.ch\/?resource=kommunikation-der-nachhaltigkeitsverpflichtung#breadcrumb"},"inLanguage":"de","potentialAction":[{"@type":"ReadAction","target":["https:\/\/eventkit.ch\/?resource=kommunikation-der-nachhaltigkeitsverpflichtung"]}]},{"@type":"BreadcrumbList","@id":"https:\/\/eventkit.ch\/?resource=kommunikation-der-nachhaltigkeitsverpflichtung#breadcrumb","itemListElement":[{"@type":"ListItem","position":1,"name":"Home","item":"https:\/\/eventkit.ch\/"},{"@type":"ListItem","position":2,"name":"Merkblätter","item":"https:\/\/eventkit.ch\/?post_type=resource&lang=fr"},{"@type":"ListItem","position":3,"name":"Kommunikation der Nachhaltigkeitsverpflichtung"}]},{"@type":"WebSite","@id":"https:\/\/eventkit.ch\/#website","url":"https:\/\/eventkit.ch\/","name":"EventKit","description":"Nachhaltigkeit, die wirkt: Dein Event im Check.","publisher":{"@id":"https:\/\/eventkit.ch\/#organization"},"potentialAction":[{"@type":"SearchAction","target":{"@type":"EntryPoint","urlTemplate":"https:\/\/eventkit.ch\/?s={search_term_string}"},"query-input":{"@type":"PropertyValueSpecification","valueRequired":true,"valueName":"search_term_string"}}],"inLanguage":"de"},{"@type":"Organization","@id":"https:\/\/eventkit.ch\/#organization","name":"EventKit","url":"https:\/\/eventkit.ch\/","logo":{"@type":"ImageObject","inLanguage":"de","@id":"https:\/\/eventkit.ch\/#\/schema\/logo\/image\/","url":"https:\/\/eventkit.ch\/wp-content\/uploads\/2025\/11\/android-icon-144x144-1.png","contentUrl":"https:\/\/eventkit.ch\/wp-content\/uploads\/2025\/11\/android-icon-144x144-1.png","width":144,"height":144,"caption":"EventKit"},"image":{"@id":"https:\/\/eventkit.ch\/#\/schema\/logo\/image\/"}}]}</script>
<!-- / Yoast SEO plugin. -->

Die Kommunikation der eigenen Nachhaltigkeitsziele und -massnahmen trägt dazu bei, umgesetzte Aktionen sichtbar zu machen, Teilnehmende einzubeziehen und ihre Unterstützung zu festigen. Sie verbessert das Image der Veranstaltung und motiviert andere, ähnliche Massnahmen umzusetzen. Wichtig dabei: Kohärenz. Nur eine glaubwürdige und stimmige Kommunikation schafft Vertrauen und vermeidet Greenwashing. Darüber hinaus kann die Veranstaltung auch über [&hellip;]

Merkblätter
