{"id":2062,"date":"2025-12-22T08:35:38","date_gmt":"2025-12-22T08:35:38","guid":{"rendered":"https:\/\/eventkit.ch\/?post_type=resource&#038;p=2062"},"modified":"2026-03-23T16:54:43","modified_gmt":"2026-03-23T15:54:43","slug":"massnahmen-definieren","status":"publish","type":"resource","link":"https:\/\/eventkit.ch\/?resource=massnahmen-definieren","title":{"rendered":"Massnahmen definieren"},"content":{"rendered":"<p>Um die gesetzten Ziele zu erreichen, m\u00fcssen diese in konkrete Aktionen \u00fcbersetzt werden, f\u00fcr die die notwendigen Ressourcen (Zeit, Personal, Budget) bereitstehen.<br><br>Die Auswahl geeigneter Massnahmen beeinflusst direkt die Priorisierung der Ziele: Ist ein Ziel nicht durch realistische Aktionen umsetzbar, sollte es angepasst oder gestrichen werden. Da sich Rahmenbedingungen laufend ver\u00e4ndern, handelt es sich um einen dynamischen Prozess, der regelm\u00e4ssig \u00fcberpr\u00fcft werden sollte.<\/p><h2 class=\"wp-block-heading\">Vor der Veranstaltung<\/h2><ul class=\"wp-block-list\"><li>Aktionen zur Zielerreichung identifizieren \u2013 basierend auf der Bilanz fr\u00fcherer Ausgaben oder, falls nicht vorhanden, anhand zentraler Themen (Mobilit\u00e4t, Abfall, Beschaffung, Energie).<\/li>\n\n<li>Gemeinsam mit allen relevanten Akteurinnen und Akteuren die praktikabelsten L\u00f6sungen ausw\u00e4hlen und eine aktive Mitwirkung sicherstellen.<\/li>\n\n<li>Budget f\u00fcr die Umsetzung der ausgew\u00e4hlten Aktionen festlegen.<\/li>\n\n<li>F\u00fcr jede Aktion Verantwortliche bestimmen und deren Zust\u00e4ndigkeiten klar dokumentieren.<\/li>\n\n<li>Eine \u00dcbersicht (Aktionsplan) erstellen mit Massnahmen, Fristen, Indikatoren, Verantwortlichkeiten etc.<\/li>\n\n<li>Den Aktionsplan vom Organisationskomitee best\u00e4tigen lassen.<\/li>\n\n<li>Den finalen Aktionsplan allen Betroffenen zug\u00e4nglich machen und ver\u00f6ffentlichen \u2013 barrierefrei f\u00fcr alle, auch f\u00fcr Menschen mit Behinderung.<\/li><\/ul><h2 class=\"wp-block-heading\">W\u00e4hrend der Veranstaltung<\/h2><ul class=\"wp-block-list\"><li>In den Sitzungen des Organisationskomitees regelm\u00e4ssig \u00fcber den Fortschritt der Aktionen berichten und offene Punkte\/Schwierigkeiten besprechen.<\/li>\n\n<li>Bei Bedarf \u00fcber Umfragen oder kurze Feedbackrunden m\u00f6glichst viele Personen in die L\u00f6sungssuche einbeziehen.<\/li>\n\n<li>Fristen im Blick behalten; Verz\u00f6gerungen fr\u00fchzeitig an die Projektleitung kommunizieren.<\/li><\/ul><h2 class=\"wp-block-heading\">Nach der Veranstaltung<\/h2><ul class=\"wp-block-list\"><li>Daten und R\u00fcckmeldungen von allen Verantwortlichen einholen.<\/li>\n\n<li>Bilanz der umgesetzten Aktionen ziehen.<\/li>\n\n<li>Ergebnisse und Bilanz transparent auf der Website der Veranstaltung ver\u00f6ffentlichen.<\/li><\/ul>","protected":false},"excerpt":{"rendered":"<p>Um die gesetzten Ziele zu erreichen, m\u00fcssen diese in konkrete Aktionen \u00fcbersetzt werden, f\u00fcr die die notwendigen Ressourcen (Zeit, Personal, Budget) bereitstehen. Die Auswahl geeigneter Massnahmen beeinflusst direkt die Priorisierung der Ziele: Ist ein Ziel nicht durch realistische Aktionen umsetzbar, sollte es angepasst oder gestrichen werden. Da sich Rahmenbedingungen laufend ver\u00e4ndern, handelt es sich um [&hellip;]<\/p>\n","protected":false},"featured_media":1781,"parent":0,"template":"","format":"standard","meta":{"_sitemap_exclude":false,"_sitemap_priority":"","_sitemap_frequency":"","_eventkit_link":"https:\/\/eventkit.ch\/wp-content\/uploads\/2025\/12\/1.9_Massnahmen_definieren_EVENTKIT_FINAL.pdf"},"resource_category":[192],"audience":[],"contenttype":[104],"class_list":["post-2062","resource","type-resource","status-publish","format-standard","has-post-thumbnail","hentry","resource_category-management-kommunikation","contenttype-merkblatt"],"yoast_head":"<!-- This site is optimized with the Yoast SEO plugin v27.3 - https:\/\/yoast.com\/product\/yoast-seo-wordpress\/ -->\n<title>Massnahmen definieren - EventKit<\/title>\n<meta name=\"robots\" content=\"index, follow, max-snippet:-1, max-image-preview:large, max-video-preview:-1\" \/>\n<link rel=\"canonical\" href=\"https:\/\/eventkit.ch\/?resource=massnahmen-definieren\" \/>\n<meta property=\"og:locale\" content=\"de_DE\" \/>\n<meta property=\"og:type\" content=\"article\" \/>\n<meta property=\"og:title\" content=\"Massnahmen definieren - EventKit\" \/>\n<meta property=\"og:description\" content=\"Um die gesetzten Ziele zu erreichen, m\u00fcssen diese in konkrete Aktionen \u00fcbersetzt werden, f\u00fcr die die notwendigen Ressourcen (Zeit, Personal, Budget) bereitstehen. Die Auswahl geeigneter Massnahmen beeinflusst direkt die Priorisierung der Ziele: Ist ein Ziel nicht durch realistische Aktionen umsetzbar, sollte es angepasst oder gestrichen werden. Da sich Rahmenbedingungen laufend ver\u00e4ndern, handelt es sich um [&hellip;]\" \/>\n<meta property=\"og:url\" content=\"https:\/\/eventkit.ch\/?resource=massnahmen-definieren\" \/>\n<meta property=\"og:site_name\" content=\"EventKit\" \/>\n<meta property=\"article:modified_time\" content=\"2026-03-23T15:54:43+00:00\" \/>\n<meta property=\"og:image\" content=\"https:\/\/eventkit.ch\/wp-content\/uploads\/2025\/12\/6O4A7687_2-1-1024x683.jpg\" \/>\n\t<meta property=\"og:image:width\" content=\"1024\" \/>\n\t<meta property=\"og:image:height\" content=\"683\" \/>\n\t<meta property=\"og:image:type\" content=\"image\/jpeg\" \/>\n<meta name=\"twitter:card\" content=\"summary_large_image\" \/>\n<meta name=\"twitter:label1\" content=\"Gesch\u00e4tzte Lesezeit\" \/>\n\t<meta name=\"twitter:data1\" content=\"2\u00a0Minuten\" \/>\n<script type=\"application\/ld+json\" class=\"yoast-schema-graph\">{\"@context\":\"https:\\\/\\\/schema.org\",\"@graph\":[{\"@type\":\"WebPage\",\"@id\":\"https:\\\/\\\/eventkit.ch\\\/?resource=massnahmen-definieren\",\"url\":\"https:\\\/\\\/eventkit.ch\\\/?resource=massnahmen-definieren\",\"name\":\"Massnahmen definieren - EventKit\",\"isPartOf\":{\"@id\":\"https:\\\/\\\/eventkit.ch\\\/#website\"},\"primaryImageOfPage\":{\"@id\":\"https:\\\/\\\/eventkit.ch\\\/?resource=massnahmen-definieren#primaryimage\"},\"image\":{\"@id\":\"https:\\\/\\\/eventkit.ch\\\/?resource=massnahmen-definieren#primaryimage\"},\"thumbnailUrl\":\"https:\\\/\\\/eventkit.ch\\\/wp-content\\\/uploads\\\/2025\\\/12\\\/6O4A7687_2-1.jpg\",\"datePublished\":\"2025-12-22T08:35:38+00:00\",\"dateModified\":\"2026-03-23T15:54:43+00:00\",\"breadcrumb\":{\"@id\":\"https:\\\/\\\/eventkit.ch\\\/?resource=massnahmen-definieren#breadcrumb\"},\"inLanguage\":\"de\",\"potentialAction\":[{\"@type\":\"ReadAction\",\"target\":[\"https:\\\/\\\/eventkit.ch\\\/?resource=massnahmen-definieren\"]}]},{\"@type\":\"ImageObject\",\"inLanguage\":\"de\",\"@id\":\"https:\\\/\\\/eventkit.ch\\\/?resource=massnahmen-definieren#primaryimage\",\"url\":\"https:\\\/\\\/eventkit.ch\\\/wp-content\\\/uploads\\\/2025\\\/12\\\/6O4A7687_2-1.jpg\",\"contentUrl\":\"https:\\\/\\\/eventkit.ch\\\/wp-content\\\/uploads\\\/2025\\\/12\\\/6O4A7687_2-1.jpg\",\"width\":8192,\"height\":5464},{\"@type\":\"BreadcrumbList\",\"@id\":\"https:\\\/\\\/eventkit.ch\\\/?resource=massnahmen-definieren#breadcrumb\",\"itemListElement\":[{\"@type\":\"ListItem\",\"position\":1,\"name\":\"Home\",\"item\":\"https:\\\/\\\/eventkit.ch\\\/\"},{\"@type\":\"ListItem\",\"position\":2,\"name\":\"Merkbl\u00e4tter\",\"item\":\"https:\\\/\\\/eventkit.ch\\\/?post_type=resource&lang=fr\"},{\"@type\":\"ListItem\",\"position\":3,\"name\":\"Massnahmen definieren\"}]},{\"@type\":\"WebSite\",\"@id\":\"https:\\\/\\\/eventkit.ch\\\/#website\",\"url\":\"https:\\\/\\\/eventkit.ch\\\/\",\"name\":\"EventKit\",\"description\":\"Nachhaltigkeit, die wirkt: Dein Event im Check.\",\"publisher\":{\"@id\":\"https:\\\/\\\/eventkit.ch\\\/#organization\"},\"potentialAction\":[{\"@type\":\"SearchAction\",\"target\":{\"@type\":\"EntryPoint\",\"urlTemplate\":\"https:\\\/\\\/eventkit.ch\\\/?s={search_term_string}\"},\"query-input\":{\"@type\":\"PropertyValueSpecification\",\"valueRequired\":true,\"valueName\":\"search_term_string\"}}],\"inLanguage\":\"de\"},{\"@type\":\"Organization\",\"@id\":\"https:\\\/\\\/eventkit.ch\\\/#organization\",\"name\":\"EventKit\",\"url\":\"https:\\\/\\\/eventkit.ch\\\/\",\"logo\":{\"@type\":\"ImageObject\",\"inLanguage\":\"de\",\"@id\":\"https:\\\/\\\/eventkit.ch\\\/#\\\/schema\\\/logo\\\/image\\\/\",\"url\":\"https:\\\/\\\/eventkit.ch\\\/wp-content\\\/uploads\\\/2025\\\/11\\\/android-icon-144x144-1.png\",\"contentUrl\":\"https:\\\/\\\/eventkit.ch\\\/wp-content\\\/uploads\\\/2025\\\/11\\\/android-icon-144x144-1.png\",\"width\":144,\"height\":144,\"caption\":\"EventKit\"},\"image\":{\"@id\":\"https:\\\/\\\/eventkit.ch\\\/#\\\/schema\\\/logo\\\/image\\\/\"}}]}<\/script>\n<!-- \/ Yoast SEO plugin. -->","yoast_head_json":{"title":"Massnahmen definieren - EventKit","robots":{"index":"index","follow":"follow","max-snippet":"max-snippet:-1","max-image-preview":"max-image-preview:large","max-video-preview":"max-video-preview:-1"},"canonical":"https:\/\/eventkit.ch\/?resource=massnahmen-definieren","og_locale":"de_DE","og_type":"article","og_title":"Massnahmen definieren - EventKit","og_description":"Um die gesetzten Ziele zu erreichen, m\u00fcssen diese in konkrete Aktionen \u00fcbersetzt werden, f\u00fcr die die notwendigen Ressourcen (Zeit, Personal, Budget) bereitstehen. Die Auswahl geeigneter Massnahmen beeinflusst direkt die Priorisierung der Ziele: Ist ein Ziel nicht durch realistische Aktionen umsetzbar, sollte es angepasst oder gestrichen werden. Da sich Rahmenbedingungen laufend ver\u00e4ndern, handelt es sich um [&hellip;]","og_url":"https:\/\/eventkit.ch\/?resource=massnahmen-definieren","og_site_name":"EventKit","article_modified_time":"2026-03-23T15:54:43+00:00","og_image":[{"width":1024,"height":683,"url":"https:\/\/eventkit.ch\/wp-content\/uploads\/2025\/12\/6O4A7687_2-1-1024x683.jpg","type":"image\/jpeg"}],"twitter_card":"summary_large_image","twitter_misc":{"Gesch\u00e4tzte Lesezeit":"2\u00a0Minuten"},"schema":{"@context":"https:\/\/schema.org","@graph":[{"@type":"WebPage","@id":"https:\/\/eventkit.ch\/?resource=massnahmen-definieren","url":"https:\/\/eventkit.ch\/?resource=massnahmen-definieren","name":"Massnahmen definieren - EventKit","isPartOf":{"@id":"https:\/\/eventkit.ch\/#website"},"primaryImageOfPage":{"@id":"https:\/\/eventkit.ch\/?resource=massnahmen-definieren#primaryimage"},"image":{"@id":"https:\/\/eventkit.ch\/?resource=massnahmen-definieren#primaryimage"},"thumbnailUrl":"https:\/\/eventkit.ch\/wp-content\/uploads\/2025\/12\/6O4A7687_2-1.jpg","datePublished":"2025-12-22T08:35:38+00:00","dateModified":"2026-03-23T15:54:43+00:00","breadcrumb":{"@id":"https:\/\/eventkit.ch\/?resource=massnahmen-definieren#breadcrumb"},"inLanguage":"de","potentialAction":[{"@type":"ReadAction","target":["https:\/\/eventkit.ch\/?resource=massnahmen-definieren"]}]},{"@type":"ImageObject","inLanguage":"de","@id":"https:\/\/eventkit.ch\/?resource=massnahmen-definieren#primaryimage","url":"https:\/\/eventkit.ch\/wp-content\/uploads\/2025\/12\/6O4A7687_2-1.jpg","contentUrl":"https:\/\/eventkit.ch\/wp-content\/uploads\/2025\/12\/6O4A7687_2-1.jpg","width":8192,"height":5464},{"@type":"BreadcrumbList","@id":"https:\/\/eventkit.ch\/?resource=massnahmen-definieren#breadcrumb","itemListElement":[{"@type":"ListItem","position":1,"name":"Home","item":"https:\/\/eventkit.ch\/"},{"@type":"ListItem","position":2,"name":"Merkbl\u00e4tter","item":"https:\/\/eventkit.ch\/?post_type=resource&lang=fr"},{"@type":"ListItem","position":3,"name":"Massnahmen definieren"}]},{"@type":"WebSite","@id":"https:\/\/eventkit.ch\/#website","url":"https:\/\/eventkit.ch\/","name":"EventKit","description":"Nachhaltigkeit, die wirkt: Dein Event im Check.","publisher":{"@id":"https:\/\/eventkit.ch\/#organization"},"potentialAction":[{"@type":"SearchAction","target":{"@type":"EntryPoint","urlTemplate":"https:\/\/eventkit.ch\/?s={search_term_string}"},"query-input":{"@type":"PropertyValueSpecification","valueRequired":true,"valueName":"search_term_string"}}],"inLanguage":"de"},{"@type":"Organization","@id":"https:\/\/eventkit.ch\/#organization","name":"EventKit","url":"https:\/\/eventkit.ch\/","logo":{"@type":"ImageObject","inLanguage":"de","@id":"https:\/\/eventkit.ch\/#\/schema\/logo\/image\/","url":"https:\/\/eventkit.ch\/wp-content\/uploads\/2025\/11\/android-icon-144x144-1.png","contentUrl":"https:\/\/eventkit.ch\/wp-content\/uploads\/2025\/11\/android-icon-144x144-1.png","width":144,"height":144,"caption":"EventKit"},"image":{"@id":"https:\/\/eventkit.ch\/#\/schema\/logo\/image\/"}}]}},"_links":{"self":[{"href":"https:\/\/eventkit.ch\/index.php?rest_route=\/wp\/v2\/resource\/2062","targetHints":{"allow":["GET"]}}],"collection":[{"href":"https:\/\/eventkit.ch\/index.php?rest_route=\/wp\/v2\/resource"}],"about":[{"href":"https:\/\/eventkit.ch\/index.php?rest_route=\/wp\/v2\/types\/resource"}],"wp:featuredmedia":[{"embeddable":true,"href":"https:\/\/eventkit.ch\/index.php?rest_route=\/wp\/v2\/media\/1781"}],"wp:attachment":[{"href":"https:\/\/eventkit.ch\/index.php?rest_route=%2Fwp%2Fv2%2Fmedia&parent=2062"}],"wp:term":[{"taxonomy":"resource_category","embeddable":true,"href":"https:\/\/eventkit.ch\/index.php?rest_route=%2Fwp%2Fv2%2Fresource_category&post=2062"},{"taxonomy":"audience","embeddable":true,"href":"https:\/\/eventkit.ch\/index.php?rest_route=%2Fwp%2Fv2%2Faudience&post=2062"},{"taxonomy":"contenttype","embeddable":true,"href":"https:\/\/eventkit.ch\/index.php?rest_route=%2Fwp%2Fv2%2Fcontenttype&post=2062"}],"curies":[{"name":"wp","href":"https:\/\/api.w.org\/{rel}","templated":true}]}}

<p>Um die gesetzten Ziele zu erreichen, müssen diese in konkrete Aktionen übersetzt werden, für die die notwendigen Ressourcen (Zeit, Personal, Budget) bereitstehen.<br><br>Die Auswahl geeigneter Massnahmen beeinflusst direkt die Priorisierung der Ziele: Ist ein Ziel nicht durch realistische Aktionen umsetzbar, sollte es angepasst oder gestrichen werden. Da sich Rahmenbedingungen laufend verändern, handelt es sich um einen dynamischen Prozess, der regelmässig überprüft werden sollte.</p><h2 class="wp-block-heading">Vor der Veranstaltung</h2><ul class="wp-block-list"><li>Aktionen zur Zielerreichung identifizieren – basierend auf der Bilanz früherer Ausgaben oder, falls nicht vorhanden, anhand zentraler Themen (Mobilität, Abfall, Beschaffung, Energie).</li>

<li>Gemeinsam mit allen relevanten Akteurinnen und Akteuren die praktikabelsten Lösungen auswählen und eine aktive Mitwirkung sicherstellen.</li>

<li>Budget für die Umsetzung der ausgewählten Aktionen festlegen.</li>

<li>Für jede Aktion Verantwortliche bestimmen und deren Zuständigkeiten klar dokumentieren.</li>

<li>Eine Übersicht (Aktionsplan) erstellen mit Massnahmen, Fristen, Indikatoren, Verantwortlichkeiten etc.</li>

<li>Den Aktionsplan vom Organisationskomitee bestätigen lassen.</li>

<li>Den finalen Aktionsplan allen Betroffenen zugänglich machen und veröffentlichen – barrierefrei für alle, auch für Menschen mit Behinderung.</li></ul><h2 class="wp-block-heading">Während der Veranstaltung</h2><ul class="wp-block-list"><li>In den Sitzungen des Organisationskomitees regelmässig über den Fortschritt der Aktionen berichten und offene Punkte/Schwierigkeiten besprechen.</li>

<li>Bei Bedarf über Umfragen oder kurze Feedbackrunden möglichst viele Personen in die Lösungssuche einbeziehen.</li>

<li>Fristen im Blick behalten; Verzögerungen frühzeitig an die Projektleitung kommunizieren.</li></ul><h2 class="wp-block-heading">Nach der Veranstaltung</h2><ul class="wp-block-list"><li>Daten und Rückmeldungen von allen Verantwortlichen einholen.</li>

<li>Bilanz der umgesetzten Aktionen ziehen.</li>

<li>Ergebnisse und Bilanz transparent auf der Website der Veranstaltung veröffentlichen.</li></ul>

<p>Um die gesetzten Ziele zu erreichen, müssen diese in konkrete Aktionen übersetzt werden, für die die notwendigen Ressourcen (Zeit, Personal, Budget) bereitstehen. Die Auswahl geeigneter Massnahmen beeinflusst direkt die Priorisierung der Ziele: Ist ein Ziel nicht durch realistische Aktionen umsetzbar, sollte es angepasst oder gestrichen werden. Da sich Rahmenbedingungen laufend verändern, handelt es sich um [&hellip;]</p>

<!-- This site is optimized with the Yoast SEO plugin v27.3 - https://yoast.com/product/yoast-seo-wordpress/ -->
<title>Massnahmen definieren - EventKit</title>
<meta name="robots" content="index, follow, max-snippet:-1, max-image-preview:large, max-video-preview:-1" />
<link rel="canonical" href="https://eventkit.ch/?resource=massnahmen-definieren" />
<meta property="og:locale" content="de_DE" />
<meta property="og:type" content="article" />
<meta property="og:title" content="Massnahmen definieren - EventKit" />
<meta property="og:description" content="Um die gesetzten Ziele zu erreichen, müssen diese in konkrete Aktionen übersetzt werden, für die die notwendigen Ressourcen (Zeit, Personal, Budget) bereitstehen. Die Auswahl geeigneter Massnahmen beeinflusst direkt die Priorisierung der Ziele: Ist ein Ziel nicht durch realistische Aktionen umsetzbar, sollte es angepasst oder gestrichen werden. Da sich Rahmenbedingungen laufend verändern, handelt es sich um [&hellip;]" />
<meta property="og:url" content="https://eventkit.ch/?resource=massnahmen-definieren" />
<meta property="og:site_name" content="EventKit" />
<meta property="article:modified_time" content="2026-03-23T15:54:43+00:00" />
<meta property="og:image" content="https://eventkit.ch/wp-content/uploads/2025/12/6O4A7687_2-1-1024x683.jpg" />
	<meta property="og:image:width" content="1024" />
	<meta property="og:image:height" content="683" />
	<meta property="og:image:type" content="image/jpeg" />
<meta name="twitter:card" content="summary_large_image" />
<meta name="twitter:label1" content="Geschätzte Lesezeit" />
	<meta name="twitter:data1" content="2 Minuten" />
<script type="application/ld+json" class="yoast-schema-graph">{"@context":"https:\/\/schema.org","@graph":[{"@type":"WebPage","@id":"https:\/\/eventkit.ch\/?resource=massnahmen-definieren","url":"https:\/\/eventkit.ch\/?resource=massnahmen-definieren","name":"Massnahmen definieren - EventKit","isPartOf":{"@id":"https:\/\/eventkit.ch\/#website"},"primaryImageOfPage":{"@id":"https:\/\/eventkit.ch\/?resource=massnahmen-definieren#primaryimage"},"image":{"@id":"https:\/\/eventkit.ch\/?resource=massnahmen-definieren#primaryimage"},"thumbnailUrl":"https:\/\/eventkit.ch\/wp-content\/uploads\/2025\/12\/6O4A7687_2-1.jpg","datePublished":"2025-12-22T08:35:38+00:00","dateModified":"2026-03-23T15:54:43+00:00","breadcrumb":{"@id":"https:\/\/eventkit.ch\/?resource=massnahmen-definieren#breadcrumb"},"inLanguage":"de","potentialAction":[{"@type":"ReadAction","target":["https:\/\/eventkit.ch\/?resource=massnahmen-definieren"]}]},{"@type":"ImageObject","inLanguage":"de","@id":"https:\/\/eventkit.ch\/?resource=massnahmen-definieren#primaryimage","url":"https:\/\/eventkit.ch\/wp-content\/uploads\/2025\/12\/6O4A7687_2-1.jpg","contentUrl":"https:\/\/eventkit.ch\/wp-content\/uploads\/2025\/12\/6O4A7687_2-1.jpg","width":8192,"height":5464},{"@type":"BreadcrumbList","@id":"https:\/\/eventkit.ch\/?resource=massnahmen-definieren#breadcrumb","itemListElement":[{"@type":"ListItem","position":1,"name":"Home","item":"https:\/\/eventkit.ch\/"},{"@type":"ListItem","position":2,"name":"Merkblätter","item":"https:\/\/eventkit.ch\/?post_type=resource&lang=fr"},{"@type":"ListItem","position":3,"name":"Massnahmen definieren"}]},{"@type":"WebSite","@id":"https:\/\/eventkit.ch\/#website","url":"https:\/\/eventkit.ch\/","name":"EventKit","description":"Nachhaltigkeit, die wirkt: Dein Event im Check.","publisher":{"@id":"https:\/\/eventkit.ch\/#organization"},"potentialAction":[{"@type":"SearchAction","target":{"@type":"EntryPoint","urlTemplate":"https:\/\/eventkit.ch\/?s={search_term_string}"},"query-input":{"@type":"PropertyValueSpecification","valueRequired":true,"valueName":"search_term_string"}}],"inLanguage":"de"},{"@type":"Organization","@id":"https:\/\/eventkit.ch\/#organization","name":"EventKit","url":"https:\/\/eventkit.ch\/","logo":{"@type":"ImageObject","inLanguage":"de","@id":"https:\/\/eventkit.ch\/#\/schema\/logo\/image\/","url":"https:\/\/eventkit.ch\/wp-content\/uploads\/2025\/11\/android-icon-144x144-1.png","contentUrl":"https:\/\/eventkit.ch\/wp-content\/uploads\/2025\/11\/android-icon-144x144-1.png","width":144,"height":144,"caption":"EventKit"},"image":{"@id":"https:\/\/eventkit.ch\/#\/schema\/logo\/image\/"}}]}</script>
<!-- / Yoast SEO plugin. -->

Um die gesetzten Ziele zu erreichen, müssen diese in konkrete Aktionen übersetzt werden, für die die notwendigen Ressourcen (Zeit, Personal, Budget) bereitstehen. Die Auswahl geeigneter Massnahmen beeinflusst direkt die Priorisierung der Ziele: Ist ein Ziel nicht durch realistische Aktionen umsetzbar, sollte es angepasst oder gestrichen werden. Da sich Rahmenbedingungen laufend verändern, handelt es sich um [&hellip;]

Merkblätter
