{"id":2060,"date":"2025-12-22T08:16:52","date_gmt":"2025-12-22T08:16:52","guid":{"rendered":"https:\/\/eventkit.ch\/?post_type=resource&#038;p=2060"},"modified":"2026-03-23T17:54:40","modified_gmt":"2026-03-23T16:54:40","slug":"communication-et-transfers-de-connaissance","status":"publish","type":"resource","link":"https:\/\/eventkit.ch\/?resource=communication-et-transfers-de-connaissance&lang=fr","title":{"rendered":"Communication et transfers de connaissance"},"content":{"rendered":"<p>Pour am\u00e9liorer la performance d\u2019une manifestation, il est essentiel de mettre en place un syst\u00e8me de suivi avec des indicateurs clairs et de partager les connaissances acquises. Cela permet de documenter les aspects op\u00e9rationnels utiles pour la pr\u00e9paration des \u00e9ditions futures.Le suivi couvre l\u2019ensemble du processus : de la phase de pr\u00e9paration \u00e0 la r\u00e9alisation, jusqu\u2019au d\u00e9briefing final. Par ailleurs, pour garantir la qualit\u00e9 et la continuit\u00e9 de l\u2019organisation, il est important d\u2019assurer la rel\u00e8ve au sein du comit\u00e9 d\u2019organisation.<\/p><h2 class=\"wp-block-heading\"><strong><em><u>Avant la manifestation<\/u><\/em><\/strong><\/h2><ul class=\"wp-block-list\"><li>D\u00e9finir les indicateurs \u00e0 suivre, par exemple :<ul class=\"wp-block-list\"><li>origine et comportements des participantes et participants \/ spectatrices et spectateurs (p.ex. choix du mode de transport)<\/li>\n\n<li>satisfaction concernant le syst\u00e8me de transport mis en place<\/li>\n\n<li>besoins sp\u00e9cifiques li\u00e9s \u00e0 la mobilit\u00e9 r\u00e9duite<\/li><\/ul><\/li>\n\n<li>Utiliser une m\u00e9thodologie de collecte, de saisie et d\u2019analyse des donn\u00e9es similaires \u00e0 celle des \u00e9ditions pr\u00e9c\u00e9dentes afin de rendre les r\u00e9sultats comparables.<\/li>\n\n<li>Pour les manifestations r\u00e9currentes, pr\u00e9parer la rel\u00e8ve : identifier et former des personnes qui prendront le relais des diff\u00e9rents domaines de responsabilit\u00e9 au sein du comit\u00e9 d\u2019organisation.<\/li><\/ul><h2 class=\"wp-block-heading\"><strong><em><u>Pendant la manifestation<\/u><\/em><\/strong><\/h2><ul class=\"wp-block-list\"><li>Collecter les donn\u00e9es conform\u00e9ment aux indicateurs d\u00e9finis.<\/li>\n\n<li>Assurer la formation et l\u2019accompagnement des personnes appel\u00e9es \u00e0 reprendre des responsabilit\u00e9s.<\/li><\/ul><h2 class=\"wp-block-heading\"><strong><em><u>Apr\u00e8s la manifestation<\/u><\/em><\/strong><\/h2><ul class=\"wp-block-list\"><li>Publier les r\u00e9sultats sur le site internet de la manifestation ou dans un rapport de synth\u00e8se.<\/li>\n\n<li>Archiver les donn\u00e9es et les utiliser comme base pour l\u2019organisation des prochaines \u00e9ditions.<\/li>\n\n<li>Transmettre les r\u00e9sultats au comit\u00e9 charg\u00e9 des futures \u00e9ditions.<\/li><\/ul>","protected":false},"excerpt":{"rendered":"<p>Pour am\u00e9liorer la performance d\u2019une manifestation, il est essentiel de mettre en place un syst\u00e8me de suivi avec des indicateurs clairs et de partager les connaissances acquises. Cela permet de documenter les aspects op\u00e9rationnels utiles pour la pr\u00e9paration des \u00e9ditions futures.Le suivi couvre l\u2019ensemble du processus : de la phase de pr\u00e9paration \u00e0 la r\u00e9alisation, [&hellip;]<\/p>\n","protected":false},"featured_media":1922,"parent":0,"template":"","format":"standard","meta":{"_sitemap_exclude":false,"_sitemap_priority":"","_sitemap_frequency":"","_eventkit_link":"https:\/\/eventkit.ch\/wp-content\/uploads\/2025\/12\/1.1_Communication_et_transfert_de_connaissances_EVENTKIT_FINAL.pdf"},"resource_category":[187],"audience":[],"contenttype":[216],"class_list":["post-2060","resource","type-resource","status-publish","format-standard","has-post-thumbnail","hentry","resource_category-organisation-communication","contenttype-fiches-dinformation"],"yoast_head":"<!-- This site is optimized with the Yoast SEO plugin v27.3 - https:\/\/yoast.com\/product\/yoast-seo-wordpress\/ -->\n<title>Communication et transfers de connaissance - EventKit<\/title>\n<meta name=\"robots\" content=\"index, follow, max-snippet:-1, max-image-preview:large, max-video-preview:-1\" \/>\n<link rel=\"canonical\" href=\"https:\/\/eventkit.ch\/?resource=communication-et-transfers-de-connaissance&lang=fr\" \/>\n<meta property=\"og:locale\" content=\"de_DE\" \/>\n<meta property=\"og:type\" content=\"article\" \/>\n<meta property=\"og:title\" content=\"Communication et transfers de connaissance - EventKit\" \/>\n<meta property=\"og:description\" content=\"Pour am\u00e9liorer la performance d\u2019une manifestation, il est essentiel de mettre en place un syst\u00e8me de suivi avec des indicateurs clairs et de partager les connaissances acquises. Cela permet de documenter les aspects op\u00e9rationnels utiles pour la pr\u00e9paration des \u00e9ditions futures.Le suivi couvre l\u2019ensemble du processus : de la phase de pr\u00e9paration \u00e0 la r\u00e9alisation, [&hellip;]\" \/>\n<meta property=\"og:url\" content=\"https:\/\/eventkit.ch\/?resource=communication-et-transfers-de-connaissance&amp;lang=fr\" \/>\n<meta property=\"og:site_name\" content=\"EventKit\" \/>\n<meta property=\"article:modified_time\" content=\"2026-03-23T16:54:40+00:00\" \/>\n<meta property=\"og:image\" content=\"https:\/\/eventkit.ch\/wp-content\/uploads\/2025\/12\/image.jpg\" \/>\n\t<meta property=\"og:image:width\" content=\"1102\" \/>\n\t<meta property=\"og:image:height\" content=\"735\" \/>\n\t<meta property=\"og:image:type\" content=\"image\/jpeg\" \/>\n<meta name=\"twitter:card\" content=\"summary_large_image\" \/>\n<meta name=\"twitter:label1\" content=\"Gesch\u00e4tzte Lesezeit\" \/>\n\t<meta name=\"twitter:data1\" content=\"2\u00a0Minuten\" \/>\n<script type=\"application\/ld+json\" class=\"yoast-schema-graph\">{\"@context\":\"https:\\\/\\\/schema.org\",\"@graph\":[{\"@type\":\"WebPage\",\"@id\":\"https:\\\/\\\/eventkit.ch\\\/?resource=communication-et-transfers-de-connaissance&lang=fr\",\"url\":\"https:\\\/\\\/eventkit.ch\\\/?resource=communication-et-transfers-de-connaissance&lang=fr\",\"name\":\"Communication et transfers de connaissance - EventKit\",\"isPartOf\":{\"@id\":\"https:\\\/\\\/eventkit.ch\\\/#website\"},\"primaryImageOfPage\":{\"@id\":\"https:\\\/\\\/eventkit.ch\\\/?resource=communication-et-transfers-de-connaissance&lang=fr#primaryimage\"},\"image\":{\"@id\":\"https:\\\/\\\/eventkit.ch\\\/?resource=communication-et-transfers-de-connaissance&lang=fr#primaryimage\"},\"thumbnailUrl\":\"https:\\\/\\\/eventkit.ch\\\/wp-content\\\/uploads\\\/2025\\\/12\\\/image.jpg\",\"datePublished\":\"2025-12-22T08:16:52+00:00\",\"dateModified\":\"2026-03-23T16:54:40+00:00\",\"breadcrumb\":{\"@id\":\"https:\\\/\\\/eventkit.ch\\\/?resource=communication-et-transfers-de-connaissance&lang=fr#breadcrumb\"},\"inLanguage\":\"de\",\"potentialAction\":[{\"@type\":\"ReadAction\",\"target\":[\"https:\\\/\\\/eventkit.ch\\\/?resource=communication-et-transfers-de-connaissance&lang=fr\"]}]},{\"@type\":\"ImageObject\",\"inLanguage\":\"de\",\"@id\":\"https:\\\/\\\/eventkit.ch\\\/?resource=communication-et-transfers-de-connaissance&lang=fr#primaryimage\",\"url\":\"https:\\\/\\\/eventkit.ch\\\/wp-content\\\/uploads\\\/2025\\\/12\\\/image.jpg\",\"contentUrl\":\"https:\\\/\\\/eventkit.ch\\\/wp-content\\\/uploads\\\/2025\\\/12\\\/image.jpg\",\"width\":1102,\"height\":735},{\"@type\":\"BreadcrumbList\",\"@id\":\"https:\\\/\\\/eventkit.ch\\\/?resource=communication-et-transfers-de-connaissance&lang=fr#breadcrumb\",\"itemListElement\":[{\"@type\":\"ListItem\",\"position\":1,\"name\":\"Home\",\"item\":\"https:\\\/\\\/eventkit.ch\\\/\"},{\"@type\":\"ListItem\",\"position\":2,\"name\":\"Merkbl\u00e4tter\",\"item\":\"https:\\\/\\\/eventkit.ch\\\/?post_type=resource&lang=fr\"},{\"@type\":\"ListItem\",\"position\":3,\"name\":\"Communication et transfers de connaissance\"}]},{\"@type\":\"WebSite\",\"@id\":\"https:\\\/\\\/eventkit.ch\\\/#website\",\"url\":\"https:\\\/\\\/eventkit.ch\\\/\",\"name\":\"EventKit\",\"description\":\"Nachhaltigkeit, die wirkt: Dein Event im Check.\",\"publisher\":{\"@id\":\"https:\\\/\\\/eventkit.ch\\\/#organization\"},\"potentialAction\":[{\"@type\":\"SearchAction\",\"target\":{\"@type\":\"EntryPoint\",\"urlTemplate\":\"https:\\\/\\\/eventkit.ch\\\/?s={search_term_string}\"},\"query-input\":{\"@type\":\"PropertyValueSpecification\",\"valueRequired\":true,\"valueName\":\"search_term_string\"}}],\"inLanguage\":\"de\"},{\"@type\":\"Organization\",\"@id\":\"https:\\\/\\\/eventkit.ch\\\/#organization\",\"name\":\"EventKit\",\"url\":\"https:\\\/\\\/eventkit.ch\\\/\",\"logo\":{\"@type\":\"ImageObject\",\"inLanguage\":\"de\",\"@id\":\"https:\\\/\\\/eventkit.ch\\\/#\\\/schema\\\/logo\\\/image\\\/\",\"url\":\"https:\\\/\\\/eventkit.ch\\\/wp-content\\\/uploads\\\/2025\\\/11\\\/android-icon-144x144-1.png\",\"contentUrl\":\"https:\\\/\\\/eventkit.ch\\\/wp-content\\\/uploads\\\/2025\\\/11\\\/android-icon-144x144-1.png\",\"width\":144,\"height\":144,\"caption\":\"EventKit\"},\"image\":{\"@id\":\"https:\\\/\\\/eventkit.ch\\\/#\\\/schema\\\/logo\\\/image\\\/\"}}]}<\/script>\n<!-- \/ Yoast SEO plugin. -->","yoast_head_json":{"title":"Communication et transfers de connaissance - EventKit","robots":{"index":"index","follow":"follow","max-snippet":"max-snippet:-1","max-image-preview":"max-image-preview:large","max-video-preview":"max-video-preview:-1"},"canonical":"https:\/\/eventkit.ch\/?resource=communication-et-transfers-de-connaissance&lang=fr","og_locale":"de_DE","og_type":"article","og_title":"Communication et transfers de connaissance - EventKit","og_description":"Pour am\u00e9liorer la performance d\u2019une manifestation, il est essentiel de mettre en place un syst\u00e8me de suivi avec des indicateurs clairs et de partager les connaissances acquises. Cela permet de documenter les aspects op\u00e9rationnels utiles pour la pr\u00e9paration des \u00e9ditions futures.Le suivi couvre l\u2019ensemble du processus : de la phase de pr\u00e9paration \u00e0 la r\u00e9alisation, [&hellip;]","og_url":"https:\/\/eventkit.ch\/?resource=communication-et-transfers-de-connaissance&lang=fr","og_site_name":"EventKit","article_modified_time":"2026-03-23T16:54:40+00:00","og_image":[{"width":1102,"height":735,"url":"https:\/\/eventkit.ch\/wp-content\/uploads\/2025\/12\/image.jpg","type":"image\/jpeg"}],"twitter_card":"summary_large_image","twitter_misc":{"Gesch\u00e4tzte Lesezeit":"2\u00a0Minuten"},"schema":{"@context":"https:\/\/schema.org","@graph":[{"@type":"WebPage","@id":"https:\/\/eventkit.ch\/?resource=communication-et-transfers-de-connaissance&lang=fr","url":"https:\/\/eventkit.ch\/?resource=communication-et-transfers-de-connaissance&lang=fr","name":"Communication et transfers de connaissance - EventKit","isPartOf":{"@id":"https:\/\/eventkit.ch\/#website"},"primaryImageOfPage":{"@id":"https:\/\/eventkit.ch\/?resource=communication-et-transfers-de-connaissance&lang=fr#primaryimage"},"image":{"@id":"https:\/\/eventkit.ch\/?resource=communication-et-transfers-de-connaissance&lang=fr#primaryimage"},"thumbnailUrl":"https:\/\/eventkit.ch\/wp-content\/uploads\/2025\/12\/image.jpg","datePublished":"2025-12-22T08:16:52+00:00","dateModified":"2026-03-23T16:54:40+00:00","breadcrumb":{"@id":"https:\/\/eventkit.ch\/?resource=communication-et-transfers-de-connaissance&lang=fr#breadcrumb"},"inLanguage":"de","potentialAction":[{"@type":"ReadAction","target":["https:\/\/eventkit.ch\/?resource=communication-et-transfers-de-connaissance&lang=fr"]}]},{"@type":"ImageObject","inLanguage":"de","@id":"https:\/\/eventkit.ch\/?resource=communication-et-transfers-de-connaissance&lang=fr#primaryimage","url":"https:\/\/eventkit.ch\/wp-content\/uploads\/2025\/12\/image.jpg","contentUrl":"https:\/\/eventkit.ch\/wp-content\/uploads\/2025\/12\/image.jpg","width":1102,"height":735},{"@type":"BreadcrumbList","@id":"https:\/\/eventkit.ch\/?resource=communication-et-transfers-de-connaissance&lang=fr#breadcrumb","itemListElement":[{"@type":"ListItem","position":1,"name":"Home","item":"https:\/\/eventkit.ch\/"},{"@type":"ListItem","position":2,"name":"Merkbl\u00e4tter","item":"https:\/\/eventkit.ch\/?post_type=resource&lang=fr"},{"@type":"ListItem","position":3,"name":"Communication et transfers de connaissance"}]},{"@type":"WebSite","@id":"https:\/\/eventkit.ch\/#website","url":"https:\/\/eventkit.ch\/","name":"EventKit","description":"Nachhaltigkeit, die wirkt: Dein Event im Check.","publisher":{"@id":"https:\/\/eventkit.ch\/#organization"},"potentialAction":[{"@type":"SearchAction","target":{"@type":"EntryPoint","urlTemplate":"https:\/\/eventkit.ch\/?s={search_term_string}"},"query-input":{"@type":"PropertyValueSpecification","valueRequired":true,"valueName":"search_term_string"}}],"inLanguage":"de"},{"@type":"Organization","@id":"https:\/\/eventkit.ch\/#organization","name":"EventKit","url":"https:\/\/eventkit.ch\/","logo":{"@type":"ImageObject","inLanguage":"de","@id":"https:\/\/eventkit.ch\/#\/schema\/logo\/image\/","url":"https:\/\/eventkit.ch\/wp-content\/uploads\/2025\/11\/android-icon-144x144-1.png","contentUrl":"https:\/\/eventkit.ch\/wp-content\/uploads\/2025\/11\/android-icon-144x144-1.png","width":144,"height":144,"caption":"EventKit"},"image":{"@id":"https:\/\/eventkit.ch\/#\/schema\/logo\/image\/"}}]}},"_links":{"self":[{"href":"https:\/\/eventkit.ch\/index.php?rest_route=\/wp\/v2\/resource\/2060","targetHints":{"allow":["GET"]}}],"collection":[{"href":"https:\/\/eventkit.ch\/index.php?rest_route=\/wp\/v2\/resource"}],"about":[{"href":"https:\/\/eventkit.ch\/index.php?rest_route=\/wp\/v2\/types\/resource"}],"wp:featuredmedia":[{"embeddable":true,"href":"https:\/\/eventkit.ch\/index.php?rest_route=\/wp\/v2\/media\/1922"}],"wp:attachment":[{"href":"https:\/\/eventkit.ch\/index.php?rest_route=%2Fwp%2Fv2%2Fmedia&parent=2060"}],"wp:term":[{"taxonomy":"resource_category","embeddable":true,"href":"https:\/\/eventkit.ch\/index.php?rest_route=%2Fwp%2Fv2%2Fresource_category&post=2060"},{"taxonomy":"audience","embeddable":true,"href":"https:\/\/eventkit.ch\/index.php?rest_route=%2Fwp%2Fv2%2Faudience&post=2060"},{"taxonomy":"contenttype","embeddable":true,"href":"https:\/\/eventkit.ch\/index.php?rest_route=%2Fwp%2Fv2%2Fcontenttype&post=2060"}],"curies":[{"name":"wp","href":"https:\/\/api.w.org\/{rel}","templated":true}]}}

<p>Pour améliorer la performance d’une manifestation, il est essentiel de mettre en place un système de suivi avec des indicateurs clairs et de partager les connaissances acquises. Cela permet de documenter les aspects opérationnels utiles pour la préparation des éditions futures.Le suivi couvre l’ensemble du processus : de la phase de préparation à la réalisation, jusqu’au débriefing final. Par ailleurs, pour garantir la qualité et la continuité de l’organisation, il est important d’assurer la relève au sein du comité d’organisation.</p><h2 class="wp-block-heading"><strong><em><u>Avant la manifestation</u></em></strong></h2><ul class="wp-block-list"><li>Définir les indicateurs à suivre, par exemple :<ul class="wp-block-list"><li>origine et comportements des participantes et participants / spectatrices et spectateurs (p.ex. choix du mode de transport)</li>

<li>satisfaction concernant le système de transport mis en place</li>

<li>besoins spécifiques liés à la mobilité réduite</li></ul></li>

<li>Utiliser une méthodologie de collecte, de saisie et d’analyse des données similaires à celle des éditions précédentes afin de rendre les résultats comparables.</li>

<li>Pour les manifestations récurrentes, préparer la relève : identifier et former des personnes qui prendront le relais des différents domaines de responsabilité au sein du comité d’organisation.</li></ul><h2 class="wp-block-heading"><strong><em><u>Pendant la manifestation</u></em></strong></h2><ul class="wp-block-list"><li>Collecter les données conformément aux indicateurs définis.</li>

<li>Assurer la formation et l’accompagnement des personnes appelées à reprendre des responsabilités.</li></ul><h2 class="wp-block-heading"><strong><em><u>Après la manifestation</u></em></strong></h2><ul class="wp-block-list"><li>Publier les résultats sur le site internet de la manifestation ou dans un rapport de synthèse.</li>

<li>Archiver les données et les utiliser comme base pour l’organisation des prochaines éditions.</li>

<li>Transmettre les résultats au comité chargé des futures éditions.</li></ul>

<p>Pour améliorer la performance d’une manifestation, il est essentiel de mettre en place un système de suivi avec des indicateurs clairs et de partager les connaissances acquises. Cela permet de documenter les aspects opérationnels utiles pour la préparation des éditions futures.Le suivi couvre l’ensemble du processus : de la phase de préparation à la réalisation, [&hellip;]</p>

<!-- This site is optimized with the Yoast SEO plugin v27.3 - https://yoast.com/product/yoast-seo-wordpress/ -->
<title>Communication et transfers de connaissance - EventKit</title>
<meta name="robots" content="index, follow, max-snippet:-1, max-image-preview:large, max-video-preview:-1" />
<link rel="canonical" href="https://eventkit.ch/?resource=communication-et-transfers-de-connaissance&lang=fr" />
<meta property="og:locale" content="de_DE" />
<meta property="og:type" content="article" />
<meta property="og:title" content="Communication et transfers de connaissance - EventKit" />
<meta property="og:description" content="Pour améliorer la performance d’une manifestation, il est essentiel de mettre en place un système de suivi avec des indicateurs clairs et de partager les connaissances acquises. Cela permet de documenter les aspects opérationnels utiles pour la préparation des éditions futures.Le suivi couvre l’ensemble du processus : de la phase de préparation à la réalisation, [&hellip;]" />
<meta property="og:url" content="https://eventkit.ch/?resource=communication-et-transfers-de-connaissance&amp;lang=fr" />
<meta property="og:site_name" content="EventKit" />
<meta property="article:modified_time" content="2026-03-23T16:54:40+00:00" />
<meta property="og:image" content="https://eventkit.ch/wp-content/uploads/2025/12/image.jpg" />
	<meta property="og:image:width" content="1102" />
	<meta property="og:image:height" content="735" />
	<meta property="og:image:type" content="image/jpeg" />
<meta name="twitter:card" content="summary_large_image" />
<meta name="twitter:label1" content="Geschätzte Lesezeit" />
	<meta name="twitter:data1" content="2 Minuten" />
<script type="application/ld+json" class="yoast-schema-graph">{"@context":"https:\/\/schema.org","@graph":[{"@type":"WebPage","@id":"https:\/\/eventkit.ch\/?resource=communication-et-transfers-de-connaissance&lang=fr","url":"https:\/\/eventkit.ch\/?resource=communication-et-transfers-de-connaissance&lang=fr","name":"Communication et transfers de connaissance - EventKit","isPartOf":{"@id":"https:\/\/eventkit.ch\/#website"},"primaryImageOfPage":{"@id":"https:\/\/eventkit.ch\/?resource=communication-et-transfers-de-connaissance&lang=fr#primaryimage"},"image":{"@id":"https:\/\/eventkit.ch\/?resource=communication-et-transfers-de-connaissance&lang=fr#primaryimage"},"thumbnailUrl":"https:\/\/eventkit.ch\/wp-content\/uploads\/2025\/12\/image.jpg","datePublished":"2025-12-22T08:16:52+00:00","dateModified":"2026-03-23T16:54:40+00:00","breadcrumb":{"@id":"https:\/\/eventkit.ch\/?resource=communication-et-transfers-de-connaissance&lang=fr#breadcrumb"},"inLanguage":"de","potentialAction":[{"@type":"ReadAction","target":["https:\/\/eventkit.ch\/?resource=communication-et-transfers-de-connaissance&lang=fr"]}]},{"@type":"ImageObject","inLanguage":"de","@id":"https:\/\/eventkit.ch\/?resource=communication-et-transfers-de-connaissance&lang=fr#primaryimage","url":"https:\/\/eventkit.ch\/wp-content\/uploads\/2025\/12\/image.jpg","contentUrl":"https:\/\/eventkit.ch\/wp-content\/uploads\/2025\/12\/image.jpg","width":1102,"height":735},{"@type":"BreadcrumbList","@id":"https:\/\/eventkit.ch\/?resource=communication-et-transfers-de-connaissance&lang=fr#breadcrumb","itemListElement":[{"@type":"ListItem","position":1,"name":"Home","item":"https:\/\/eventkit.ch\/"},{"@type":"ListItem","position":2,"name":"Merkblätter","item":"https:\/\/eventkit.ch\/?post_type=resource&lang=fr"},{"@type":"ListItem","position":3,"name":"Communication et transfers de connaissance"}]},{"@type":"WebSite","@id":"https:\/\/eventkit.ch\/#website","url":"https:\/\/eventkit.ch\/","name":"EventKit","description":"Nachhaltigkeit, die wirkt: Dein Event im Check.","publisher":{"@id":"https:\/\/eventkit.ch\/#organization"},"potentialAction":[{"@type":"SearchAction","target":{"@type":"EntryPoint","urlTemplate":"https:\/\/eventkit.ch\/?s={search_term_string}"},"query-input":{"@type":"PropertyValueSpecification","valueRequired":true,"valueName":"search_term_string"}}],"inLanguage":"de"},{"@type":"Organization","@id":"https:\/\/eventkit.ch\/#organization","name":"EventKit","url":"https:\/\/eventkit.ch\/","logo":{"@type":"ImageObject","inLanguage":"de","@id":"https:\/\/eventkit.ch\/#\/schema\/logo\/image\/","url":"https:\/\/eventkit.ch\/wp-content\/uploads\/2025\/11\/android-icon-144x144-1.png","contentUrl":"https:\/\/eventkit.ch\/wp-content\/uploads\/2025\/11\/android-icon-144x144-1.png","width":144,"height":144,"caption":"EventKit"},"image":{"@id":"https:\/\/eventkit.ch\/#\/schema\/logo\/image\/"}}]}</script>
<!-- / Yoast SEO plugin. -->

Pour améliorer la performance d’une manifestation, il est essentiel de mettre en place un système de suivi avec des indicateurs clairs et de partager les connaissances acquises. Cela permet de documenter les aspects opérationnels utiles pour la préparation des éditions futures.Le suivi couvre l’ensemble du processus : de la phase de préparation à la réalisation, [&hellip;]

Merkblätter
