{"id":785,"date":"2025-11-19T12:36:53","date_gmt":"2025-11-19T12:36:53","guid":{"rendered":"https:\/\/eventkit.ch\/?page_id=785"},"modified":"2026-04-01T14:10:14","modified_gmt":"2026-04-01T12:10:14","slug":"ueber-uns-svn","status":"publish","type":"page","link":"https:\/\/eventkit.ch\/?page_id=785","title":{"rendered":"\u00dcber uns"},"content":{"rendered":"<section class=\"wp-block-group alignfull is-layout-constrained wp-block-group-is-layout-constrained\"><div class=\"wp-bootstrap-blocks-row row is-style-default align-items-center\">\n\t\n<div class=\"col-12 col-md-6\">\n\t\t\t\n<div class=\"wp-block-group has-16-font-size is-layout-flow wp-block-group-is-layout-flow\"><h1 class=\"wp-block-heading\">Wer wir sind<\/h1>\n\n<p class=\"has-secondary-font-family has-24-font-size\">Der Schweizer Verband f\u00fcr nachhaltige Events (SVNE) ist die nationale Koordinationsstelle f\u00fcr \u00c4mter und Organisationen, die sich f\u00fcr das Thema nachhaltige Veranstaltungen einsetzen. Der Verein wird von einer breiten Tr\u00e4gerschaft aus Bund, Kantonen und St\u00e4dten getragen.<\/p>\n\n<div class=\"wp-block-buttons is-layout-flex wp-block-buttons-is-layout-flex\"><div class=\"wp-block-button\"><a class=\"wp-block-button__link has-white-color has-green-secondary-background-color has-text-color has-background has-link-color wp-element-button\" href=\"https:\/\/eventkit.ch\/wp-content\/uploads\/2026\/01\/240129-Statuten-SVNE_statuts-ASMD.pdf\" target=\"_blank\" rel=\"noreferrer noopener\">Statuten<\/a><\/div>\n\n<div class=\"wp-block-button has-custom-width wp-block-button__width-50\"><a class=\"wp-block-button__link has-white-color has-green-secondary-background-color has-text-color has-background has-link-color wp-element-button\" href=\"https:\/\/eventkit.ch\/wp-content\/uploads\/2026\/03\/Jahresbericht_SVNE_2025.pdf\" target=\"_blank\" rel=\"noreferrer noopener\">Jahresbericht 2025<\/a><\/div>\n\n<div class=\"wp-block-button has-custom-width wp-block-button__width-50\"><a class=\"wp-block-button__link has-white-color has-green-secondary-background-color has-text-color has-background has-link-color wp-element-button\" href=\"https:\/\/eventkit.ch\/wp-content\/uploads\/2026\/04\/260401-Praesentation_SVNE_Eventkit.pdf\" target=\"_blank\" rel=\"noreferrer noopener\">\u00dcber SVNE und Eventkit<\/a><\/div>\n\n<div class=\"wp-block-button has-custom-width wp-block-button__width-50\"><a class=\"wp-block-button__link has-white-color has-secondary-background-color has-text-color has-background has-link-color wp-element-button\" href=\"https:\/\/eventkit.ch\/wp-content\/uploads\/2026\/03\/MM-Eventkit-SVNE.pdf\" target=\"_blank\" rel=\"noreferrer noopener\">Medienmitteilung M\u00e4rz 2026<\/a><\/div><\/div><\/div>\n\t<\/div>\n\n<div class=\"col-12 col-md-6\">\n\t\t\t\n<figure class=\"wp-block-image size-large\"><img loading=\"lazy\" decoding=\"async\" width=\"2560\" height=\"1920\" src=\"https:\/\/eventkit.ch\/wp-content\/uploads\/2026\/02\/Vorstand-1-1-edited-scaled.jpg\" alt=\"\" class=\"wp-image-3361\" srcset=\"https:\/\/eventkit.ch\/wp-content\/uploads\/2026\/02\/Vorstand-1-1-edited-scaled.jpg 2560w, https:\/\/eventkit.ch\/wp-content\/uploads\/2026\/02\/Vorstand-1-1-edited-300x225.jpg 300w, https:\/\/eventkit.ch\/wp-content\/uploads\/2026\/02\/Vorstand-1-1-edited-1024x768.jpg 1024w, https:\/\/eventkit.ch\/wp-content\/uploads\/2026\/02\/Vorstand-1-1-edited-768x576.jpg 768w, https:\/\/eventkit.ch\/wp-content\/uploads\/2026\/02\/Vorstand-1-1-edited-1536x1152.jpg 1536w, https:\/\/eventkit.ch\/wp-content\/uploads\/2026\/02\/Vorstand-1-1-edited-2048x1536.jpg 2048w\" sizes=\"auto, (max-width: 2560px) 100vw, 2560px\" \/><\/figure>\n\t<\/div>\n<\/div><\/section><section class=\"wp-block-group alignfull has-primary-light-background-color has-background has-16-font-size is-layout-constrained wp-container-core-group-is-layout-7e8e366c wp-block-group-is-layout-constrained\"><h1 class=\"wp-block-heading has-40-font-size\">Unser Ziel<\/h1>\n\n<p class=\"has-secondary-font-family has-24-font-size\">SVNE f\u00f6rdert die nachhaltige Entwicklung im Sinne der Agenda 2030. Unser Ziel ist es, die Nachhaltigkeit bei Kultur- und Sportveranstaltungen auf allen Ebenen weiterzuentwickeln. Dazu betreiben wir die Plattform Eventkit.<\/p><\/section><section class=\"wp-block-group alignfull has-16-font-size is-layout-constrained wp-block-group-is-layout-constrained\"><div class=\"wp-bootstrap-blocks-row row\">\n\t\n<div class=\"col-12 col-md-6\">\n\t\t\t\n<figure class=\"wp-block-image size-large\"><img loading=\"lazy\" decoding=\"async\" width=\"1024\" height=\"768\" src=\"https:\/\/eventkit.ch\/wp-content\/uploads\/2025\/12\/IMG_3767-1024x768.jpg\" alt=\"\" class=\"wp-image-2304\" srcset=\"https:\/\/eventkit.ch\/wp-content\/uploads\/2025\/12\/IMG_3767-1024x768.jpg 1024w, https:\/\/eventkit.ch\/wp-content\/uploads\/2025\/12\/IMG_3767-300x225.jpg 300w, https:\/\/eventkit.ch\/wp-content\/uploads\/2025\/12\/IMG_3767-768x576.jpg 768w, https:\/\/eventkit.ch\/wp-content\/uploads\/2025\/12\/IMG_3767.jpg 1102w\" sizes=\"auto, (max-width: 1024px) 100vw, 1024px\" \/><\/figure>\n\t<\/div>\n\n<div class=\"col-12 col-md-6\">\n\t\t\t\n<h1 class=\"wp-block-heading has-40-font-size\">Unser Engagement<\/h1>\n\n<p>Wir definieren nationale Kriterien f\u00fcr nachhaltige Veranstaltungen unterschiedlicher Gr\u00f6ssen und Arten und bietet damit eine Orientierungshilfe f\u00fcr die Eventbranche, Sponsoren und Beh\u00f6rden an.<\/p>\n\n<p><\/p>\n\n<ul class=\"wp-block-list\"><li>Wir stellen den aktuellen Stand des Wissens zur nachhaltigen Eventpraxis auf unserer Plattform zur Verf\u00fcgung und vernetzen die Veranstaltungsbranche, \u00c4mter und F\u00f6rderstellen mit unseren Aktivit\u00e4ten.<\/li>\n\n<li>Wir st\u00e4rken die Zusammenarbeit f\u00fcr nachhaltige Veranstaltungen auf nationaler Ebene, damit Synergien und Ressourcen effizient eingesetzt werden.<\/li>\n\n<li>Wir unterst\u00fctzen die Veranstaltungsbranche darin, ihre Events nachhaltig zu organisieren.<\/li>\n\n<li>Wir helfen F\u00f6rderstellen, ihre Hebel bei der Vergabe von Geldern f\u00fcr die nachhaltige Entwicklung einzusetzen.<\/li>\n\n<li>Wir unterst\u00fctzen Gemeinden und Kantone, damit sie die Nachhaltigkeit im Bewilligungsprozess st\u00e4rker ber\u00fccksichtigen.<\/li><\/ul>\n\t<\/div>\n<\/div><\/section><section class=\"wp-block-group alignfull has-orange-lighter-background-color has-background has-16-font-size is-layout-constrained wp-container-core-group-is-layout-7e8e366c wp-block-group-is-layout-constrained\"><h1 class=\"wp-block-heading has-40-font-size\">Eventkit<\/h1>\n\n<p>Eventkit ist eine Plattform f\u00fcr Veranstaltende, Bewilligungsbeh\u00f6rden und Sponsoren. Sie bietet kostenlos fundierte und praxiserprobte Empfehlungen und Hilfsmittel, wie eine Veranstaltung nachhaltig organisiert werden kann. Die Eventorganisator:innen k\u00f6nnen zudem mit Hilfe eines digitalen Tools ihre Nachhaltigkeitsmassnahmen analysieren, vergleichen, sichtbar machen und verbessern. <\/p>\n\n<p><strong>Der Name Eventkit ist inspiriert von KitManif, der Plattform aus dem Kanton Waadt und Lausanne, mit der die Website manifestation-verte.ch fusioniert wurde. Die thematischen Informationsbl\u00e4tter stammen von KitManif. Sie wurden in Zusammenarbeit zwischen der Stadt Lausanne, dem Kanton Waadt und dem SVNE \u00fcbersetzt und aktualisiert. <\/strong><\/p>\n\n\n\n\n\n\n\n<\/section><section class=\"wp-block-group alignfull has-white-background-color has-background has-16-font-size is-layout-constrained wp-block-group-is-layout-constrained\"><div class=\"wp-bootstrap-blocks-row row align-items-center\">\n\t\n<div class=\"col-12 col-md-6\">\n\t\t\t\n<div class=\"wp-block-group is-layout-flow wp-block-group-is-layout-flow\"><h2 class=\"wp-block-heading has-40-font-size\">Kontakt<\/h2>\n\n<p class=\"is-style-subtitle\" style=\"margin-bottom:var(--wp--preset--spacing--40)\"><\/p>\n\n<div class=\"wp-bootstrap-blocks-row row g-0\">\n\t\n<div class=\"col-2 col-sm-1\">\n\t\t\t\n<figure class=\"wp-block-image size-full\"><img loading=\"lazy\" decoding=\"async\" width=\"80\" height=\"80\" src=\"https:\/\/eventkit.ch\/wp-content\/uploads\/2025\/12\/build-icon-1.png\" alt=\"\" class=\"wp-image-1431\" style=\"aspect-ratio:1;object-fit:cover\"\/><\/figure>\n\t<\/div>\n\n<div class=\"col-10 col-sm-11\">\n\t\t\t\n<p style=\"padding-left:var(--wp--preset--spacing--30)\">Interessierst du dich f\u00fcr eine Mitgliedschaft?<\/p>\n\t<\/div>\n<\/div>\n\n<div class=\"wp-bootstrap-blocks-row row g-0\">\n\t\n<div class=\"col-2 col-sm-1\">\n\t\t\t\n<figure class=\"wp-block-image size-full\"><img loading=\"lazy\" decoding=\"async\" width=\"80\" height=\"80\" src=\"https:\/\/eventkit.ch\/wp-content\/uploads\/2025\/12\/group-icon-1.png\" alt=\"\" class=\"wp-image-1436\" style=\"object-fit:cover\"\/><\/figure>\n\t<\/div>\n\n<div class=\"col-10 col-sm-11\">\n\t\t\t\n<p style=\"padding-left:var(--wp--preset--spacing--30)\">M\u00f6chtest du als Veranstalter oder Veranstalterin deine Erfahrungen aus der Praxis mit den Tr\u00e4gern der Plattform und anderen Veranstalter:innen austauschen?<\/p>\n\t<\/div>\n<\/div>\n\n<div class=\"wp-bootstrap-blocks-row row g-0\">\n\t\n<div class=\"col-2 col-sm-1\">\n\t\t\t\n<figure class=\"wp-block-image size-full\"><img loading=\"lazy\" decoding=\"async\" width=\"80\" height=\"80\" src=\"https:\/\/eventkit.ch\/wp-content\/uploads\/2025\/12\/quote-icon-1.png\" alt=\"\" class=\"wp-image-1435\" style=\"object-fit:cover\"\/><\/figure>\n\t<\/div>\n\n<div class=\"col-10 col-sm-11\">\n\t\t\t\n<p style=\"padding-left:var(--wp--preset--spacing--30)\">Hast du Fragen, W\u00fcnsche oder Anregungen in Bezug auf die Inhalte der Plattform?&nbsp;&nbsp;<\/p>\n\t<\/div>\n<\/div><\/div>\n\t<\/div>\n\n<div class=\"col-12 col-md-6\">\n\t\t\t\n<div class=\"wp-block-group is-style-card has-border-color has-background is-layout-constrained wp-container-core-group-is-layout-6b9a723e wp-block-group-is-layout-constrained is-style-card--1\" style=\"border-color:#e6e6e6;background-color:#fefcfa;padding-top:var(--wp--preset--spacing--60);padding-bottom:var(--wp--preset--spacing--60)\"><figure class=\"wp-block-image aligncenter size-full\"><img loading=\"lazy\" decoding=\"async\" width=\"88\" height=\"88\" src=\"https:\/\/eventkit.ch\/wp-content\/uploads\/2025\/12\/email-icon.png\" alt=\"\" class=\"wp-image-1401\"\/><\/figure>\n\n<p class=\"has-text-align-center is-style-subtitle\" style=\"margin-bottom:var(--wp--preset--spacing--30)\">Wir freuen uns auf deine Nachricht an<\/p>\n\n<p class=\"has-text-align-center\"><a href=\"mailto:info@eventkit.ch\" target=\"_blank\" rel=\"noreferrer noopener\">info@eventkit.ch<\/a><\/p><\/div>\n\t<\/div>\n<\/div><\/section><section class=\"wp-block-group alignfull has-link-color has-16-font-size wp-elements-f22440593b806a1ec882177e323c9373 is-layout-constrained wp-block-group-is-layout-constrained\"><div class=\"wp-bootstrap-blocks-row row\">\n\t\n<div class=\"col-12 col-md-6\">\n\t\t\t\n<h2 class=\"wp-block-heading has-40-font-size\">Adresse<\/h2>\n\n<p id=\"block-3c23b071-8414-48f4-8fe4-e84e39dbd392\" style=\"line-height:1.5\">Schweizer Verband f\u00fcr nachhaltige Events<br>c\/o pluswert gmbh<br><a href=\"https:\/\/maps.app.goo.gl\/vrCxrv8DbUmjqLrz5\" target=\"_blank\" rel=\"noreferrer noopener\">St. Johanns-Vorstadt 3<br>4056 Basel<\/a><br><br><a href=\"tel:061 261 40 81\">Tel. 061 261 40 81<\/a><\/p>\n\t<\/div>\n\n<div class=\"col-12 col-md-6\">\n\t\t\t\n<figure class=\"wp-block-image size-large\"><img loading=\"lazy\" decoding=\"async\" width=\"1024\" height=\"768\" src=\"https:\/\/eventkit.ch\/wp-content\/uploads\/2025\/12\/IMG_5127-1024x768.jpg\" alt=\"\" class=\"wp-image-2307\" srcset=\"https:\/\/eventkit.ch\/wp-content\/uploads\/2025\/12\/IMG_5127-1024x768.jpg 1024w, https:\/\/eventkit.ch\/wp-content\/uploads\/2025\/12\/IMG_5127-300x225.jpg 300w, https:\/\/eventkit.ch\/wp-content\/uploads\/2025\/12\/IMG_5127-768x576.jpg 768w, https:\/\/eventkit.ch\/wp-content\/uploads\/2025\/12\/IMG_5127.jpg 1102w\" sizes=\"auto, (max-width: 1024px) 100vw, 1024px\" \/><\/figure>\n\t<\/div>\n<\/div><\/section>","protected":false},"excerpt":{"rendered":"<p>Unser Ziel SVNE f\u00f6rdert die nachhaltige Entwicklung im Sinne der Agenda 2030. Unser Ziel ist es, die Nachhaltigkeit bei Kultur- und Sportveranstaltungen auf allen Ebenen weiterzuentwickeln. Dazu betreiben wir die Plattform Eventkit. Eventkit Eventkit ist eine Plattform f\u00fcr Veranstaltende, Bewilligungsbeh\u00f6rden und Sponsoren. Sie bietet kostenlos fundierte und praxiserprobte Empfehlungen und Hilfsmittel, wie eine Veranstaltung nachhaltig [&hellip;]<\/p>\n","protected":false},"author":1,"featured_media":0,"parent":0,"menu_order":0,"comment_status":"closed","ping_status":"closed","template":"page-no-title","meta":{"_sitemap_exclude":false,"_sitemap_priority":"","_sitemap_frequency":"","footnotes":""},"class_list":["post-785","page","type-page","status-publish","hentry"],"yoast_head":"<!-- This site is optimized with the Yoast SEO plugin v27.3 - https:\/\/yoast.com\/product\/yoast-seo-wordpress\/ -->\n<title>\u00dcber uns - EventKit<\/title>\n<meta name=\"description\" content=\"Der Schweizer Verband f\u00fcr nachhaltige Events (SVNE) ist die nationale Koordinationsstelle f\u00fcr \u00c4mter und Organisationen, die sich f\u00fcr das Thema nachhaltige Veranstaltungen einsetzen. Der Verein wird von einer breiten Tr\u00e4gerschaft aus Bund, Kantonen und St\u00e4dten getragen.\" \/>\n<meta name=\"robots\" content=\"index, follow, max-snippet:-1, max-image-preview:large, max-video-preview:-1\" \/>\n<link rel=\"canonical\" href=\"https:\/\/eventkit.ch\/?page_id=785\" \/>\n<meta property=\"og:locale\" content=\"de_DE\" \/>\n<meta property=\"og:type\" content=\"article\" \/>\n<meta property=\"og:title\" content=\"\u00dcber uns - EventKit\" \/>\n<meta property=\"og:description\" content=\"Der Schweizer Verband f\u00fcr nachhaltige Events (SVNE) ist die nationale Koordinationsstelle f\u00fcr \u00c4mter und Organisationen, die sich f\u00fcr das Thema nachhaltige Veranstaltungen einsetzen. Der Verein wird von einer breiten Tr\u00e4gerschaft aus Bund, Kantonen und St\u00e4dten getragen.\" \/>\n<meta property=\"og:url\" content=\"https:\/\/eventkit.ch\/?page_id=785\" \/>\n<meta property=\"og:site_name\" content=\"EventKit\" \/>\n<meta property=\"article:modified_time\" content=\"2026-04-01T12:10:14+00:00\" \/>\n<meta property=\"og:image\" content=\"https:\/\/eventkit.ch\/wp-content\/uploads\/2026\/02\/Vorstand-1-1-edited-scaled.jpg\" \/>\n\t<meta property=\"og:image:width\" content=\"2560\" \/>\n\t<meta property=\"og:image:height\" content=\"1920\" \/>\n\t<meta property=\"og:image:type\" content=\"image\/jpeg\" \/>\n<meta name=\"twitter:card\" content=\"summary_large_image\" \/>\n<meta name=\"twitter:label1\" content=\"Gesch\u00e4tzte Lesezeit\" \/>\n\t<meta name=\"twitter:data1\" content=\"6\u00a0Minuten\" \/>\n<script type=\"application\/ld+json\" class=\"yoast-schema-graph\">{\"@context\":\"https:\\\/\\\/schema.org\",\"@graph\":[{\"@type\":\"WebPage\",\"@id\":\"https:\\\/\\\/eventkit.ch\\\/?page_id=785\",\"url\":\"https:\\\/\\\/eventkit.ch\\\/?page_id=785\",\"name\":\"\u00dcber uns - EventKit\",\"isPartOf\":{\"@id\":\"https:\\\/\\\/eventkit.ch\\\/#website\"},\"primaryImageOfPage\":{\"@id\":\"https:\\\/\\\/eventkit.ch\\\/?page_id=785#primaryimage\"},\"image\":{\"@id\":\"https:\\\/\\\/eventkit.ch\\\/?page_id=785#primaryimage\"},\"thumbnailUrl\":\"https:\\\/\\\/eventkit.ch\\\/wp-content\\\/uploads\\\/2026\\\/02\\\/Vorstand-1-1-edited-scaled.jpg\",\"datePublished\":\"2025-11-19T12:36:53+00:00\",\"dateModified\":\"2026-04-01T12:10:14+00:00\",\"description\":\"Der Schweizer Verband f\u00fcr nachhaltige Events (SVNE) ist die nationale Koordinationsstelle f\u00fcr \u00c4mter und Organisationen, die sich f\u00fcr das Thema nachhaltige Veranstaltungen einsetzen. Der Verein wird von einer breiten Tr\u00e4gerschaft aus Bund, Kantonen und St\u00e4dten getragen.\",\"breadcrumb\":{\"@id\":\"https:\\\/\\\/eventkit.ch\\\/?page_id=785#breadcrumb\"},\"inLanguage\":\"de\",\"potentialAction\":[{\"@type\":\"ReadAction\",\"target\":[\"https:\\\/\\\/eventkit.ch\\\/?page_id=785\"]}]},{\"@type\":\"ImageObject\",\"inLanguage\":\"de\",\"@id\":\"https:\\\/\\\/eventkit.ch\\\/?page_id=785#primaryimage\",\"url\":\"https:\\\/\\\/eventkit.ch\\\/wp-content\\\/uploads\\\/2026\\\/02\\\/Vorstand-1-1-edited-scaled.jpg\",\"contentUrl\":\"https:\\\/\\\/eventkit.ch\\\/wp-content\\\/uploads\\\/2026\\\/02\\\/Vorstand-1-1-edited-scaled.jpg\",\"width\":2560,\"height\":1920},{\"@type\":\"BreadcrumbList\",\"@id\":\"https:\\\/\\\/eventkit.ch\\\/?page_id=785#breadcrumb\",\"itemListElement\":[{\"@type\":\"ListItem\",\"position\":1,\"name\":\"Home\",\"item\":\"https:\\\/\\\/eventkit.ch\\\/\"},{\"@type\":\"ListItem\",\"position\":2,\"name\":\"\u00dcber uns\"}]},{\"@type\":\"WebSite\",\"@id\":\"https:\\\/\\\/eventkit.ch\\\/#website\",\"url\":\"https:\\\/\\\/eventkit.ch\\\/\",\"name\":\"EventKit\",\"description\":\"Nachhaltigkeit, die wirkt: Dein Event im Check.\",\"publisher\":{\"@id\":\"https:\\\/\\\/eventkit.ch\\\/#organization\"},\"potentialAction\":[{\"@type\":\"SearchAction\",\"target\":{\"@type\":\"EntryPoint\",\"urlTemplate\":\"https:\\\/\\\/eventkit.ch\\\/?s={search_term_string}\"},\"query-input\":{\"@type\":\"PropertyValueSpecification\",\"valueRequired\":true,\"valueName\":\"search_term_string\"}}],\"inLanguage\":\"de\"},{\"@type\":\"Organization\",\"@id\":\"https:\\\/\\\/eventkit.ch\\\/#organization\",\"name\":\"EventKit\",\"url\":\"https:\\\/\\\/eventkit.ch\\\/\",\"logo\":{\"@type\":\"ImageObject\",\"inLanguage\":\"de\",\"@id\":\"https:\\\/\\\/eventkit.ch\\\/#\\\/schema\\\/logo\\\/image\\\/\",\"url\":\"https:\\\/\\\/eventkit.ch\\\/wp-content\\\/uploads\\\/2025\\\/11\\\/android-icon-144x144-1.png\",\"contentUrl\":\"https:\\\/\\\/eventkit.ch\\\/wp-content\\\/uploads\\\/2025\\\/11\\\/android-icon-144x144-1.png\",\"width\":144,\"height\":144,\"caption\":\"EventKit\"},\"image\":{\"@id\":\"https:\\\/\\\/eventkit.ch\\\/#\\\/schema\\\/logo\\\/image\\\/\"}}]}<\/script>\n<!-- \/ Yoast SEO plugin. -->","yoast_head_json":{"title":"\u00dcber uns - EventKit","description":"Der Schweizer Verband f\u00fcr nachhaltige Events (SVNE) ist die nationale Koordinationsstelle f\u00fcr \u00c4mter und Organisationen, die sich f\u00fcr das Thema nachhaltige Veranstaltungen einsetzen. Der Verein wird von einer breiten Tr\u00e4gerschaft aus Bund, Kantonen und St\u00e4dten getragen.","robots":{"index":"index","follow":"follow","max-snippet":"max-snippet:-1","max-image-preview":"max-image-preview:large","max-video-preview":"max-video-preview:-1"},"canonical":"https:\/\/eventkit.ch\/?page_id=785","og_locale":"de_DE","og_type":"article","og_title":"\u00dcber uns - EventKit","og_description":"Der Schweizer Verband f\u00fcr nachhaltige Events (SVNE) ist die nationale Koordinationsstelle f\u00fcr \u00c4mter und Organisationen, die sich f\u00fcr das Thema nachhaltige Veranstaltungen einsetzen. Der Verein wird von einer breiten Tr\u00e4gerschaft aus Bund, Kantonen und St\u00e4dten getragen.","og_url":"https:\/\/eventkit.ch\/?page_id=785","og_site_name":"EventKit","article_modified_time":"2026-04-01T12:10:14+00:00","og_image":[{"width":2560,"height":1920,"url":"https:\/\/eventkit.ch\/wp-content\/uploads\/2026\/02\/Vorstand-1-1-edited-scaled.jpg","type":"image\/jpeg"}],"twitter_card":"summary_large_image","twitter_misc":{"Gesch\u00e4tzte Lesezeit":"6\u00a0Minuten"},"schema":{"@context":"https:\/\/schema.org","@graph":[{"@type":"WebPage","@id":"https:\/\/eventkit.ch\/?page_id=785","url":"https:\/\/eventkit.ch\/?page_id=785","name":"\u00dcber uns - EventKit","isPartOf":{"@id":"https:\/\/eventkit.ch\/#website"},"primaryImageOfPage":{"@id":"https:\/\/eventkit.ch\/?page_id=785#primaryimage"},"image":{"@id":"https:\/\/eventkit.ch\/?page_id=785#primaryimage"},"thumbnailUrl":"https:\/\/eventkit.ch\/wp-content\/uploads\/2026\/02\/Vorstand-1-1-edited-scaled.jpg","datePublished":"2025-11-19T12:36:53+00:00","dateModified":"2026-04-01T12:10:14+00:00","description":"Der Schweizer Verband f\u00fcr nachhaltige Events (SVNE) ist die nationale Koordinationsstelle f\u00fcr \u00c4mter und Organisationen, die sich f\u00fcr das Thema nachhaltige Veranstaltungen einsetzen. Der Verein wird von einer breiten Tr\u00e4gerschaft aus Bund, Kantonen und St\u00e4dten getragen.","breadcrumb":{"@id":"https:\/\/eventkit.ch\/?page_id=785#breadcrumb"},"inLanguage":"de","potentialAction":[{"@type":"ReadAction","target":["https:\/\/eventkit.ch\/?page_id=785"]}]},{"@type":"ImageObject","inLanguage":"de","@id":"https:\/\/eventkit.ch\/?page_id=785#primaryimage","url":"https:\/\/eventkit.ch\/wp-content\/uploads\/2026\/02\/Vorstand-1-1-edited-scaled.jpg","contentUrl":"https:\/\/eventkit.ch\/wp-content\/uploads\/2026\/02\/Vorstand-1-1-edited-scaled.jpg","width":2560,"height":1920},{"@type":"BreadcrumbList","@id":"https:\/\/eventkit.ch\/?page_id=785#breadcrumb","itemListElement":[{"@type":"ListItem","position":1,"name":"Home","item":"https:\/\/eventkit.ch\/"},{"@type":"ListItem","position":2,"name":"\u00dcber uns"}]},{"@type":"WebSite","@id":"https:\/\/eventkit.ch\/#website","url":"https:\/\/eventkit.ch\/","name":"EventKit","description":"Nachhaltigkeit, die wirkt: Dein Event im Check.","publisher":{"@id":"https:\/\/eventkit.ch\/#organization"},"potentialAction":[{"@type":"SearchAction","target":{"@type":"EntryPoint","urlTemplate":"https:\/\/eventkit.ch\/?s={search_term_string}"},"query-input":{"@type":"PropertyValueSpecification","valueRequired":true,"valueName":"search_term_string"}}],"inLanguage":"de"},{"@type":"Organization","@id":"https:\/\/eventkit.ch\/#organization","name":"EventKit","url":"https:\/\/eventkit.ch\/","logo":{"@type":"ImageObject","inLanguage":"de","@id":"https:\/\/eventkit.ch\/#\/schema\/logo\/image\/","url":"https:\/\/eventkit.ch\/wp-content\/uploads\/2025\/11\/android-icon-144x144-1.png","contentUrl":"https:\/\/eventkit.ch\/wp-content\/uploads\/2025\/11\/android-icon-144x144-1.png","width":144,"height":144,"caption":"EventKit"},"image":{"@id":"https:\/\/eventkit.ch\/#\/schema\/logo\/image\/"}}]}},"_links":{"self":[{"href":"https:\/\/eventkit.ch\/index.php?rest_route=\/wp\/v2\/pages\/785","targetHints":{"allow":["GET"]}}],"collection":[{"href":"https:\/\/eventkit.ch\/index.php?rest_route=\/wp\/v2\/pages"}],"about":[{"href":"https:\/\/eventkit.ch\/index.php?rest_route=\/wp\/v2\/types\/page"}],"author":[{"embeddable":true,"href":"https:\/\/eventkit.ch\/index.php?rest_route=\/wp\/v2\/users\/1"}],"replies":[{"embeddable":true,"href":"https:\/\/eventkit.ch\/index.php?rest_route=%2Fwp%2Fv2%2Fcomments&post=785"}],"version-history":[{"count":90,"href":"https:\/\/eventkit.ch\/index.php?rest_route=\/wp\/v2\/pages\/785\/revisions"}],"predecessor-version":[{"id":3757,"href":"https:\/\/eventkit.ch\/index.php?rest_route=\/wp\/v2\/pages\/785\/revisions\/3757"}],"wp:attachment":[{"href":"https:\/\/eventkit.ch\/index.php?rest_route=%2Fwp%2Fv2%2Fmedia&parent=785"}],"curies":[{"name":"wp","href":"https:\/\/api.w.org\/{rel}","templated":true}]}}